{"id":2001655,"date":"2006-04-14T16:55:47","date_gmt":"2006-04-14T16:55:47","guid":{"rendered":"http:\/\/romfilatelia.ro\/store\/2006\/04\/14\/lalele\/"},"modified":"2021-01-19T20:21:00","modified_gmt":"2021-01-19T18:21:00","slug":"lalele","status":"publish","type":"product","link":"https:\/\/romfilatelia.ro\/magazin\/produs\/colectii-anuale\/2006\/lalele\/","title":{"rendered":"Lalele"},"content":{"rendered":"<p><a href=\"https:\/\/romfilatelia.ro\/magazin\/wp-content\/uploads\/2006\/04\/lalele008.jpg\"><img decoding=\"async\" loading=\"lazy\" class=\"size-medium wp-image-2004971 alignleft\" src=\"https:\/\/romfilatelia.ro\/magazin\/wp-content\/uploads\/2006\/04\/lalele008-292x300.jpg\" alt=\"lalele008\" width=\"292\" height=\"300\" srcset=\"https:\/\/romfilatelia.ro\/magazin\/wp-content\/uploads\/2006\/04\/lalele008-292x300.jpg 292w, https:\/\/romfilatelia.ro\/magazin\/wp-content\/uploads\/2006\/04\/lalele008-64x66.jpg 64w, https:\/\/romfilatelia.ro\/magazin\/wp-content\/uploads\/2006\/04\/lalele008-390x400.jpg 390w, https:\/\/romfilatelia.ro\/magazin\/wp-content\/uploads\/2006\/04\/lalele008-53x53.jpg 53w, https:\/\/romfilatelia.ro\/magazin\/wp-content\/uploads\/2006\/04\/lalele008.jpg 487w\" sizes=\"(max-width: 292px) 100vw, 292px\" \/><\/a>Romfilatelia pune \u00een circula\u0163ie emisiunea de timbre Lalele.<br \/>\nElegant\u00e3 \u015fi cu numeroase variet\u00e3\u0163i multicolore, laleaua (Tulipa gesneriana), ne \u00eenc\u00e2nt\u00e3 \u00een fiecare prim\u00e3var\u00e3 cu florile sale, care dau parcurilor \u015fi gr\u00e3dinilor unRomfilatelia pune \u00een circula\u0163ie emisiunea de timbre Lalele.<br \/>\nElegant\u00e3 \u015fi cu numeroase variet\u00e3\u0163i multicolore, laleaua (Tulipa gesneriana), ne \u00eenc\u00e2nt\u00e3 \u00een fiecare prim\u00e3var\u00e3 cu florile sale, care dau parcurilor \u015fi gr\u00e3dinilor un farmec deosebit. Foarte populara lalea cre\u015fte dintr-un bulb acoperit cu o tunic\u00e3 protectoare de culoare maronie. \u00cen fiecare an, din bulbul ini\u0163ial, apar al\u0163i c\u00e2\u0163iva, care ajut\u00e3 la re\u00eennoirea culturii \u015fi permit \u00eenmul\u0163irea lalelelor ce se reg\u00e3sesc ca plante decorative \u00een gr\u00e3dini \u015fi jardiniere. Din mugurii afla\u0163i pe discul bulbului pornesc tulpinile aeriene care au flori \u00een v\u00e2rf \u015fi frunze de culoare verde-alb\u00e3strui, cu forma alungit\u00e3 \u015fi l\u00e3\u021bit\u00e3 spre baz\u00e3. \u00cen\u00e3l\u0163imea tulpinilor, forma \u015fi culoarea florilor, precum \u015fi perioada maxim\u00e3 de dezvoltare variaz\u00e3 \u00een func\u0163ie de soi. Din multitudinea de forme \u015fi culori, se remarc\u00e3 \u00een mod deosebit lalelele bicolore cu petale franjurate ori cele care se aseam\u00e3n\u00e3 cu florile de nuf\u00e3r sau crin.<br \/>\nLaleaua este originar\u00e3 din Orientul Apropiat, din zona montan\u00e3 a Asiei Mici, \u00eens\u00e3 poate fi \u00eent\u00e2lnit\u00e3 \u015fi \u00een diverse regiuni ale Chinei \u015fi Japoniei.<br \/>\n\u201eTulipa\u201c &#8211; numele \u015ftiin\u021bific al lalelei, provine din limba turc\u00e3, dat\u00e3 fiind asem\u00e3narea dintre cupa floral\u00e3 a lalelei \u015fi tradi\u0163ionalul turban. Pe multe covoare orientale, pe ceramic\u00e3 dar \u015fi pe podoabe, apare imaginea lalelei.<br \/>\n\u00cen Olanda secolului al XVII-lea, bulbii de lalea se utilizau ca moned\u00e3 de schimb, valor\u00e2nd greutatea lor \u00een aur, iar de\u0163inerea lor era socotit\u00e3 un semn de bog\u00e3\u0163ie.<br \/>\n\u00cen Rom\u00e2nia, prezen\u0163a lalelei dateaz\u00e3 din jurul anilor 1790, c\u00e2nd s-au amenajat primele gr\u00e3dini decorative. Ast\u00e3zi, cel mai cunoscut loc din \u0163ar\u00e3 unde exist\u00e3 o s\u00e3rb\u00e3toare dedicat\u00e3 acestei flori, este Pite\u015ftiul, cu at\u00e2t de cunoscuta \u201eSimfonie a lalelelor\u201c, ce se desf\u00e3\u015foar\u00e3 de la \u00eenceputul anilor \u201970, la fiecare sf\u00e2r\u015fit de aprilie.<br \/>\nEmisiunea de timbre ilustreaz\u00e3 urm\u00e3toarele soiuri de lalele:<br \/>\n&#8211; Cardinal &#8211; pe timbrul cu valoarea nominal\u00e3 de 1 leu<br \/>\n&#8211; Don Quijote &#8211; pe timbrul cu valoarea nominal\u00e3 de 3,60 lei<br \/>\n&#8211; Donna Bella &#8211; pe timbrul cu valoarea nominal\u00e3 de 2,10 lei<br \/>\n&#8211; Turkestanica &#8211; pe timbrul cu valoarea nominal\u00e3 de 30 bani<br \/>\n&#8211; Yellow Empress &#8211; pe timbrul cu valoarea nominal\u00e3 de 1,50 lei<br \/>\n&#8211; Ice Folies &#8211; pe timbrul cu valoarea nominal\u00e3 de 50 bani.<\/p>\n<p>Data Aparitie:2006-04-14<\/p>\n<p><a href=\"https:\/\/romfilatelia.ro\/magazin\/wp-content\/uploads\/2006\/04\/lalelerom.jpg\"><img decoding=\"async\" loading=\"lazy\" class=\"aligncenter wp-image-2004970 size-full\" src=\"https:\/\/romfilatelia.ro\/magazin\/wp-content\/uploads\/2006\/04\/lalelerom.jpg\" alt=\"lalelerom\" width=\"328\" height=\"386\" srcset=\"https:\/\/romfilatelia.ro\/magazin\/wp-content\/uploads\/2006\/04\/lalelerom.jpg 328w, https:\/\/romfilatelia.ro\/magazin\/wp-content\/uploads\/2006\/04\/lalelerom-64x75.jpg 64w, https:\/\/romfilatelia.ro\/magazin\/wp-content\/uploads\/2006\/04\/lalelerom-255x300.jpg 255w\" sizes=\"(max-width: 328px) 100vw, 328px\" \/><\/a><\/p>\n","protected":false},"excerpt":{"rendered":"<p>Romfilatelia pune \u00een circula\u0163ie emisiunea de timbre Lalele. Elegant\u00e3 \u015fi cu numeroase variet\u00e3\u0163i multicolore, laleaua (Tulipa gesneriana), ne \u00eenc\u00e2nt\u00e3 \u00een fiecare prim\u00e3var\u00e3 cu florile sale, care dau parcurilor \u015fi gr\u00e3dinilor unRomfilatelia pune \u00een circula\u0163ie emisiunea de timbre Lalele. Elegant\u00e3 \u015fi cu numeroase variet\u00e3\u0163i multicolore, laleaua (Tulipa gesneriana), ne \u00eenc\u00e2nt\u00e3 \u00een fiecare prim\u00e3var\u00e3 cu florile sale,&hellip;&nbsp;<a href=\"https:\/\/romfilatelia.ro\/magazin\/produs\/colectii-anuale\/2006\/lalele\/\" class=\"\" rel=\"bookmark\">Cite\u0219te mai mult &raquo;<span class=\"screen-reader-text\">Lalele<\/span><\/a><\/p>\n","protected":false},"featured_media":2004971,"template":"","meta":{"neve_meta_sidebar":"","neve_meta_container":"","neve_meta_enable_content_width":"","neve_meta_content_width":0,"neve_meta_title_alignment":"","neve_meta_author_avatar":"","neve_post_elements_order":"","neve_meta_disable_header":"","neve_meta_disable_footer":"","neve_meta_disable_title":""},"product_cat":[112,6],"product_tag":[170],"_links":{"self":[{"href":"https:\/\/romfilatelia.ro\/magazin\/wp-json\/wp\/v2\/product\/2001655"}],"collection":[{"href":"https:\/\/romfilatelia.ro\/magazin\/wp-json\/wp\/v2\/product"}],"about":[{"href":"https:\/\/romfilatelia.ro\/magazin\/wp-json\/wp\/v2\/types\/product"}],"wp:featuredmedia":[{"embeddable":true,"href":"https:\/\/romfilatelia.ro\/magazin\/wp-json\/wp\/v2\/media\/2004971"}],"wp:attachment":[{"href":"https:\/\/romfilatelia.ro\/magazin\/wp-json\/wp\/v2\/media?parent=2001655"}],"wp:term":[{"taxonomy":"product_cat","embeddable":true,"href":"https:\/\/romfilatelia.ro\/magazin\/wp-json\/wp\/v2\/product_cat?post=2001655"},{"taxonomy":"product_tag","embeddable":true,"href":"https:\/\/romfilatelia.ro\/magazin\/wp-json\/wp\/v2\/product_tag?post=2001655"}],"curies":[{"name":"wp","href":"https:\/\/api.w.org\/{rel}","templated":true}]}}