{"id":2001649,"date":"2006-02-01T16:15:49","date_gmt":"2006-02-01T16:15:49","guid":{"rendered":"http:\/\/romfilatelia.ro\/store\/2006\/02\/01\/jocurile-olimpice-de-iarna-torino-2006\/"},"modified":"2021-01-19T20:21:00","modified_gmt":"2021-01-19T18:21:00","slug":"jocurile-olimpice-de-iarna-torino-2006","status":"publish","type":"product","link":"https:\/\/romfilatelia.ro\/magazin\/produs\/colectii-anuale\/2006\/jocurile-olimpice-de-iarna-torino-2006\/","title":{"rendered":"Jocurile Olimpice de Iarn\u0103 &#8211; Torino 2006"},"content":{"rendered":"<p><a href=\"https:\/\/romfilatelia.ro\/magazin\/wp-content\/uploads\/2006\/01\/bloctorino2006.jpg\"><img decoding=\"async\" loading=\"lazy\" class=\"size-medium wp-image-2004951 alignleft\" src=\"https:\/\/romfilatelia.ro\/magazin\/wp-content\/uploads\/2006\/01\/bloctorino2006-300x225.jpg\" alt=\"bloctorino2006\" width=\"300\" height=\"225\" srcset=\"https:\/\/romfilatelia.ro\/magazin\/wp-content\/uploads\/2006\/01\/bloctorino2006-300x225.jpg 300w, https:\/\/romfilatelia.ro\/magazin\/wp-content\/uploads\/2006\/01\/bloctorino2006-64x48.jpg 64w, https:\/\/romfilatelia.ro\/magazin\/wp-content\/uploads\/2006\/01\/bloctorino2006-400x300.jpg 400w, https:\/\/romfilatelia.ro\/magazin\/wp-content\/uploads\/2006\/01\/bloctorino2006-380x285.jpg 380w, https:\/\/romfilatelia.ro\/magazin\/wp-content\/uploads\/2006\/01\/bloctorino2006-285x214.jpg 285w, https:\/\/romfilatelia.ro\/magazin\/wp-content\/uploads\/2006\/01\/bloctorino2006.jpg 500w\" sizes=\"(max-width: 300px) 100vw, 300px\" \/><\/a>Cu ocazia desf\u0103\u0219ur\u0103rii Jocurilor Olimpice de iarn\u0103 de la Torino, Romfilatelia introduce \u00een circuitul po\u0219tal emisiunea de timbre Jocurile Olimpice de iarn\u0103 &#8211; Torino 2006, prilej de satisfac\u021bie nu numai Cu ocazia desf\u0103\u0219ur\u0103rii Jocurilor Olimpice de iarn\u0103 de la Torino, Romfilatelia introduce \u00een circuitul po\u0219tal emisiunea de timbre Jocurile Olimpice de iarn\u0103 &#8211; Torino 2006, prilej de satisfac\u021bie nu numai pentru filateli\u0219ti, ci \u0219i pentru iubitorii sporturilor albe.<br \/>\nEste pentru a treia oar\u0103 c\u00e2nd Italia g\u0103zduie\u0219te o edi\u021bie a Jocurilor Olimpice; anterior, ea a organizat J.O. de iarn\u0103 din 1956 \u0219i pe cele de var\u0103 din 1960.<br \/>\nAprins\u0103 \u00een luna noiembrie, \u00een Grecia, pe muntele Olimp, tor\u021ba olimpic\u0103 supranumit\u0103 \u201eFlac\u0103ra p\u0103cii\u201c, purtat\u0103 pe teritoriul elen de 534 de alerg\u0103tori, a ajuns \u00een Italia, pe 7 decembrie.<br \/>\nTimp de 64 de zile, aproximativ 10 mii de persoane au purtat tor\u021ba, de la Roma p\u00e2n\u0103 \u00een sudul Italiei, \u00eentorc\u00e2ndu-se apoi \u00een nordul \u021b\u0103rii. Traseul total este de aproximativ 11 mii de kilometri.<br \/>\nPrimul italian care a avut onoarea s\u0103 poarte flac\u0103ra olimpic\u0103 pe p\u0103m\u00e2ntul Italiei a fost Stefano Baldini, c\u00e2\u0219tig\u0103torul probei de maraton de la Jocurile Olimpice de la Atena, din 2004.<br \/>\nPrintre purt\u0103torii acestei tor\u021be s-a num\u0103rat \u0219i multipla campioan\u0103 olimpic\u0103, Elisabeta Lip\u0103. Celebra sportiv\u0103 rom\u00e2nc\u0103 a alergat pe str\u0103zile Romei, cu tor\u021ba olimpic\u0103, pe data de 9 decembrie 2005.<br \/>\nPurtarea tor\u021bei olimpice simbolizeaz\u0103, al\u0103turi de dinamismul \u00eentrecerilor sportive, r\u0103sp\u00e2ndirea p\u0103cii \u0219i prieteniei \u00een r\u00e2ndul diferitelor popoare \u0219i na\u021biuni ale lumii.<br \/>\nDeviza sub care se desf\u0103\u0219oar\u0103 \u00eentrecerile sportive, \u201eCitius, Altius, Fortius\u201c (Mai repede, Mai sus, Mai puternic), exprim\u0103 esen\u021ba \u0219i spiritul Jocurilor Olimpice.<br \/>\nRom\u00e2nia particip\u0103 la Jocurile Olimpice de la Torino cu cea mai numeroas\u0103 delega\u021bie sportiv\u0103 din istoria prezen\u021bei sale la edi\u021biile de iarn\u0103.<br \/>\n\u00cen seara de 10 februarie, pe stadionul olimpic din Torino, cu tor\u021ba pornit\u0103 din Grecia, se va aprinde flac\u0103ra celei de-a XX-a edi\u021bii a Olimpiadei Albe, care va arde p\u00e2n\u0103 \u00een ziua de 26 februarie, ziua \u00eenchiderii Jocurilor Olimpice de iarn\u0103 de la Torino, din 2006.<br \/>\n\u00cembin\u00e2nd armonios leg\u0103tura dintre arta grafic\u0103 \u0219i frumuse\u021bea sporturilor albe, timbrele acestei emisiuni se doresc a fi o transcriere artistic\u0103 a esen\u021bei \u0219i spiritului Jocurilor Olimpice dar, totodat\u0103, \u0219i o trimitere, desigur metaforic\u0103, la \u021bara organizatoare a Olimpiadei Albe &#8211; Italia.<br \/>\nCele patru timbre, care au aceea\u0219i valoare nominal\u0103, realizate \u00eentr-un singur bloc, ilustreaz\u0103 probe ale sporturilor de iarn\u0103 la care vor concura \u0219i sportivi rom\u00e2ni: bob, patinaj artistic, biatlon \u0219i schi alpin.<br \/>\nImaginea de fundal o prezint\u0103 pe \u201esportiva de aur\u201c a Rom\u00e2niei, Elisabeta Lip\u0103, purt\u00e2nd tor\u021ba olimpic\u0103.<\/p>\n<p>Data Aparitie:2006-02-01<\/p>\n","protected":false},"excerpt":{"rendered":"<p>Cu ocazia desf\u0103\u0219ur\u0103rii Jocurilor Olimpice de iarn\u0103 de la Torino, Romfilatelia introduce \u00een circuitul po\u0219tal emisiunea de timbre Jocurile Olimpice de iarn\u0103 &#8211; Torino 2006, prilej de satisfac\u021bie nu numai Cu ocazia desf\u0103\u0219ur\u0103rii Jocurilor Olimpice de iarn\u0103 de la Torino, Romfilatelia introduce \u00een circuitul po\u0219tal emisiunea de timbre Jocurile Olimpice de iarn\u0103 &#8211; Torino 2006,&hellip;&nbsp;<a href=\"https:\/\/romfilatelia.ro\/magazin\/produs\/colectii-anuale\/2006\/jocurile-olimpice-de-iarna-torino-2006\/\" class=\"\" rel=\"bookmark\">Cite\u0219te mai mult &raquo;<span class=\"screen-reader-text\">Jocurile Olimpice de Iarn\u0103 &#8211; Torino 2006<\/span><\/a><\/p>\n","protected":false},"featured_media":2004951,"template":"","meta":{"neve_meta_sidebar":"","neve_meta_container":"","neve_meta_enable_content_width":"","neve_meta_content_width":0,"neve_meta_title_alignment":"","neve_meta_author_avatar":"","neve_post_elements_order":"","neve_meta_disable_header":"","neve_meta_disable_footer":"","neve_meta_disable_title":""},"product_cat":[112,6],"product_tag":[170],"_links":{"self":[{"href":"https:\/\/romfilatelia.ro\/magazin\/wp-json\/wp\/v2\/product\/2001649"}],"collection":[{"href":"https:\/\/romfilatelia.ro\/magazin\/wp-json\/wp\/v2\/product"}],"about":[{"href":"https:\/\/romfilatelia.ro\/magazin\/wp-json\/wp\/v2\/types\/product"}],"wp:featuredmedia":[{"embeddable":true,"href":"https:\/\/romfilatelia.ro\/magazin\/wp-json\/wp\/v2\/media\/2004951"}],"wp:attachment":[{"href":"https:\/\/romfilatelia.ro\/magazin\/wp-json\/wp\/v2\/media?parent=2001649"}],"wp:term":[{"taxonomy":"product_cat","embeddable":true,"href":"https:\/\/romfilatelia.ro\/magazin\/wp-json\/wp\/v2\/product_cat?post=2001649"},{"taxonomy":"product_tag","embeddable":true,"href":"https:\/\/romfilatelia.ro\/magazin\/wp-json\/wp\/v2\/product_tag?post=2001649"}],"curies":[{"name":"wp","href":"https:\/\/api.w.org\/{rel}","templated":true}]}}