{"id":2001644,"date":"2005-12-02T15:13:56","date_gmt":"2005-12-02T15:13:56","guid":{"rendered":"http:\/\/romfilatelia.ro\/store\/2005\/12\/02\/craciun-2005\/"},"modified":"2021-01-19T20:21:01","modified_gmt":"2021-01-19T18:21:01","slug":"craciun-2005","status":"publish","type":"product","link":"https:\/\/romfilatelia.ro\/magazin\/produs\/colectii-anuale\/2005\/craciun-2005\/","title":{"rendered":"Cr\u0103ciun 2005"},"content":{"rendered":"<p><a href=\"https:\/\/romfilatelia.ro\/magazin\/wp-content\/uploads\/2005\/12\/bloccraciun2005.jpg\"><img decoding=\"async\" loading=\"lazy\" class=\"size-medium wp-image-2005187 alignleft\" src=\"https:\/\/romfilatelia.ro\/magazin\/wp-content\/uploads\/2005\/12\/bloccraciun2005-260x300.jpg\" alt=\"bloccraciun2005\" width=\"260\" height=\"300\" srcset=\"https:\/\/romfilatelia.ro\/magazin\/wp-content\/uploads\/2005\/12\/bloccraciun2005-260x300.jpg 260w, https:\/\/romfilatelia.ro\/magazin\/wp-content\/uploads\/2005\/12\/bloccraciun2005-64x74.jpg 64w, https:\/\/romfilatelia.ro\/magazin\/wp-content\/uploads\/2005\/12\/bloccraciun2005-347x400.jpg 347w, https:\/\/romfilatelia.ro\/magazin\/wp-content\/uploads\/2005\/12\/bloccraciun2005.jpg 390w\" sizes=\"(max-width: 260px) 100vw, 260px\" \/><\/a>Drag\u0103 iubitor al timbrelor,<\/p>\n<p>al acestor mici opere de art\u0103, iat\u0103 c\u0103 a mai trecut un an \u0219i a venit timpul ca iarna s\u0103 se a\u0219tearn\u0103 iar peste \u021bar\u0103.<br \/>\nNe apropiem de Cr\u0103ciun, de Anul Nou \u0219i, a\u0219a cum este \u0219i firesc, a venit clipa c\u00e2nd trebuie s\u0103 tragem linie \u0219i s\u0103 facem bilan\u021bul anului ce tocmai se \u00eencheie.<br \/>\nSuntem convin\u0219i c\u0103, prin tot ceea ce am realizat \u00een cursul acestui an, am fost aproape de gustul \u0219i de preferin\u021bele tale&#8230;<br \/>\nNe-am g\u00e2ndit la copii, pentru ca ei s\u0103 cunoasc\u0103 mari Personalit\u0103\u021bi ale \u021b\u0103rii \u0219i ale lumii, i-am dus \u00een preistorie s\u0103 \u00eent\u00e2lneasc\u0103 Dinozauri din \u021aara Ha\u021begului, pentru a-i \u00eentoarce apoi \u00een lumea de vis a lui Jules Verne.<br \/>\nAm fost al\u0103turi de biserica sor\u0103 cre\u0219tin\u0103,Biserica Catolic\u0103, \u00een momentele grele prin care a trecut (In Memoriam Sanctitatea Sa Papa Ioan Paul al II-lea), dar ne-am \u0219i bucurat pentru alegerea Noului Pap\u0103 (\u00cenceputul unui nou pontificat &#8211; Sanctitatea Sa Papa Benedict al XVI-lea).<br \/>\nAm \u00eentins o m\u00e2n\u0103 semenilor no\u0219tri, grav afecta\u021bi de catastrofalele inunda\u021bii din acest an, le-am d\u0103ruit Curcubeul Speran\u021bei \u0219i le-am trimis Mesagerul Speran\u021bei.<br \/>\nIubitorii de animale de orice fel nu au fost uita\u021bi \u0219i, sper\u0103m noi, s-au bucurat de emisiunile Pe\u0219ti exotici, Columbofilie sau C\u00e2ini de v\u00e2n\u0103toare.<br \/>\nAm dat o rait\u0103 prin viile pline cu struguri, pentru a ne ocupa de Viticultur\u0103, iar apoi am luat masa \u00eempreun\u0103 cu \u00eentreaga Europ\u0103 &#8211; Gastronomie.<br \/>\nAm s\u0103rb\u0103torit \u00eempreun\u0103 Ziua m\u0103rcii po\u0219tale rom\u00e2ne\u0219ti, admir\u00e2nd Nave militare rom\u00e2ne\u0219ti.<br \/>\nAm redescoperit lumea al\u0103turi de Cristofor Columb (50 de ani de la primele emisiuni Europa ).<br \/>\nAm participat la Semnarea Tratatului de Aderare a Rom\u00e2niei la UE \u0219i am s\u0103rb\u0103torit la Paris \u00eemplinirea a 60 de ani &#8211; UNESCO, dar am tr\u0103it \u0219i Evenimente ONU.<br \/>\nAm fost al\u0103turi de institu\u021biile de cultur\u0103 ale \u021b\u0103rii la momente aniversare: Muzeul Na\u021bional Filatelic &#8211; un an de existen\u021b\u0103 \u0219i Biblioteca Central\u0103 Universitar\u0103 (fosta Funda\u021bie Universitar\u0103 Carol I) &#8211; 110 ani de la inaugurare, dar \u0219i aproape de Arti\u0219ti rom\u00e2ni contemporani.<br \/>\nPrin grafica \u0219i modul de prezentare a acestor emisiuni, am realizat nenum\u0103rate premiere na\u021bionale \u00een domeniul filatelic \u0219i am adus satisfac\u021bii numero\u0219ilor iubitori de cultur\u0103.<br \/>\nAcum, \u00een momentele \u00eencheierii bilan\u021bului pe acest an, ne dorim ca pentru anul viitor s\u0103 v\u0103 oferim mai multe clipe de bucurie \u0219i satisfac\u021bie.<br \/>\nCu ocazia S\u0103rb\u0103torilor de iarn\u0103, v\u0103 transmitem ur\u0103rile noastre de bine \u0219i v\u0103 oferim ca dar emisiunea filatelic\u0103 Cr\u0103ciun 2005.<\/p>\n<p>Un sincer LA MUL\u021aI ANI! din partea echipei Romfilatelia<\/p>\n<p>P.S. Emisiunea filatelic\u0103 este compus\u0103 din trei timbre cu aceea\u0219i valoare nominal\u0103 (50 Bani) care formeaz\u0103 un triptic ce reune\u0219te trei icoane vechi cu subiectele: Buna Vestire, Fecioara cu Pruncul Iisus, apar\u021bin\u00e2nd Colec\u021biei de art\u0103 veche bisericeasc\u0103 a Arhiepiscopiei Timi\u0219oarei \u0219i, respectiv, Na\u0219terea Domnului, din colec\u021bia Muzeului \u021a\u0103ranului Rom\u00e2n.<\/p>\n<p>Data Aparitie:2005-12-02<\/p>\n","protected":false},"excerpt":{"rendered":"<p>Drag\u0103 iubitor al timbrelor, al acestor mici opere de art\u0103, iat\u0103 c\u0103 a mai trecut un an \u0219i a venit timpul ca iarna s\u0103 se a\u0219tearn\u0103 iar peste \u021bar\u0103. Ne apropiem de Cr\u0103ciun, de Anul Nou \u0219i, a\u0219a cum este \u0219i firesc, a venit clipa c\u00e2nd trebuie s\u0103 tragem linie \u0219i s\u0103 facem bilan\u021bul anului&hellip;&nbsp;<a href=\"https:\/\/romfilatelia.ro\/magazin\/produs\/colectii-anuale\/2005\/craciun-2005\/\" class=\"\" rel=\"bookmark\">Cite\u0219te mai mult &raquo;<span class=\"screen-reader-text\">Cr\u0103ciun 2005<\/span><\/a><\/p>\n","protected":false},"featured_media":2005187,"template":"","meta":{"neve_meta_sidebar":"","neve_meta_container":"","neve_meta_enable_content_width":"","neve_meta_content_width":0,"neve_meta_title_alignment":"","neve_meta_author_avatar":"","neve_post_elements_order":"","neve_meta_disable_header":"","neve_meta_disable_footer":"","neve_meta_disable_title":""},"product_cat":[113,6],"product_tag":[170],"_links":{"self":[{"href":"https:\/\/romfilatelia.ro\/magazin\/wp-json\/wp\/v2\/product\/2001644"}],"collection":[{"href":"https:\/\/romfilatelia.ro\/magazin\/wp-json\/wp\/v2\/product"}],"about":[{"href":"https:\/\/romfilatelia.ro\/magazin\/wp-json\/wp\/v2\/types\/product"}],"wp:featuredmedia":[{"embeddable":true,"href":"https:\/\/romfilatelia.ro\/magazin\/wp-json\/wp\/v2\/media\/2005187"}],"wp:attachment":[{"href":"https:\/\/romfilatelia.ro\/magazin\/wp-json\/wp\/v2\/media?parent=2001644"}],"wp:term":[{"taxonomy":"product_cat","embeddable":true,"href":"https:\/\/romfilatelia.ro\/magazin\/wp-json\/wp\/v2\/product_cat?post=2001644"},{"taxonomy":"product_tag","embeddable":true,"href":"https:\/\/romfilatelia.ro\/magazin\/wp-json\/wp\/v2\/product_tag?post=2001644"}],"curies":[{"name":"wp","href":"https:\/\/api.w.org\/{rel}","templated":true}]}}