{"id":2001643,"date":"2005-11-24T15:13:20","date_gmt":"2005-11-24T15:13:20","guid":{"rendered":"http:\/\/romfilatelia.ro\/store\/2005\/11\/24\/ceramica-romaneasca-iii\/"},"modified":"2021-01-19T20:21:01","modified_gmt":"2021-01-19T18:21:01","slug":"ceramica-romaneasca-iii","status":"publish","type":"product","link":"https:\/\/romfilatelia.ro\/magazin\/produs\/colectii-anuale\/2005\/ceramica-romaneasca-iii\/","title":{"rendered":"Ceramica Rom\u00e2neasc\u0103 III"},"content":{"rendered":"<p><a href=\"https:\/\/romfilatelia.ro\/magazin\/wp-content\/uploads\/2005\/11\/timbreceramicaromaneascaIII.jpg\"><img decoding=\"async\" loading=\"lazy\" class=\"size-medium wp-image-2005195 alignleft\" src=\"https:\/\/romfilatelia.ro\/magazin\/wp-content\/uploads\/2005\/11\/timbreceramicaromaneascaIII-300x191.jpg\" alt=\"timbreceramicaromaneascaIII\" width=\"300\" height=\"191\" srcset=\"https:\/\/romfilatelia.ro\/magazin\/wp-content\/uploads\/2005\/11\/timbreceramicaromaneascaIII-300x191.jpg 300w, https:\/\/romfilatelia.ro\/magazin\/wp-content\/uploads\/2005\/11\/timbreceramicaromaneascaIII-500x318.jpg 500w, https:\/\/romfilatelia.ro\/magazin\/wp-content\/uploads\/2005\/11\/timbreceramicaromaneascaIII-64x41.jpg 64w, https:\/\/romfilatelia.ro\/magazin\/wp-content\/uploads\/2005\/11\/timbreceramicaromaneascaIII.jpg 678w\" sizes=\"(max-width: 300px) 100vw, 300px\" \/><\/a>Romfilatelia a introdus \u00een circuitul po\u0219tal o serie de timbre uzuale ce reprezint\u0103 obiecte de ceramic\u0103 rom\u00e2neasc\u0103.<br \/>\nOl\u0103ritul este unul dintre cele mai vechi me\u0219te\u0219uguri din lume. \u00cenc\u0103 din timpuri str\u0103vechi, el a simbolizat tot ce era legat de via\u021ba spiritual\u0103.<br \/>\nDe-a lungul timpului, ol\u0103ritul a evoluat \u00een cadrul societ\u0103\u021bilor ce aveau un model sacralizat al lumii, arta realiz\u0103rii vaselor ceramice fiind, \u00een general, transmis\u0103 din tat\u0103 \u00een fiu, de mii de genera\u021bii.<br \/>\nMe\u0219te\u0219ugul ol\u0103ritului pe teritoriul Rom\u00e2niei dateaz\u0103 aproximativ din mileniul al VI-lea \u00ee.Hr.<br \/>\nPrin form\u0103, propor\u021bii, decor \u0219i cromatic\u0103, ulcioarele reprezint\u0103 inventivitatea tehnic\u0103 \u0219i inspira\u021bia olarilor care au adaptat influen\u021bele greco-romane \u0219i, mai t\u00e2rziu, ale popula\u021biilor migratoare, dar au p\u0103strat specificul arealului rom\u00e2nesc.<br \/>\nSimbolurile folosite sunt cele solare, cum ar fi capul de berbec stilizat sau calul \u00eenaripat, iar \u0219arpele reprezentat \u00een spiral\u0103 este simbolul evolu\u021biei cosmice pozitive.<br \/>\nObiectele de ceramic\u0103 au \u00eenso\u021bit comunit\u0103\u021bile umane de-a lungul mileniilor, fiind prezentate la toate manifest\u0103rile de spiritualitate ale poporului rom\u00e2n.<br \/>\nCeramica, \u00een ansamblul ei, prin formele \u0219i simbolurile reproduse, reprezint\u0103 o deschidere \u0219i o invita\u021bie sufleteasc\u0103 spre orizonturile mistice ale culturii ancestrale.<br \/>\nTimbrul cu valoarea nominal\u0103 de 30 bani prezint\u0103 ceramic\u0103 din Leheceni, Bihor.<br \/>\nTimbrul cu valoarea nominal\u0103 de 50 bani \u00eenf\u0103\u021bi\u0219eaz\u0103 ceramic\u0103 din Vl\u0103de\u0219ti, V\u00e2lcea.<br \/>\nTimbrul cu valoarea nominal\u0103 de 1 leu reprezint\u0103 un ulcior de nunt\u0103 din Curtea de Arge\u0219, Arge\u0219.<br \/>\nTimbrul cu valoarea nominal\u0103 de 1,20 lei ilustreaz\u0103 un vas din ceramic\u0103 din zona Vama, Satu Mare.<br \/>\nTimbrul cu valoarea nominal\u0103 de 2,20 lei prezint\u0103 o ceramic\u0103 din zona B\u00e2rsa, Arad.<br \/>\nTimbrul cu valoarea nominal\u0103 de 2,50 lei pune \u00een valoare ceramica din Corund, Harghita.<br \/>\nTimbrul cu valoarea nominal\u0103 de 14,50 lei \u00eenf\u0103\u021bi\u0219eaz\u0103 un ulcior din Valea Izei, Maramure\u0219.<br \/>\nSplendidele vase ceramice reproduse pe timbre fac parte din colec\u021bia Muzeului \u021a\u0103ranului Rom\u00e2n.<\/p>\n<p>Data Aparitie:2005-11-24<\/p>\n","protected":false},"excerpt":{"rendered":"<p>Romfilatelia a introdus \u00een circuitul po\u0219tal o serie de timbre uzuale ce reprezint\u0103 obiecte de ceramic\u0103 rom\u00e2neasc\u0103. Ol\u0103ritul este unul dintre cele mai vechi me\u0219te\u0219uguri din lume. \u00cenc\u0103 din timpuri str\u0103vechi, el a simbolizat tot ce era legat de via\u021ba spiritual\u0103. De-a lungul timpului, ol\u0103ritul a evoluat \u00een cadrul societ\u0103\u021bilor ce aveau un model sacralizat&hellip;&nbsp;<a href=\"https:\/\/romfilatelia.ro\/magazin\/produs\/colectii-anuale\/2005\/ceramica-romaneasca-iii\/\" class=\"\" rel=\"bookmark\">Cite\u0219te mai mult &raquo;<span class=\"screen-reader-text\">Ceramica Rom\u00e2neasc\u0103 III<\/span><\/a><\/p>\n","protected":false},"featured_media":2005195,"template":"","meta":{"neve_meta_sidebar":"","neve_meta_container":"","neve_meta_enable_content_width":"","neve_meta_content_width":0,"neve_meta_title_alignment":"","neve_meta_author_avatar":"","neve_post_elements_order":"","neve_meta_disable_header":"","neve_meta_disable_footer":"","neve_meta_disable_title":""},"product_cat":[113,6],"product_tag":[170],"_links":{"self":[{"href":"https:\/\/romfilatelia.ro\/magazin\/wp-json\/wp\/v2\/product\/2001643"}],"collection":[{"href":"https:\/\/romfilatelia.ro\/magazin\/wp-json\/wp\/v2\/product"}],"about":[{"href":"https:\/\/romfilatelia.ro\/magazin\/wp-json\/wp\/v2\/types\/product"}],"wp:featuredmedia":[{"embeddable":true,"href":"https:\/\/romfilatelia.ro\/magazin\/wp-json\/wp\/v2\/media\/2005195"}],"wp:attachment":[{"href":"https:\/\/romfilatelia.ro\/magazin\/wp-json\/wp\/v2\/media?parent=2001643"}],"wp:term":[{"taxonomy":"product_cat","embeddable":true,"href":"https:\/\/romfilatelia.ro\/magazin\/wp-json\/wp\/v2\/product_cat?post=2001643"},{"taxonomy":"product_tag","embeddable":true,"href":"https:\/\/romfilatelia.ro\/magazin\/wp-json\/wp\/v2\/product_tag?post=2001643"}],"curies":[{"name":"wp","href":"https:\/\/api.w.org\/{rel}","templated":true}]}}