{"id":2001538,"date":"2004-05-27T14:03:49","date_gmt":"2004-05-27T14:03:49","guid":{"rendered":"http:\/\/romfilatelia.ro\/store\/2004\/05\/27\/ateneul-roman\/"},"modified":"2021-01-19T20:21:10","modified_gmt":"2021-01-19T18:21:10","slug":"ateneul-roman","status":"publish","type":"product","link":"https:\/\/romfilatelia.ro\/magazin\/produs\/colectii-anuale\/2004\/ateneul-roman\/","title":{"rendered":"Ateneul Rom\u00e2n"},"content":{"rendered":"<p><a href=\"https:\/\/romfilatelia.ro\/magazin\/wp-content\/uploads\/2004\/08\/1644.jpg\"><img decoding=\"async\" loading=\"lazy\" class=\"size-medium wp-image-2006959 alignleft\" src=\"https:\/\/romfilatelia.ro\/magazin\/wp-content\/uploads\/2004\/08\/1644-300x195.jpg\" alt=\"1644\" width=\"300\" height=\"195\" srcset=\"https:\/\/romfilatelia.ro\/magazin\/wp-content\/uploads\/2004\/08\/1644-300x195.jpg 300w, https:\/\/romfilatelia.ro\/magazin\/wp-content\/uploads\/2004\/08\/1644-64x42.jpg 64w, https:\/\/romfilatelia.ro\/magazin\/wp-content\/uploads\/2004\/08\/1644.jpg 315w\" sizes=\"(max-width: 300px) 100vw, 300px\" \/><\/a>Una dintre cl\u0103dirile cele mai frumoase din Bucure\u0219ti este Ateneul Rom\u00e2n, simbol al culturii rom\u00e2ne. Superba sa cupol\u0103 \u00een stil baroc se \u00eenal\u021b\u0103 cu elegan\u021b\u0103 \u00eentr-una din cele mai frumoase pie\u021be publice din Bucure\u0219ti.<\/p>\n<p>Ideea construirii Ateneului Rom\u00e2n s-a n\u0103scut din dorin\u021ba de a \u00eenfiin\u021ba \u00een Bucure\u0219ti, capitala Rom\u00e2niei, o institu\u021bie de cultur\u0103 muzical\u0103 de elit\u0103.<br \/>\nFondurile necesare construirii Ateneului Rom\u00e2n au fost str\u00e2nse, aproape \u00een \u00eentregime, din colecta public\u0103, av\u00e2nd motto-ul \u201cDa\u021bi un leu pentru Ateneu\u201d. Construc\u021bia a \u00eenceput \u00een anul 1886, dup\u0103 planurile arhitectului francez Albert Galleron \u0219i a fost inaugurat\u0103 doi ani mai t\u00e2rziu, la 26 februarie 1888. Sala mare de concerte este decorat\u0103 cu o fresc\u0103 \u00een care sunt surprinse principalele momente din istoria poporului rom\u00e2n, realizat\u0103 de pictorul Costin Petrescu.<\/p>\n<p>De-a lungul existen\u021bei sale Ateneul Rom\u00e2n a fost un martor t\u0103cut al istoriei moderne \u0219i contemporane a Rom\u00e2niei. \u00cen al II-lea R\u0103zboi Mondial, avia\u021bia german\u0103 a bombardat Ateneul Rom\u00e2n, acesta fiind restaurat \u00een repetate r\u00e2nduri.<br \/>\n\u00cen prezent, Ateneul Rom\u00e2n g\u0103zduie\u0219te Filarmonica \u201cGeorge Enescu\u201d \u0219i este locul unde au evoluat unii dintre cei mai de seam\u0103 dirijori \u0219i soli\u0219ti interpre\u021bi ai secolului XX: Arthur Rubinstein, Dinu Lipatti, Erich Kleiber, Herbert von Karajan, Ionel Perlea, Yehudi Menuhin, Pablo Casals \u0219i Sergiu Celibidache.<br \/>\nDatorit\u0103 valorii inestimabile a acestui monument, Romfilatelia pune \u00een circula\u021bie un timbru care ilustreaz\u0103 Ateneul Rom\u00e2n. Imaginea folosit\u0103 pentru realizarea acestuia a fost reprodus\u0103 dup\u0103 o carte po\u0219tal\u0103 veche care face parte din colec\u021bia domnului Leonard Pa\u0219canu.<\/p>\n<p>Data Aparitie:2004-05-27<\/p>\n","protected":false},"excerpt":{"rendered":"<p>Una dintre cl\u0103dirile cele mai frumoase din Bucure\u0219ti este Ateneul Rom\u00e2n, simbol al culturii rom\u00e2ne. Superba sa cupol\u0103 \u00een stil baroc se \u00eenal\u021b\u0103 cu elegan\u021b\u0103 \u00eentr-una din cele mai frumoase pie\u021be publice din Bucure\u0219ti. Ideea construirii Ateneului Rom\u00e2n s-a n\u0103scut din dorin\u021ba de a \u00eenfiin\u021ba \u00een Bucure\u0219ti, capitala Rom\u00e2niei, o institu\u021bie de cultur\u0103 muzical\u0103 de&hellip;&nbsp;<a href=\"https:\/\/romfilatelia.ro\/magazin\/produs\/colectii-anuale\/2004\/ateneul-roman\/\" class=\"\" rel=\"bookmark\">Cite\u0219te mai mult &raquo;<span class=\"screen-reader-text\">Ateneul Rom\u00e2n<\/span><\/a><\/p>\n","protected":false},"featured_media":2006959,"template":"","meta":{"neve_meta_sidebar":"","neve_meta_container":"","neve_meta_enable_content_width":"","neve_meta_content_width":0,"neve_meta_title_alignment":"","neve_meta_author_avatar":"","neve_post_elements_order":"","neve_meta_disable_header":"","neve_meta_disable_footer":"","neve_meta_disable_title":""},"product_cat":[114,6],"product_tag":[170],"_links":{"self":[{"href":"https:\/\/romfilatelia.ro\/magazin\/wp-json\/wp\/v2\/product\/2001538"}],"collection":[{"href":"https:\/\/romfilatelia.ro\/magazin\/wp-json\/wp\/v2\/product"}],"about":[{"href":"https:\/\/romfilatelia.ro\/magazin\/wp-json\/wp\/v2\/types\/product"}],"wp:featuredmedia":[{"embeddable":true,"href":"https:\/\/romfilatelia.ro\/magazin\/wp-json\/wp\/v2\/media\/2006959"}],"wp:attachment":[{"href":"https:\/\/romfilatelia.ro\/magazin\/wp-json\/wp\/v2\/media?parent=2001538"}],"wp:term":[{"taxonomy":"product_cat","embeddable":true,"href":"https:\/\/romfilatelia.ro\/magazin\/wp-json\/wp\/v2\/product_cat?post=2001538"},{"taxonomy":"product_tag","embeddable":true,"href":"https:\/\/romfilatelia.ro\/magazin\/wp-json\/wp\/v2\/product_tag?post=2001538"}],"curies":[{"name":"wp","href":"https:\/\/api.w.org\/{rel}","templated":true}]}}