{"id":2001522,"date":"2004-11-16T14:32:39","date_gmt":"2004-11-16T14:32:39","guid":{"rendered":"http:\/\/romfilatelia.ro\/store\/2004\/11\/16\/ilie-nastase-un-as-intre-asi\/"},"modified":"2021-01-19T20:21:07","modified_gmt":"2021-01-19T18:21:07","slug":"ilie-nastase-un-as-intre-asi","status":"publish","type":"product","link":"https:\/\/romfilatelia.ro\/magazin\/produs\/colectii-anuale\/2004\/ilie-nastase-un-as-intre-asi\/","title":{"rendered":"Ilie Nastase &#8211; Un As intre asi!"},"content":{"rendered":"<p><a href=\"https:\/\/romfilatelia.ro\/magazin\/wp-content\/uploads\/2004\/11\/colnedant.jpg\"><img decoding=\"async\" loading=\"lazy\" class=\"size-medium wp-image-2005428 alignleft\" src=\"https:\/\/romfilatelia.ro\/magazin\/wp-content\/uploads\/2004\/11\/colnedant-239x300.jpg\" alt=\"colnedant\" width=\"239\" height=\"300\" srcset=\"https:\/\/romfilatelia.ro\/magazin\/wp-content\/uploads\/2004\/11\/colnedant-239x300.jpg 239w, https:\/\/romfilatelia.ro\/magazin\/wp-content\/uploads\/2004\/11\/colnedant-64x81.jpg 64w, https:\/\/romfilatelia.ro\/magazin\/wp-content\/uploads\/2004\/11\/colnedant-318x400.jpg 318w, https:\/\/romfilatelia.ro\/magazin\/wp-content\/uploads\/2004\/11\/colnedant.jpg 477w\" sizes=\"(max-width: 239px) 100vw, 239px\" \/><\/a>As, set, tie-break, joc, time-out, nets, match point, serviciu, sunt termenii tehnici ce caracterizeaz\u0103 tenisul.<\/p>\n<p>Bizar, amuzant, talentat, mim, vesel, temperamental, ironic, sunt tr\u0103s\u0103turile unui altfel de campion de tenis al secolului XX.<\/p>\n<p>\u0218i pentru c\u0103, odat\u0103 cu acest campion, monotonia jocului de tenis a disp\u0103rut, aceast\u0103 schimbare trebuia s\u0103-i poarte numele: Ilie N\u0103stase.<\/p>\n<p>La data de 16.11.2004, se pune \u00een circula\u021bie la Bucure\u0219ti emisiunea de m\u0103rci po\u0219tale &#8222;Ilie N\u0103stase &#8211; Un As \u00eentre a\u0219i &#8222;.<\/p>\n<p>Emisiunea este format\u0103 dintr-o marc\u0103 po\u0219tal\u0103, o coli\u021b\u0103 dantelat\u0103 \u0219i o coli\u021b\u0103 nedantelat\u0103.<br \/>\nMarca po\u0219tal\u0103 este imprimat\u0103 la tipar offset pe h\u00e2rtie cromo-gumat\u0103 la 4 culori, av\u00e2nd dimensiunile de 27\/42 mm, machetat\u0103 \u00een coal\u0103 de 15 buc. \u0219i o viniet\u0103, dimensiunile colii fiind 13,2\/19,2 cm cu man\u0219et\u0103 de 1,2 cm.<\/p>\n<p>Timbrul \u00eel prezint\u0103 pe campionul rom\u00e2n surprins \u00eentr-unul din momentele sale de glorie, pe una din marile arene ale lumii.<\/p>\n<p>Coli\u021ba dantelat\u0103 este tip\u0103rit\u0103 pe h\u00e2rtie cromo-gumat\u0103 la 4 culori, cu dimensiunile 13\/21 cm, perfor lateral la 1,5 cm margine lateral st\u00e2nga, cu timbru de 42\/52 mm, plasat dreapta jos, la 2,5 cm de marginea dreapt\u0103, dublu numerotat\u0103 cu negru, care va fi inserat\u0103 \u00een cartea autobiografic\u0103 &#8222;Mr. N\u0103stase &#8211; Talentat, impetuos \u0219i rebel incurabil&#8221;.<\/p>\n<p>Coli\u021ba dantelat\u0103 este tip\u0103rit\u0103 pe h\u00e2rtie cromo-gumat\u0103 la 4 culori cu dimensiunile 11,5\/21cm, cu timbru de 42\/52 mm, plasat dreapta jos, la 2 cm de marginea dreapt\u0103, f\u0103r\u0103 perfor lateral \u0219i nenumerotat\u0103.<br \/>\nColi\u021ba nedantelat\u0103 este tip\u0103rit\u0103 pe h\u00e2rtie cromo-gumat\u0103, la 4 culori, av\u00e2nd dimensiunile 9\/11 cm, cu timbru 38\/42 mm, pozi\u021bionat la 1 cm de marginea lateral st\u00e2nga \u0219i numerotat\u0103 cu ro\u0219u.<\/p>\n<p>Coli\u021bele sunt o compozi\u021bie care \u00eel reprezint\u0103 pe Ilie N\u0103stase \u00een prezent, \u00een timp ce prive\u0219te retrospectiv la t\u00e2n\u0103rul Ilie N\u0103stase surprins \u00eentr-o ipostaz\u0103 ce i-a caracterizat \u00eentreaga carier\u0103 \u0219i anume, aceea de noncomformist al jocului de tenis. Pe fundal este imaginea publicului ce l-a iubit \u0219i idolatrizat, f\u0103c\u00e2nd din Nasty o emblem\u0103 a tenisului mondial timp de aproape trei decenii.<\/p>\n<p>Fotografiile dup\u0103 care s-au realizat imaginile timbrului \u0219i coli\u021belor fac parte din colec\u021bia personal\u0103 a marelui campion.<\/p>\n<p>Data Aparitie:2004-11-16<\/p>\n","protected":false},"excerpt":{"rendered":"<p>As, set, tie-break, joc, time-out, nets, match point, serviciu, sunt termenii tehnici ce caracterizeaz\u0103 tenisul. Bizar, amuzant, talentat, mim, vesel, temperamental, ironic, sunt tr\u0103s\u0103turile unui altfel de campion de tenis al secolului XX. \u0218i pentru c\u0103, odat\u0103 cu acest campion, monotonia jocului de tenis a disp\u0103rut, aceast\u0103 schimbare trebuia s\u0103-i poarte numele: Ilie N\u0103stase. La&hellip;&nbsp;<a href=\"https:\/\/romfilatelia.ro\/magazin\/produs\/colectii-anuale\/2004\/ilie-nastase-un-as-intre-asi\/\" class=\"\" rel=\"bookmark\">Cite\u0219te mai mult &raquo;<span class=\"screen-reader-text\">Ilie Nastase &#8211; Un As intre asi!<\/span><\/a><\/p>\n","protected":false},"featured_media":2005428,"template":"","meta":{"neve_meta_sidebar":"","neve_meta_container":"","neve_meta_enable_content_width":"","neve_meta_content_width":0,"neve_meta_title_alignment":"","neve_meta_author_avatar":"","neve_post_elements_order":"","neve_meta_disable_header":"","neve_meta_disable_footer":"","neve_meta_disable_title":""},"product_cat":[114,6],"product_tag":[170],"_links":{"self":[{"href":"https:\/\/romfilatelia.ro\/magazin\/wp-json\/wp\/v2\/product\/2001522"}],"collection":[{"href":"https:\/\/romfilatelia.ro\/magazin\/wp-json\/wp\/v2\/product"}],"about":[{"href":"https:\/\/romfilatelia.ro\/magazin\/wp-json\/wp\/v2\/types\/product"}],"wp:featuredmedia":[{"embeddable":true,"href":"https:\/\/romfilatelia.ro\/magazin\/wp-json\/wp\/v2\/media\/2005428"}],"wp:attachment":[{"href":"https:\/\/romfilatelia.ro\/magazin\/wp-json\/wp\/v2\/media?parent=2001522"}],"wp:term":[{"taxonomy":"product_cat","embeddable":true,"href":"https:\/\/romfilatelia.ro\/magazin\/wp-json\/wp\/v2\/product_cat?post=2001522"},{"taxonomy":"product_tag","embeddable":true,"href":"https:\/\/romfilatelia.ro\/magazin\/wp-json\/wp\/v2\/product_tag?post=2001522"}],"curies":[{"name":"wp","href":"https:\/\/api.w.org\/{rel}","templated":true}]}}