{"id":2001508,"date":"2005-03-24T14:51:30","date_gmt":"2005-03-24T14:51:30","guid":{"rendered":"http:\/\/romfilatelia.ro\/store\/2005\/03\/24\/ceramica-romaneasca-ii\/"},"modified":"2021-01-19T20:21:04","modified_gmt":"2021-01-19T18:21:04","slug":"ceramica-romaneasca-ii","status":"publish","type":"product","link":"https:\/\/romfilatelia.ro\/magazin\/produs\/colectii-anuale\/2005\/ceramica-romaneasca-ii\/","title":{"rendered":"Ceramic\u0103 Rom\u00e2neasc\u0103 II"},"content":{"rendered":"<p><a href=\"https:\/\/romfilatelia.ro\/magazin\/wp-content\/uploads\/2005\/03\/timbreceramica.jpg\"><img decoding=\"async\" loading=\"lazy\" class=\"size-medium wp-image-2005311 alignleft\" src=\"https:\/\/romfilatelia.ro\/magazin\/wp-content\/uploads\/2005\/03\/timbreceramica-300x131.jpg\" alt=\"timbreceramica\" width=\"300\" height=\"131\" srcset=\"https:\/\/romfilatelia.ro\/magazin\/wp-content\/uploads\/2005\/03\/timbreceramica-300x131.jpg 300w, https:\/\/romfilatelia.ro\/magazin\/wp-content\/uploads\/2005\/03\/timbreceramica-64x28.jpg 64w, https:\/\/romfilatelia.ro\/magazin\/wp-content\/uploads\/2005\/03\/timbreceramica.jpg 400w\" sizes=\"(max-width: 300px) 100vw, 300px\" \/><\/a>Romfilatelia, societate specializat\u0103 \u00een emiterea \u0219i comercializarea m\u0103rcilor po\u0219tale rom\u00e2ne\u0219ti, va pune \u00een circula\u021bie o serie de timbre uzuale ce reprezint\u0103 obiecte de ceramic\u0103 rom\u00e2neasc\u0103.<\/p>\n<p>Ol\u0103ritul este unul dintre cele mai vechi me\u0219te\u0219uguri din lume.<br \/>\n\u00cenc\u0103 din timpuri str\u0103vechi el a simbolizat tot ce era legat de via\u021ba spiritual\u0103.<br \/>\nDe-a lungul timpului, ol\u0103ritul a evoluat \u00een cadrul societ\u0103\u021bilor ce aveau un model sacralizat al lumii, arta realiz\u0103rii vaselor ceramice fiind, \u00een general, transmis\u0103 din tat\u0103 \u00een fiu, de mii de genera\u021bii.<br \/>\nMe\u0219te\u0219ugul ol\u0103ritului pe teritoriul Rom\u00e2niei dateaz\u0103 aproximativ din mileniul VI \u00ee.e.n..<br \/>\nPrin form\u0103, propor\u021bii, decor \u0219i cromatic\u0103, ulcioarele exprim\u0103 inventivitatea tehnic\u0103 \u0219i inspira\u021bia olarilor care au adaptat influen\u021bele greco-romane \u0219i, mai t\u00e2rziu, ale popula\u021biilor migratoare, dar au p\u0103strat specificul arealului rom\u00e2nesc.<br \/>\nSimbolurile folosite sunt cele solare cum ar fi capul stilizat de berbec sau calul \u00eenaripat, iar \u0219arpele reprezentat \u00een spiral\u0103 fiind simbolul evolu\u021biei cosmice pozitive.<br \/>\nObiectele de ceramic\u0103 au \u00eenso\u021bit comunit\u0103\u021bile umane de-a lungul mileniilor, fiind prezente la toate manifest\u0103rile de spiritualitate ale poporului rom\u00e2n.<br \/>\nCeramica, \u00een ansamblul ei, prin formele \u0219i simbolurile reproduse, reprezint\u0103 o deschidere \u0219i o invita\u021bie sufleteasc\u0103 spre orizonturile mistice ale culturii ancestrale.<\/p>\n<p>Timbrul cu valoare nominal\u0103 de 7000 lei reprezint\u0103 dou\u0103 ulcioare de nunt\u0103 din zona Rom\u00e2na \u2013 Olt.<br \/>\nTimbrul cu valoarea nominal\u0103 de 8000 lei reprezint\u0103 un ulcior din zona Vadul Cri\u0219ului, Bihor.<br \/>\nTimbrul cu valoare nominal\u0103 de 10.000 lei reprezint\u0103 o can\u0103 de bere din \u021aara B\u00e2rsei, Bra\u0219ov.<br \/>\nSplendidele vase ceramice reproduse pe timbre fac parte din colec\u021bia Muzeului \u021a\u0103ranului Rom\u00e2n.<br \/>\nData Aparitie:2005-03-24<\/p>\n<p>&nbsp;<\/p>\n","protected":false},"excerpt":{"rendered":"<p>Romfilatelia, societate specializat\u0103 \u00een emiterea \u0219i comercializarea m\u0103rcilor po\u0219tale rom\u00e2ne\u0219ti, va pune \u00een circula\u021bie o serie de timbre uzuale ce reprezint\u0103 obiecte de ceramic\u0103 rom\u00e2neasc\u0103. Ol\u0103ritul este unul dintre cele mai vechi me\u0219te\u0219uguri din lume. \u00cenc\u0103 din timpuri str\u0103vechi el a simbolizat tot ce era legat de via\u021ba spiritual\u0103. De-a lungul timpului, ol\u0103ritul a evoluat&hellip;&nbsp;<a href=\"https:\/\/romfilatelia.ro\/magazin\/produs\/colectii-anuale\/2005\/ceramica-romaneasca-ii\/\" class=\"\" rel=\"bookmark\">Cite\u0219te mai mult &raquo;<span class=\"screen-reader-text\">Ceramic\u0103 Rom\u00e2neasc\u0103 II<\/span><\/a><\/p>\n","protected":false},"featured_media":2005311,"template":"","meta":{"neve_meta_sidebar":"","neve_meta_container":"","neve_meta_enable_content_width":"","neve_meta_content_width":0,"neve_meta_title_alignment":"","neve_meta_author_avatar":"","neve_post_elements_order":"","neve_meta_disable_header":"","neve_meta_disable_footer":"","neve_meta_disable_title":""},"product_cat":[113,6],"product_tag":[170],"_links":{"self":[{"href":"https:\/\/romfilatelia.ro\/magazin\/wp-json\/wp\/v2\/product\/2001508"}],"collection":[{"href":"https:\/\/romfilatelia.ro\/magazin\/wp-json\/wp\/v2\/product"}],"about":[{"href":"https:\/\/romfilatelia.ro\/magazin\/wp-json\/wp\/v2\/types\/product"}],"wp:featuredmedia":[{"embeddable":true,"href":"https:\/\/romfilatelia.ro\/magazin\/wp-json\/wp\/v2\/media\/2005311"}],"wp:attachment":[{"href":"https:\/\/romfilatelia.ro\/magazin\/wp-json\/wp\/v2\/media?parent=2001508"}],"wp:term":[{"taxonomy":"product_cat","embeddable":true,"href":"https:\/\/romfilatelia.ro\/magazin\/wp-json\/wp\/v2\/product_cat?post=2001508"},{"taxonomy":"product_tag","embeddable":true,"href":"https:\/\/romfilatelia.ro\/magazin\/wp-json\/wp\/v2\/product_tag?post=2001508"}],"curies":[{"name":"wp","href":"https:\/\/api.w.org\/{rel}","templated":true}]}}