{"id":2001505,"date":"2005-04-18T14:54:36","date_gmt":"2005-04-18T14:54:36","guid":{"rendered":"http:\/\/romfilatelia.ro\/store\/2005\/04\/18\/personalitati-aniversari-comemorari-2005-ii\/"},"modified":"2021-01-19T20:21:03","modified_gmt":"2021-01-19T18:21:03","slug":"personalitati-aniversari-comemorari-2005-ii","status":"publish","type":"product","link":"https:\/\/romfilatelia.ro\/magazin\/produs\/colectii-anuale\/2005\/personalitati-aniversari-comemorari-2005-ii\/","title":{"rendered":"Personalit\u0103\u021bi Anivers\u0103ri &#8211; Comemor\u0103ri 2005 (II)"},"content":{"rendered":"<p><a href=\"https:\/\/romfilatelia.ro\/magazin\/wp-content\/uploads\/2005\/04\/timbrepersII.jpg\"><img decoding=\"async\" loading=\"lazy\" class=\"alignleft wp-image-2005292 size-full\" src=\"https:\/\/romfilatelia.ro\/magazin\/wp-content\/uploads\/2005\/04\/timbrepersII.jpg\" alt=\"timbrepersII\" width=\"571\" height=\"83\" srcset=\"https:\/\/romfilatelia.ro\/magazin\/wp-content\/uploads\/2005\/04\/timbrepersII.jpg 571w, https:\/\/romfilatelia.ro\/magazin\/wp-content\/uploads\/2005\/04\/timbrepersII-500x73.jpg 500w, https:\/\/romfilatelia.ro\/magazin\/wp-content\/uploads\/2005\/04\/timbrepersII-64x9.jpg 64w, https:\/\/romfilatelia.ro\/magazin\/wp-content\/uploads\/2005\/04\/timbrepersII-300x44.jpg 300w, https:\/\/romfilatelia.ro\/magazin\/wp-content\/uploads\/2005\/04\/timbrepersII-570x83.jpg 570w\" sizes=\"(max-width: 571px) 100vw, 571px\" \/><\/a>Romfilatelia, societate specializat\u0103 \u00een emiterea \u0219i comercializarea m\u0103rcilor po\u0219tale \u00een Rom\u00e2nia, lanseaz\u0103 a doua parte a seriei de m\u0103rci po\u0219tale dedicat\u0103 unor importante personalit\u0103\u021bi de notorietate mondial\u0103.<br \/>\nCele cinci timbre sunt dedicate urm\u0103toarelor personalit\u0103\u021bi:<br \/>\nHans Christian Andersen (1805-1875) scriitor danez, renumit \u00een literatura universal\u0103 dedicat\u0103 copiilor. A abordat aproape toate genurile literare: pove\u0219ti, povestiri, poeme, romane, piese de teatru, c\u0103r\u021bi de c\u0103l\u0103torie, cu predilec\u021bie temele lor fiind \u00eendreptate c\u0103tre cei mici.<br \/>\nAlbert Einstein (1879-1955) n\u0103scut \u00een Germania, a emigrat \u00een Statele Unite ale Americii datorit\u0103 nazismului. Autor al Teoriei Relativit\u0103\u021bii, cunoscutul om de stiin\u021b\u0103 a fost unul dintre autorii morali ai fabric\u0103rii primei bombe atomice.<br \/>\nDupa cel de-al doilea razboi mondial, timp de zece ani p\u00e2n\u0103 la moartea sa, a fost implicat \u00een lupta pentru dezarmarea nucleara mondial\u0103.<br \/>\nJules Verne (1828-1905) ilustru scriitor de anticipa\u021bie al secolului XIX, considerat p\u0103rinte al SF-ului. Multe dintre realit\u0103\u021bile tehnice ale zilelor noastre, cum ar fi: submarinul, elicopterul, insulele artificiale sau c\u0103l\u0103toriile spa\u021biale, au fost anticipate \u00een c\u0103rtile de succes ale acestuia.<br \/>\nDimitrie Gusti (1880-1955) profesor de notorietate mondial\u0103, a institu\u021bionalizat, pentru prima oar\u0103 \u00een lume, cercetarea sociologic\u0103 \u00eembinat\u0103 cu ac\u021biunea social\u0103 practic\u0103 \u0219i cu pedagogia social\u0103. Este unul dintre ini\u021biatorii realiz\u0103rii \u201cMuzeului Satului\u201c.<br \/>\nGeorge Enescu (1881-1955) compozitor, violonist, pianist, dirijor \u0219i pedagog, a ridicat muzica profesional\u0103 rom\u00e2neasc\u0103 la nivelul valorilor muzicii universale. P\u0103rinte spiritual al lui Yehudi Menuhin, George Enescu a concertat pe toate marile scene ale lumii, de fiecare dat\u0103 incluz\u00e2nd \u00een repertoriul s\u0103u, celebrele Rapsodii Rom\u00e2ne.<br \/>\nData Aparitie:2005-04-18<\/p>\n","protected":false},"excerpt":{"rendered":"<p>Romfilatelia, societate specializat\u0103 \u00een emiterea \u0219i comercializarea m\u0103rcilor po\u0219tale \u00een Rom\u00e2nia, lanseaz\u0103 a doua parte a seriei de m\u0103rci po\u0219tale dedicat\u0103 unor importante personalit\u0103\u021bi de notorietate mondial\u0103. Cele cinci timbre sunt dedicate urm\u0103toarelor personalit\u0103\u021bi: Hans Christian Andersen (1805-1875) scriitor danez, renumit \u00een literatura universal\u0103 dedicat\u0103 copiilor. A abordat aproape toate genurile literare: pove\u0219ti, povestiri, poeme,&hellip;&nbsp;<a href=\"https:\/\/romfilatelia.ro\/magazin\/produs\/colectii-anuale\/2005\/personalitati-aniversari-comemorari-2005-ii\/\" class=\"\" rel=\"bookmark\">Cite\u0219te mai mult &raquo;<span class=\"screen-reader-text\">Personalit\u0103\u021bi Anivers\u0103ri &#8211; Comemor\u0103ri 2005 (II)<\/span><\/a><\/p>\n","protected":false},"featured_media":2005292,"template":"","meta":{"neve_meta_sidebar":"","neve_meta_container":"","neve_meta_enable_content_width":"","neve_meta_content_width":0,"neve_meta_title_alignment":"","neve_meta_author_avatar":"","neve_post_elements_order":"","neve_meta_disable_header":"","neve_meta_disable_footer":"","neve_meta_disable_title":""},"product_cat":[113,6],"product_tag":[170],"_links":{"self":[{"href":"https:\/\/romfilatelia.ro\/magazin\/wp-json\/wp\/v2\/product\/2001505"}],"collection":[{"href":"https:\/\/romfilatelia.ro\/magazin\/wp-json\/wp\/v2\/product"}],"about":[{"href":"https:\/\/romfilatelia.ro\/magazin\/wp-json\/wp\/v2\/types\/product"}],"wp:featuredmedia":[{"embeddable":true,"href":"https:\/\/romfilatelia.ro\/magazin\/wp-json\/wp\/v2\/media\/2005292"}],"wp:attachment":[{"href":"https:\/\/romfilatelia.ro\/magazin\/wp-json\/wp\/v2\/media?parent=2001505"}],"wp:term":[{"taxonomy":"product_cat","embeddable":true,"href":"https:\/\/romfilatelia.ro\/magazin\/wp-json\/wp\/v2\/product_cat?post=2001505"},{"taxonomy":"product_tag","embeddable":true,"href":"https:\/\/romfilatelia.ro\/magazin\/wp-json\/wp\/v2\/product_tag?post=2001505"}],"curies":[{"name":"wp","href":"https:\/\/api.w.org\/{rel}","templated":true}]}}