{"id":2001358,"date":"2013-06-21T09:17:02","date_gmt":"2013-06-21T09:17:02","guid":{"rendered":"http:\/\/romfilatelia.ro\/store\/2013\/06\/21\/ceasul-florilor-ii\/"},"modified":"2016-07-29T13:56:55","modified_gmt":"2016-07-29T13:56:55","slug":"ceasul-florilor-ii","status":"publish","type":"product","link":"https:\/\/romfilatelia.ro\/magazin\/produs\/colectii-anuale\/2013\/ceasul-florilor-ii\/","title":{"rendered":"CEASUL FLORILOR (II)"},"content":{"rendered":"<p><strong><a href=\"https:\/\/romfilatelia.ro\/magazin\/wp-content\/uploads\/2013\/06\/ceasul_florilor_2_M.jpg\"><img decoding=\"async\" loading=\"lazy\" class=\"alignleft wp-image-2002891 size-medium\" src=\"https:\/\/romfilatelia.ro\/magazin\/wp-content\/uploads\/2013\/06\/ceasul_florilor_2_M-224x300.jpg\" alt=\"ceasul_florilor_2_M\" width=\"224\" height=\"300\" srcset=\"https:\/\/romfilatelia.ro\/magazin\/wp-content\/uploads\/2013\/06\/ceasul_florilor_2_M-224x300.jpg 224w, https:\/\/romfilatelia.ro\/magazin\/wp-content\/uploads\/2013\/06\/ceasul_florilor_2_M-64x86.jpg 64w, https:\/\/romfilatelia.ro\/magazin\/wp-content\/uploads\/2013\/06\/ceasul_florilor_2_M-298x400.jpg 298w, https:\/\/romfilatelia.ro\/magazin\/wp-content\/uploads\/2013\/06\/ceasul_florilor_2_M.jpg 447w\" sizes=\"(max-width: 224px) 100vw, 224px\" \/><\/a> Romfilatelia<\/strong> introduce acum \u00een circula\u0163ie cea de-a doua serie a acestei emisiuni, format\u00e3 din 6 timbre ce ilustreaz\u00e3 specii diferite de flori av\u00e2nd al\u00e3turate ceasuri de colec\u0163ie realizate la sf\u00e2r\u015fitul secolului al XVIII-lea \u015fi \u00een secolul al XIX-lea, \u00een Fran\u0163a, Germania, Austria \u015fi Elve\u0163ia.<\/p>\n<p>Fiecare floare, \u00een func\u0163ie de specia c\u00e3reia \u00eei apar\u0163ine \u015fi de zona geografic\u00e3 \u00een care cre\u015fte, are o anumit\u00e3 or\u00e3 c\u00e2nd se descoper\u00e3 privirii luminii, naturii \u015fi oamenilor. Acest\u00e3 frumoas\u00e3 particularitate a florilor este ilustrat\u00e3 \u00een cele 12 timbre ale emisiunii <strong>Ceasul florilor<\/strong>, realizat\u00e3 din dou\u00e3 p\u00e3r\u0163i. Fiec\u00e3rei flori \u00eei este asociat un ceas, exponat din colec\u0163ia <em>Muzeului Ceasului \u201eNicolae Simache\u201d<\/em> din Ploie\u015fti, care indic\u00e3 ora \u00eenfloririi acesteia.<br \/>\n<strong>Romfilatelia<\/strong> introduce acum \u00een circula\u0163ie cea de-a doua serie a acestei emisiuni, format\u00e3 din 6 timbre ce ilustreaz\u00e3 specii diferite de flori av\u00e2nd al\u00e3turate ceasuri de colec\u0163ie realizate la sf\u00e2r\u015fitul secolului al XVIII-lea \u015fi \u00een secolul al XIX-lea, \u00een Fran\u0163a, Germania, Austria \u015fi Elve\u0163ia.<br \/>\nPe timbrul cu valoarea nominal\u00e3 de <strong>0,50 lei<\/strong> este ilustrat\u00e3 <strong><em>Liliu\u0163a<\/em><\/strong> (<em>Anthericum ramosum<\/em> L.), a c\u00e3rei or\u00e3 de \u00eenflorire este <strong>15<\/strong>.<br \/>\n<em>Liliu\u0163a<\/em> este o plant\u00e3 peren\u00e3, \u00eenalt\u00e3 de 30-80 cm, originar\u00e3 din Europa Central\u00e3. Inflorescen\u0163a este un racem compus, iar florile au tepale albe, de 10-14 mm. Fructul este capsul\u00e3 aproape sferic\u00e3 de 5-6 mm. Cre\u015fte \u00een etajul fagului, \u00een paji\u015fti.<br \/>\nAl\u00e3turi de <em>Liliu\u0163\u00e3<\/em> este reprezentat\u00e3 imaginea unui ceas de mas\u00e3, Japy Fr\u00e8res, Beaucourt, 1823-1849.<br \/>\nPe timbrul cu valoarea nominal\u00e3 de <strong>1,20 lei<\/strong> este ilustrat\u00e3 planta <strong><em>Barba \u00eemp\u00e3ratului<\/em><\/strong> (<em>Mirabilis jalapa<\/em> L.), a c\u00e3rei or\u00e3 de \u00eenflorire este <strong>17<\/strong>.<br \/>\n<em>Barba \u00eemp\u00e3ratului<\/em> este o plant\u00e3 peren\u00e3, cultivat\u00e3 ornamental sau subspontan\u00e3. Specie originar\u00e3 dinAmerica tropical\u00e3, ajunge p\u00e2n\u00e3 la 1 m \u00een\u00e3l\u0163ime. Florile sunt colorate \u00een diferite culori, galben, ro\u015fu, alb, violet sau combina\u0163ii ale acestor culori. Uneori, produce flori de culori diferite pe aceea\u015fi plant\u00e3.<br \/>\nAl\u00e3turi de <em>Barba \u00eemp\u00e3ratului<\/em> este prezentat\u00e3 imaginea unui ceas de mas\u00e3, Kienzle,Germania, secolul al XIX-lea. Ceasul a apar\u0163inut istoricului Nicolae Iorga.<br \/>\nPe timbrul cu valoarea nominal\u00e3 de <strong>1,40 lei<\/strong> este ilustrat <strong><em>Laurul porcesc<\/em><\/strong> (<em>Datura stramonium<\/em> L.), a c\u00e3rui or\u00e3 de \u00eenflorire este <strong>18<\/strong>.<br \/>\n<em>Laurul porcesc<\/em> sau <em>Cium\u00e3faia<\/em>, plant\u00e3 anual\u00e3, poate fi g\u00e3sit\u00e3 at\u00e2t \u00een locuri necultivate pe l\u00e2ng\u00e3 case, dar \u015fi pe c\u00e2mp. Specie adventiv\u00e3, originar\u00e3 din America de Nord. Tulpina cre\u015fte p\u00e2n\u00e3 \u00een jur de 1,5 m, este bogat ramificat\u00e3 \u00een partea superioar\u00e3, iar frunzele sunt mari, de culoare verde-\u00eenchis. Fructul este capsul\u00e3 mare, ovoidal\u00e3, av\u00e2nd \u00een interior semin\u0163e mici, de culoare maro.<br \/>\nAl\u00e3turi de <strong><em>Laurul porcesc<\/em><\/strong> este reprezentat\u00e3 imaginea unui ceas de buzunar tip Jacquemarts, cu repeti\u0163ie, Robert et Courvoisier,Geneva, 1790-1800.<br \/>\nPe timbrul cu valoarea nominal\u00e3 de <strong>3,00 lei<\/strong> este ilustrat <strong><em>Osp\u00e3\u0163elul de noapte<\/em><\/strong> (<em>Silene latifolia<\/em> Poir.), a c\u00e3rui or\u00e3 de \u00eenflorire este <strong>19<\/strong>.<br \/>\n<em>Osp\u00e3\u0163elul de noapte<\/em> sau <em>Opai\u0163\u00e3<\/em> este o plant\u00e3 anual\u00e3 de origine Eur-Asiatic\u00e3. Plant\u00e3 dioic\u00e3, \u00eenalt\u00e3 de 40-80 de cm, \u00eenflore\u015fte de la sf\u00e2r\u015fitul prim\u00e3verii p\u00e2n\u00e3 la \u00eenceputul toamnei. Florile sunt albe, de 2,5-3 cm, iar fructul este o capsul\u00e3 dehiscent\u00e3. Cre\u015fte \u00een etajul fagului, \u00een paji\u015fti, tuf\u00e3ri\u015furi sau pe marginea drumului.<br \/>\nAl\u00e3turi de <em>Osp\u00e3\u0163elul de noapte<\/em> este prezentat\u00e3 imaginea unui ceas de voiaj cu sonerie \u015fi repeti\u0163ie,Austria, \u00eenceputul secolului al XIX-lea.<br \/>\nPe timbrul cu valoarea nominal\u00e3 de <strong>3,10 lei<\/strong> este ilustrat\u00e3 <strong><em>Regina Nop\u0163ii<\/em><\/strong> (<em>Nicotiana alata<\/em> Link &amp; Otto), a c\u00e3rei or\u00e3 de \u00eenflorire este <strong>20<\/strong>.<br \/>\nEste o plant\u00e3 peren\u00e3, \u00een cultur\u00e3 este anual\u00e3, cufrunzemari \u015fi late, cu flori albe. Este originar\u00e3 din America de Sud. Are tulpina \u00eenalt\u00e3 de 80-100 cm. Florile numeroase, cu un miros deosebit de pl\u00e3cut, se deschid \u00een timpul nop\u0163ii, din luna iunie p\u00e2n\u00e3 \u00een septembrie.<br \/>\nAl\u00e3turi de <em>Regina nop\u0163ii<\/em> este reprezentat\u00e3 imaginea unui ceas de \u015femineu, atelier anonim,Paris, secolul al XIX-lea.<br \/>\nPe timbrul cu valoarea nominal\u00e3 de <strong>4,70 lei<\/strong> este ilustrat\u00e3 <strong><em>Lumini\u0163a nop\u0163ii<\/em><\/strong> (<em>Oenothera biennis<\/em> L.), a c\u00e3rei or\u00e3 de \u00eenflorire este <strong>21<\/strong>.<br \/>\nEste o plant\u00e3 bisanual\u00e3, adventiv\u00e3, originar\u00e3 din America de Nord. Cre\u015fte pe soluri nisipoase, malurile r\u00e2urilor \u015fi chiar \u00een cariere de piatr\u00e3.<br \/>\nNumele plantei provine de la faptul c\u00e3 florile mari, galbene, se deschid numai la l\u00e3sarea \u00eentunericului.<br \/>\nAl\u00e3turi de <em>Lumini\u0163a nop\u0163ii<\/em> este prezentat\u00e3 imaginea unui ceas de mas\u00e3 miniatural, Fran\u0163a, secolul al XIX-lea.<\/p>\n<p><strong><em>Aducem mul\u0163umiri Institutului de Biologie al Academiei Rom\u00e2ne \u015fi Muzeului Ceasului \u201eNicolae Simache\u201d (Ploie\u015fti) pentru consultan\u0163a documentar\u00e3 acordat\u00e3 la realizarea acestei emisiuni de m\u00e3rci po\u015ftale. <\/em><\/strong><\/p>\n<p>&nbsp;<\/p>\n<p>Data Aparitie:2013-06-21<\/p>\n<p><strong><a href=\"https:\/\/romfilatelia.ro\/magazin\/wp-content\/uploads\/2013\/06\/ceasul_florilor_2_box.jpg\"><img decoding=\"async\" loading=\"lazy\" class=\"wp-image-2002893 size-full aligncenter\" src=\"https:\/\/romfilatelia.ro\/magazin\/wp-content\/uploads\/2013\/06\/ceasul_florilor_2_box.jpg\" alt=\"ceasul_florilor_2_box\" width=\"750\" height=\"739\" srcset=\"https:\/\/romfilatelia.ro\/magazin\/wp-content\/uploads\/2013\/06\/ceasul_florilor_2_box.jpg 750w, https:\/\/romfilatelia.ro\/magazin\/wp-content\/uploads\/2013\/06\/ceasul_florilor_2_box-100x100.jpg 100w, https:\/\/romfilatelia.ro\/magazin\/wp-content\/uploads\/2013\/06\/ceasul_florilor_2_box-500x493.jpg 500w, https:\/\/romfilatelia.ro\/magazin\/wp-content\/uploads\/2013\/06\/ceasul_florilor_2_box-64x63.jpg 64w, https:\/\/romfilatelia.ro\/magazin\/wp-content\/uploads\/2013\/06\/ceasul_florilor_2_box-300x296.jpg 300w, https:\/\/romfilatelia.ro\/magazin\/wp-content\/uploads\/2013\/06\/ceasul_florilor_2_box-53x53.jpg 53w, https:\/\/romfilatelia.ro\/magazin\/wp-content\/uploads\/2013\/06\/ceasul_florilor_2_box-85x85.jpg 85w\" sizes=\"(max-width: 750px) 100vw, 750px\" \/><\/a><\/strong><\/p>\n","protected":false},"excerpt":{"rendered":"<p>Romfilatelia introduce acum \u00een circula\u0163ie cea de-a doua serie a acestei emisiuni, format\u00e3 din 6 timbre ce ilustreaz\u00e3 specii diferite de flori av\u00e2nd al\u00e3turate ceasuri de colec\u0163ie realizate la sf\u00e2r\u015fitul secolului al XVIII-lea \u015fi \u00een secolul al XIX-lea, \u00een Fran\u0163a, Germania, Austria \u015fi Elve\u0163ia. Fiecare floare, \u00een func\u0163ie de specia c\u00e3reia \u00eei apar\u0163ine \u015fi de&hellip;&nbsp;<a href=\"https:\/\/romfilatelia.ro\/magazin\/produs\/colectii-anuale\/2013\/ceasul-florilor-ii\/\" class=\"\" rel=\"bookmark\">Cite\u0219te mai mult &raquo;<span class=\"screen-reader-text\">CEASUL FLORILOR (II)<\/span><\/a><\/p>\n","protected":false},"featured_media":2002891,"template":"","meta":{"neve_meta_sidebar":"","neve_meta_container":"","neve_meta_enable_content_width":"","neve_meta_content_width":0,"neve_meta_title_alignment":"","neve_meta_author_avatar":"","neve_post_elements_order":"","neve_meta_disable_header":"","neve_meta_disable_footer":"","neve_meta_disable_title":""},"product_cat":[105,6],"product_tag":[],"_links":{"self":[{"href":"https:\/\/romfilatelia.ro\/magazin\/wp-json\/wp\/v2\/product\/2001358"}],"collection":[{"href":"https:\/\/romfilatelia.ro\/magazin\/wp-json\/wp\/v2\/product"}],"about":[{"href":"https:\/\/romfilatelia.ro\/magazin\/wp-json\/wp\/v2\/types\/product"}],"wp:featuredmedia":[{"embeddable":true,"href":"https:\/\/romfilatelia.ro\/magazin\/wp-json\/wp\/v2\/media\/2002891"}],"wp:attachment":[{"href":"https:\/\/romfilatelia.ro\/magazin\/wp-json\/wp\/v2\/media?parent=2001358"}],"wp:term":[{"taxonomy":"product_cat","embeddable":true,"href":"https:\/\/romfilatelia.ro\/magazin\/wp-json\/wp\/v2\/product_cat?post=2001358"},{"taxonomy":"product_tag","embeddable":true,"href":"https:\/\/romfilatelia.ro\/magazin\/wp-json\/wp\/v2\/product_tag?post=2001358"}],"curies":[{"name":"wp","href":"https:\/\/api.w.org\/{rel}","templated":true}]}}