{"id":2001348,"date":"2013-03-29T09:06:39","date_gmt":"2013-03-29T09:06:39","guid":{"rendered":"http:\/\/romfilatelia.ro\/store\/2013\/03\/29\/obiecte-de-colecthie-aparate-foto\/"},"modified":"2016-07-29T13:08:06","modified_gmt":"2016-07-29T13:08:06","slug":"obiecte-de-colecthie-aparate-foto","status":"publish","type":"product","link":"https:\/\/romfilatelia.ro\/magazin\/produs\/colectii-anuale\/2013\/obiecte-de-colecthie-aparate-foto\/","title":{"rendered":"Obiecte de colec\u021bie \u2013 APARATE FOTO"},"content":{"rendered":"<p><a href=\"https:\/\/romfilatelia.ro\/magazin\/wp-content\/uploads\/2013\/03\/aparate_foto_M.jpg\"><img decoding=\"async\" loading=\"lazy\" class=\"alignleft wp-image-2002952 size-medium\" src=\"https:\/\/romfilatelia.ro\/magazin\/wp-content\/uploads\/2013\/03\/aparate_foto_M-289x300.jpg\" alt=\"aparate_foto_M\" width=\"289\" height=\"300\" srcset=\"https:\/\/romfilatelia.ro\/magazin\/wp-content\/uploads\/2013\/03\/aparate_foto_M-289x300.jpg 289w, https:\/\/romfilatelia.ro\/magazin\/wp-content\/uploads\/2013\/03\/aparate_foto_M-500x519.jpg 500w, https:\/\/romfilatelia.ro\/magazin\/wp-content\/uploads\/2013\/03\/aparate_foto_M-64x66.jpg 64w, https:\/\/romfilatelia.ro\/magazin\/wp-content\/uploads\/2013\/03\/aparate_foto_M.jpg 578w\" sizes=\"(max-width: 289px) 100vw, 289px\" \/><\/a> Pentru colec\u0163ionarii pasiona\u0163i de tematicile care abordeaz\u00e3 domeniul tehnicii fotografice <strong>Romfilatelia<\/strong> introduce \u00een circula\u0163ie emisiunea <strong><em>Obiecte de colec\u0163ie \u2013 Aparate foto<\/em><\/strong>.<\/p>\n<p>Cuv\u00e2ntul <strong><em>fotografie<\/em><\/strong>, care asociaz\u00e3 dou\u00e3 no\u0163iuni provenite din limba greac\u00e3, <em>fotos<\/em> \u015fi <em>grafein<\/em>, se traduce simplu \u00een vorbirea curent\u00e3: <strong><em>scrierea cu lumin\u00e3<\/em><\/strong>.<\/p>\n<p>Alchimi\u015ftii evului mediu cuno\u015fteau faptul c\u00e3 o substan\u0163\u00e3, clorura de argint, se \u00eennegrea dup\u00e3 expunerea la lumin\u00e3. \u00cembin\u00e2nd aceast\u00e3 proprietate cu efectul de fixare a imaginii pe o plac\u00e3, la \u00eenceput metalic\u00e3, prin scufundarea ei dup\u00e3 expunere \u00een solu\u0163ie de hiposulfit de sodiu, s-au realizat primele imagini fotografice.<\/p>\n<p>Cel dint\u00e2i pas important \u00een fotografie l-a realizat fizicianul Joseph Niepce, care, \u00een anul 1829, \u00eembina toate procedurile cunoscute p\u00e2n\u00e3 atunci pentru a fixa o imagine pe o plac\u00e3 metalic\u00e3 cu depunere de halogenur\u00e3 de argint, de atunci dat\u00e2nd \u015fi cea mai veche fotografie.<\/p>\n<p>Evolu\u0163ia tehnic\u00e3 a aparatelor de fotografiat a fost legat\u00e3 de perfec\u0163ionarea suportului fotosensibil \u015fi a sistemelor optice destinate ob\u0163inerii unei imagini c\u00e2t mai clare; \u00een acest sens, \u00een a doua jum\u00e3tate a sec. al XIX-lea, obiectivele s-au perfec\u0163ionat fiind calculate \u015fi construite de ilu\u015ftri opticieni.<\/p>\n<p>Un reper important al evolu\u0163iei aparatelor foto este anul 1884 c\u00e2nd George Eastman a reu\u015fit s\u00e3 produc\u00e3 primul suport sensibil flexibil \u201erollfilm\u201d care a permis miniaturizarea a\u015fa-zisei camere fotografice. Un aparat cunoscut, adaptat noului suport sensibil a fost realizat de Eastman \u00een anul 1888. Evolu\u0163ia aparaturii foto a avut \u00een vedere perfec\u0163ionarea lentilelor \u015fi precizia mecanismelor de reglare care asigurau timpii de expunere, claritatea imaginii \u015fi cantitatea de lumin\u00e3 (influen\u0163at\u00e3 de deschiderea diafragmelor).<\/p>\n<p>Dup\u00e3 apari\u0163ia tehnicii digitale pentru realizarea fotografiilor (la care se adaug\u00e3 posibilit\u00e3\u0163ile de transmitere rapid\u00e3 a imaginilor) aparatele clasice care au folosit pl\u00e3ci fotosensibile sau filme au devenit obiecte de colec\u0163ie.<\/p>\n<p>Emisiunea abordat\u00e3 de <strong>Romfilatelia<\/strong> ilustreaz\u00e3 pe timbrele po\u015ftale aparate foto de epoc\u00e3 apar\u0163in\u00e2nd colec\u0163iei <em>Muzeului Tehnic din Bucure\u015fti<\/em>. Trebuie remarcat faptul c\u00e3 dou\u00e3 timbre po\u015ftale reproduc imaginile unor aparate foto care au fost donate de \u00eentemeietorul Muzeului Tehnic, Dimitrie Leonida \u015fi de so\u0163ia acestuia, Iulia Leonida.<\/p>\n<p><strong>Aparatul de fotografiat cu burduf Goldmann (Austria)<\/strong> este ilustrat pe timbrul cu valoarea nominal\u00e3 de <strong>0,50 lei<\/strong>. Destinat fotografierii pe pl\u00e3ci format 18&#215;24 cm, aparatul realizat \u00een jurul anului 1900, reprezint\u00e3 produsul firmei Goldmann RA Fabrik Photographischer APPARATE, fondat\u00e3 \u00een anul 1888. Aparatul, de bun\u00e3 calitate, a fost utilizat cu succes de c\u00e3tre amatori \u015fi profesioni\u015fti.<\/p>\n<p><strong>Aparatul de fotografiat Manufacture D`optique E.Suter, Bale (Elve\u0163ia)<\/strong> este ilustrat pe timbrul cu valoarea nominal\u00e3 de <strong>0,80 lei<\/strong>. Produs elve\u0163ian din al doilea deceniu al secolului XX, aparatul a fost realizat de firma Optische Anstalt E. Suter AG, a c\u00e3rei existen\u0163\u00e3 a fost men\u0163ionat\u00e3 p\u00e2n\u00e3 \u00een anul 2005. Aparatul a fost donat de Iulia Leonida (so\u0163ia lui Dimitrie Leonida) domnului Serincu \u0218tefan (fost salariat al muzeului). Acesta l-a donat \u00een anul 1982 Muzeului Tehnic.<\/p>\n<p><strong>Aparatul de fotografiat Plaubell Makina (Germania)<\/strong> este ilustrat pe timbrul cu valoarea nominal\u00e3 de <strong>1,40 lei<\/strong>. Aparatul a fost produs \u00een al doilea deceniu al secolului XX de firma Plaubell GmbH \u00eenfiin\u0163at\u00e3 \u00een anul 1902 de Hugo Schrader. La \u00eenceputul existen\u0163ei sale firma a produs \u015fi comercializat lentile de foarte bun\u00e3 calitate. Aparat cu burduf, tipul Plaubell Makina dispunea de telemetru pentru focalizare. Fabricarea aparatelor foto de tip Plaubell a \u00eencetat \u00een anul 1953.<\/p>\n<p><strong>Aparatul de fotografiat Ernemann Tropen-Klapp (Germania)<\/strong> este ilustrat pe timbrul cu valoarea nominal\u00e3 de <strong>2,00 lei<\/strong>. Fabricat \u00een deceniul al treilea al secolului XX, este un aparat rabatabil Tropen Klapp (tropical), produs al firmei Ernemann, una dintre cele mai prestigioase firme \u00een domeniu, cu fabrica \u00een Dresda. Aparatul reprodus pe timbrul po\u015ftal a apar\u0163inut lui Dimitrie Leonida.<\/p>\n<p><strong>Aparatul de fotografiat Balda Pontina (Germania)<\/strong> este ilustrat pe timbrul cu valoarea nominal\u00e3 de <strong>2,10 lei<\/strong>. Produs \u00een deceniul patru al secolului XX, aparatul apar\u0163ine companiei produc\u00e3toare Balda-Werk. Dup\u00e3 al Doilea R\u00e3zboi Mondial, Balda, la fel ca alte companii din Dresda, a fost na\u0163ionalizat\u00e3 sub control rusesc. Max Baldeweg a \u00eenfiin\u0163at o nou\u00e3 companie, numit\u00e3, de asemenea, Balda (Balda Kamera-Werk), cu sediul \u00een B\u00fcnde, Germania de Vest.<\/p>\n<p>Pe timbrul cu valoarea nominal\u00e3 de <strong>14,50 lei<\/strong> este ilustrat <strong>aparatul de fotografiat Welta (Germania)<\/strong>. Aparatul, realizat \u00een al patrulea deceniu al secolului XX, a avut ca produc\u00e3tor compania german\u00e3 Welta, \u00eenfiin\u0163at\u00e3 \u00een anul 1914 sub numele Weeka-Kamera-Werk. Dup\u00e3 r\u00e3zboi Welta a perfec\u0163ionat vechile modele, fiind reorganizat\u00e3 ca o companie de stat (Veb Welta-Kamera-Werk).<\/p>\n<p><strong>Aparatul de fotografiat Rolleiflex (Germania)<\/strong>, fabricat \u00eenanul 1961 este ilustrat pe plicul prima zi a emisiunii. A fost produs ini\u0163ial de compania german\u00e3 Franke &amp; Heidecke \u00eencep\u00e2nd cu anul 1929 \u015fi mai t\u00e2rziu de Rollei-Werk. Este prev\u00e3zut cu dou\u00e3 obiective: Carl Zeiss Jena Tessar (3,5\/75 mm) \u015fi Heidsomat (2,8\/75 mm). Cu ajutorul acestui tip de aparat au fost realizate fotografii de foarte bun\u00e3 calitate.<\/p>\n<p><strong><em>Mul\u0163umim Muzeului Tehnic \u201cDimitrie Leonida\u201d pentru sprijinul documentar acordat la realizarea acestei emisiuni de m\u00e3rci po\u015ftale. <\/em><\/strong><\/p>\n<p>&nbsp;<\/p>\n<p>Data Aparitie:2013-03-29<\/p>\n<p><a href=\"https:\/\/romfilatelia.ro\/magazin\/wp-content\/uploads\/2013\/03\/aparate_foto_box.jpg\"><img decoding=\"async\" loading=\"lazy\" class=\"wp-image-2002953 size-full aligncenter\" src=\"https:\/\/romfilatelia.ro\/magazin\/wp-content\/uploads\/2013\/03\/aparate_foto_box.jpg\" alt=\"aparate_foto_box\" width=\"600\" height=\"319\" srcset=\"https:\/\/romfilatelia.ro\/magazin\/wp-content\/uploads\/2013\/03\/aparate_foto_box.jpg 600w, https:\/\/romfilatelia.ro\/magazin\/wp-content\/uploads\/2013\/03\/aparate_foto_box-500x266.jpg 500w, https:\/\/romfilatelia.ro\/magazin\/wp-content\/uploads\/2013\/03\/aparate_foto_box-64x34.jpg 64w, https:\/\/romfilatelia.ro\/magazin\/wp-content\/uploads\/2013\/03\/aparate_foto_box-300x160.jpg 300w\" sizes=\"(max-width: 600px) 100vw, 600px\" \/><\/a><\/p>\n","protected":false},"excerpt":{"rendered":"<p>Pentru colec\u0163ionarii pasiona\u0163i de tematicile care abordeaz\u00e3 domeniul tehnicii fotografice Romfilatelia introduce \u00een circula\u0163ie emisiunea Obiecte de colec\u0163ie \u2013 Aparate foto. Cuv\u00e2ntul fotografie, care asociaz\u00e3 dou\u00e3 no\u0163iuni provenite din limba greac\u00e3, fotos \u015fi grafein, se traduce simplu \u00een vorbirea curent\u00e3: scrierea cu lumin\u00e3. Alchimi\u015ftii evului mediu cuno\u015fteau faptul c\u00e3 o substan\u0163\u00e3, clorura de argint, se&hellip;&nbsp;<a href=\"https:\/\/romfilatelia.ro\/magazin\/produs\/colectii-anuale\/2013\/obiecte-de-colecthie-aparate-foto\/\" class=\"\" rel=\"bookmark\">Cite\u0219te mai mult &raquo;<span class=\"screen-reader-text\">Obiecte de colec\u021bie \u2013 APARATE FOTO<\/span><\/a><\/p>\n","protected":false},"featured_media":2002952,"template":"","meta":{"neve_meta_sidebar":"","neve_meta_container":"","neve_meta_enable_content_width":"","neve_meta_content_width":0,"neve_meta_title_alignment":"","neve_meta_author_avatar":"","neve_post_elements_order":"","neve_meta_disable_header":"","neve_meta_disable_footer":"","neve_meta_disable_title":""},"product_cat":[105,6],"product_tag":[],"_links":{"self":[{"href":"https:\/\/romfilatelia.ro\/magazin\/wp-json\/wp\/v2\/product\/2001348"}],"collection":[{"href":"https:\/\/romfilatelia.ro\/magazin\/wp-json\/wp\/v2\/product"}],"about":[{"href":"https:\/\/romfilatelia.ro\/magazin\/wp-json\/wp\/v2\/types\/product"}],"wp:featuredmedia":[{"embeddable":true,"href":"https:\/\/romfilatelia.ro\/magazin\/wp-json\/wp\/v2\/media\/2002952"}],"wp:attachment":[{"href":"https:\/\/romfilatelia.ro\/magazin\/wp-json\/wp\/v2\/media?parent=2001348"}],"wp:term":[{"taxonomy":"product_cat","embeddable":true,"href":"https:\/\/romfilatelia.ro\/magazin\/wp-json\/wp\/v2\/product_cat?post=2001348"},{"taxonomy":"product_tag","embeddable":true,"href":"https:\/\/romfilatelia.ro\/magazin\/wp-json\/wp\/v2\/product_tag?post=2001348"}],"curies":[{"name":"wp","href":"https:\/\/api.w.org\/{rel}","templated":true}]}}