{"id":2001332,"date":"2012-09-01T08:32:31","date_gmt":"2012-09-01T08:32:31","guid":{"rendered":"http:\/\/romfilatelia.ro\/store\/2012\/09\/01\/fiare-de-calcat-ii-colecthii-romanesti\/"},"modified":"2016-08-03T12:49:58","modified_gmt":"2016-08-03T12:49:58","slug":"fiare-de-calcat-ii-colecthii-romanesti","status":"publish","type":"product","link":"https:\/\/romfilatelia.ro\/magazin\/produs\/colectii-anuale\/2012\/fiare-de-calcat-ii-colecthii-romanesti\/","title":{"rendered":"FIARE DE C\u00c3LCAT (II) \u2013 Colec\u021bii rom\u00e2ne\u015fti"},"content":{"rendered":"<p><a href=\"https:\/\/romfilatelia.ro\/magazin\/wp-content\/uploads\/2012\/08\/Fiare2_M.jpg\"><img decoding=\"async\" loading=\"lazy\" class=\"alignleft wp-image-2003206 size-medium\" src=\"https:\/\/romfilatelia.ro\/magazin\/wp-content\/uploads\/2012\/08\/Fiare2_M-300x300.jpg\" alt=\"Fiare2_M\" width=\"300\" height=\"300\" srcset=\"https:\/\/romfilatelia.ro\/magazin\/wp-content\/uploads\/2012\/08\/Fiare2_M-300x300.jpg 300w, https:\/\/romfilatelia.ro\/magazin\/wp-content\/uploads\/2012\/08\/Fiare2_M-250x250.jpg 250w, https:\/\/romfilatelia.ro\/magazin\/wp-content\/uploads\/2012\/08\/Fiare2_M-100x100.jpg 100w, https:\/\/romfilatelia.ro\/magazin\/wp-content\/uploads\/2012\/08\/Fiare2_M-500x500.jpg 500w, https:\/\/romfilatelia.ro\/magazin\/wp-content\/uploads\/2012\/08\/Fiare2_M-64x64.jpg 64w, https:\/\/romfilatelia.ro\/magazin\/wp-content\/uploads\/2012\/08\/Fiare2_M-150x150.jpg 150w, https:\/\/romfilatelia.ro\/magazin\/wp-content\/uploads\/2012\/08\/Fiare2_M-53x53.jpg 53w, https:\/\/romfilatelia.ro\/magazin\/wp-content\/uploads\/2012\/08\/Fiare2_M-85x85.jpg 85w, https:\/\/romfilatelia.ro\/magazin\/wp-content\/uploads\/2012\/08\/Fiare2_M-570x570.jpg 570w, https:\/\/romfilatelia.ro\/magazin\/wp-content\/uploads\/2012\/08\/Fiare2_M-380x380.jpg 380w, https:\/\/romfilatelia.ro\/magazin\/wp-content\/uploads\/2012\/08\/Fiare2_M-285x285.jpg 285w, https:\/\/romfilatelia.ro\/magazin\/wp-content\/uploads\/2012\/08\/Fiare2_M.jpg 600w\" sizes=\"(max-width: 300px) 100vw, 300px\" \/><\/a> Apari\u0163ia fiarelor de c\u00e3lcat este rezultatul c\u00e3ut\u00e3rilor produc\u00e3torilor de m\u00e3rfuri vestimentare \u00een vederea punerii de acord a preten\u0163iilor consumatorilor \u00een raport cu evolu\u0163ia modei.<\/p>\n<p>Tehnologia de fabrica\u0163ie a utilizat solu\u0163ii care trebuiau s\u00e3 coreleze forma \u015fi greutatea fiarelor de c\u00e3lcat cu modul \u00een care era asigurat\u00e3 sursa de c\u00e3ldur\u00e3. Primele modele care utilizau c\u00e3rbunele erau prev\u00e3zute cu sisteme ingenioase de acces al aerului pentru a \u00eentre\u0163ine arderea \u015fi a reduce cantitatea de fum degajat.<\/p>\n<p>Aspectul fiarelor de c\u00e3lcat, cu forme care imitau p\u00e3s\u00e3ri, animale, nave, a constituit un element important pentru comercializarea lor. Odat\u00e3 cu apari\u0163ia fierului de c\u00e3lcat electric \u015fi mai apoi a celui cu abur, care devine popular dup\u00e3 anul 1940, schimb\u00e3rile experimentate pe pia\u0163a acestora devin din ce \u00een ce mai dese. Prima companie care introduce fierul de c\u00e3lcat cu abur, care realiza mai u\u015for aplatizarea \u015fi finisarea \u0163es\u00e3turii \u00eencre\u0163ite, este Compania Eldec.<\/p>\n<p>Au urmat apoi noi transform\u00e3ri \u00een privin\u0163a designului adaptat gusturilor, obiceiurilor de consum \u015fi necesit\u00e3\u0163ilor consumatorului.<\/p>\n<p>Concuren\u0163a firmelor care realizeaz\u00e3 fiare de c\u00e3lcat vizeaz\u00e3, \u00een afara moderniz\u00e3rii acestora, u\u015furin\u0163a \u00een folosire, consumurile energetice reduse \u015fi fiabilitatea.<\/p>\n<p>Ast\u00e3zi, clasificarea fiarelor de c\u00e3lcat electrice se face \u00een func\u0163ie de reglarea temperaturii, de producerea vaporilor, de tipul de comand\u00e3 a declan\u015f\u00e3rii vaporilor, de pulverizarea apei, de tensiunea de alimentare ori \u00een func\u0163ie de utilizare, cum ar fi fiare de c\u00e3lcat pentru uz industrial, casnic, general ori pentru voiaj.<\/p>\n<p>Dar, fierul de c\u00e3lcat a c\u00e3p\u00e3tat \u00eenc\u00e3 de la \u00eenceput \u015fi o alt\u00e3 utilitate, \u00een afar\u00e3 de a fi folosit la c\u00e3lcarea hainelor, a devenit \u015fi un r\u00e3sp\u00e2ndit produs de colec\u0163ie. Foarte mul\u0163i colec\u0163ionari, pasiona\u0163i de acest obiect casnic, au adunat \u00een timp zeci \u015fi sute de astfel de obiecte. Ele sunt prezentate \u00een timpul congreselor ce au loc \u00een diferite ora\u015fe ale Europei.<\/p>\n<p>Anul acesta, la Sinaia, \u00eentre 1 \u015fi 3 septembrie are loc cel de-al 14-lea Congres Interna\u0163ional al Colec\u0163ionarilor de Fiare de C\u00e3lcat.<\/p>\n<p>Acest Congres se organizeaz\u00e3 o dat\u00e3 la 3 ani, iar \u00een 2012 se desf\u00e3\u015foar\u00e3 pentru prima dat\u00e3 \u00een Rom\u00e2nia.<\/p>\n<p>Cu aceast\u00e3 ocazie, <strong>Romfilatelia<\/strong> completeaz\u00e3 prima serie a unei emisiuni filatelice cu tematic\u00e3 inedit\u00e3 \u015fi introduce \u00een circula\u0163ie emisiunea de m\u00e3rci po\u015ftale <strong><em>Fiare de C\u00e3lcat (II) \u2013 Colec\u0163ii rom\u00e2ne\u015fti<\/em><\/strong>, compus\u00e3 din \u015fase timbre \u015fi o coli\u0163\u00e3 nedantelat\u00e3.<\/p>\n<p>Pe m\u00e3rcile po\u015ftale sunt ilustrate fiare de c\u00e3lcat din diferite secole din Belgia, Birmania (Uniunea Myanmar), Italia, Elve\u0163ia, Suedia \u015fi Statele Unite ale Americii.<\/p>\n<p>Data Aparitie:2012-09-01<\/p>\n<p><a href=\"https:\/\/romfilatelia.ro\/magazin\/wp-content\/uploads\/2012\/08\/Fiare2_box.jpg\"><img decoding=\"async\" loading=\"lazy\" class=\"wp-image-2003207 size-full aligncenter\" src=\"https:\/\/romfilatelia.ro\/magazin\/wp-content\/uploads\/2012\/08\/Fiare2_box.jpg\" alt=\"Fiare2_box\" width=\"618\" height=\"750\" srcset=\"https:\/\/romfilatelia.ro\/magazin\/wp-content\/uploads\/2012\/08\/Fiare2_box.jpg 618w, https:\/\/romfilatelia.ro\/magazin\/wp-content\/uploads\/2012\/08\/Fiare2_box-500x607.jpg 500w, https:\/\/romfilatelia.ro\/magazin\/wp-content\/uploads\/2012\/08\/Fiare2_box-64x78.jpg 64w, https:\/\/romfilatelia.ro\/magazin\/wp-content\/uploads\/2012\/08\/Fiare2_box-247x300.jpg 247w\" sizes=\"(max-width: 618px) 100vw, 618px\" \/><\/a><\/p>\n","protected":false},"excerpt":{"rendered":"<p>Apari\u0163ia fiarelor de c\u00e3lcat este rezultatul c\u00e3ut\u00e3rilor produc\u00e3torilor de m\u00e3rfuri vestimentare \u00een vederea punerii de acord a preten\u0163iilor consumatorilor \u00een raport cu evolu\u0163ia modei. Tehnologia de fabrica\u0163ie a utilizat solu\u0163ii care trebuiau s\u00e3 coreleze forma \u015fi greutatea fiarelor de c\u00e3lcat cu modul \u00een care era asigurat\u00e3 sursa de c\u00e3ldur\u00e3. Primele modele care utilizau c\u00e3rbunele erau&hellip;&nbsp;<a href=\"https:\/\/romfilatelia.ro\/magazin\/produs\/colectii-anuale\/2012\/fiare-de-calcat-ii-colecthii-romanesti\/\" class=\"\" rel=\"bookmark\">Cite\u0219te mai mult &raquo;<span class=\"screen-reader-text\">FIARE DE C\u00c3LCAT (II) \u2013 Colec\u021bii rom\u00e2ne\u015fti<\/span><\/a><\/p>\n","protected":false},"featured_media":2003206,"template":"","meta":{"neve_meta_sidebar":"","neve_meta_container":"","neve_meta_enable_content_width":"","neve_meta_content_width":0,"neve_meta_title_alignment":"","neve_meta_author_avatar":"","neve_post_elements_order":"","neve_meta_disable_header":"","neve_meta_disable_footer":"","neve_meta_disable_title":""},"product_cat":[106,6],"product_tag":[],"_links":{"self":[{"href":"https:\/\/romfilatelia.ro\/magazin\/wp-json\/wp\/v2\/product\/2001332"}],"collection":[{"href":"https:\/\/romfilatelia.ro\/magazin\/wp-json\/wp\/v2\/product"}],"about":[{"href":"https:\/\/romfilatelia.ro\/magazin\/wp-json\/wp\/v2\/types\/product"}],"wp:featuredmedia":[{"embeddable":true,"href":"https:\/\/romfilatelia.ro\/magazin\/wp-json\/wp\/v2\/media\/2003206"}],"wp:attachment":[{"href":"https:\/\/romfilatelia.ro\/magazin\/wp-json\/wp\/v2\/media?parent=2001332"}],"wp:term":[{"taxonomy":"product_cat","embeddable":true,"href":"https:\/\/romfilatelia.ro\/magazin\/wp-json\/wp\/v2\/product_cat?post=2001332"},{"taxonomy":"product_tag","embeddable":true,"href":"https:\/\/romfilatelia.ro\/magazin\/wp-json\/wp\/v2\/product_tag?post=2001332"}],"curies":[{"name":"wp","href":"https:\/\/api.w.org\/{rel}","templated":true}]}}