{"id":2001328,"date":"2012-07-16T08:28:05","date_gmt":"2012-07-16T08:28:05","guid":{"rendered":"http:\/\/romfilatelia.ro\/store\/2012\/07\/16\/ziua-marcii-poatale-romaneati-125-de-ani-institutul-nathional-victor-babes\/"},"modified":"2016-08-03T12:22:22","modified_gmt":"2016-08-03T12:22:22","slug":"ziua-marcii-poatale-romaneati-125-de-ani-institutul-nathional-victor-babes","status":"publish","type":"product","link":"https:\/\/romfilatelia.ro\/magazin\/produs\/colectii-anuale\/2012\/ziua-marcii-poatale-romaneati-125-de-ani-institutul-nathional-victor-babes\/","title":{"rendered":"ZIUA M\u00c3RCII PO\u0218TALE ROM\u00c2NE\u0218TI  \/  125 de ani &#8211; Institutul Na\u021bional \u201eVictor Babe\u015f\u201c"},"content":{"rendered":"<p><img decoding=\"async\" loading=\"lazy\" class=\"alignleft wp-image-2003245 size-medium\" src=\"https:\/\/romfilatelia.ro\/magazin\/wp-content\/uploads\/2012\/07\/zmpr_2012_M-300x221.jpg\" alt=\"image description\" width=\"300\" height=\"221\" srcset=\"https:\/\/romfilatelia.ro\/magazin\/wp-content\/uploads\/2012\/07\/zmpr_2012_M-300x221.jpg 300w, https:\/\/romfilatelia.ro\/magazin\/wp-content\/uploads\/2012\/07\/zmpr_2012_M-500x368.jpg 500w, https:\/\/romfilatelia.ro\/magazin\/wp-content\/uploads\/2012\/07\/zmpr_2012_M-64x47.jpg 64w, https:\/\/romfilatelia.ro\/magazin\/wp-content\/uploads\/2012\/07\/zmpr_2012_M.jpg 600w\" sizes=\"(max-width: 300px) 100vw, 300px\" \/><\/p>\n<p>\u00cen urm\u00e3 cu 125 ani, pe 28 aprilie 1887, a fost \u00eenfiin\u0163at la Bucure\u015fti <em>Institutul de Patologie \u015fi Bacteriologie<\/em>, care poart\u00e3 ast\u00e3zi numele fondatorului s\u00e3u, profesorul Victor Babe\u015f. Este cel mai vechi institut de cercetare \u015ftiin\u0163ific\u00e3 din Rom\u00e2nia, \u00een avangarda cercet\u00e3rii \u00een domeniul patologiei umane \u015fi al \u015ftiin\u0163elor biomedicale la nivel na\u0163ional \u015fi interna\u0163ional.<\/p>\n<p>Institutul a fost conceput ini\u0163ial ca o \u015fcoal\u00e3 practic\u00e3 superioar\u00e3 pentru personalul din domeniul sanitar \u015fi ca un institut medical complex, dup\u00e3 modelul Institutului Pasteur de la Paris, cu sec\u0163ii de anatomie patologic\u00e3, bacteriologie, vaccinare antirabic\u00e3, patologie veterinar\u00e3, serologie \u015fi chimie. \u00cen timp, o parte dintre aceste domenii de activitate au fost preluate de Institutul Cantacuzino, Institutul de Igien\u00e3 \u015fi S\u00e3n\u00e3tate Public\u00e3, Institutul de Virusologie, Institutul Pasteur din Bucure\u015fti. Institutul func\u0163ioneaz\u00e3 din anul 1899 p\u00e2n\u00e3 \u00een prezent \u00eentr-o cl\u00e3dire monumental\u00e3 de pe malul D\u00e2mbovi\u0163ei.<\/p>\n<p>\u00centreaga istorie a Institutului este str\u00e2ns legat\u00e3 de activitatea fondatorului s\u00e3u, profesorul Victor Babe\u015f (1854-1926), membru al Academiei Rom\u00e2ne, al Academiei de Medicin\u00e3 din Paris \u015fi al Comitetului Interna\u0163ional pentru Combaterea Leprei.<\/p>\n<p>Profesorul Babe\u015f a fost distins cu premii academice, de c\u00e3tre Academia de \u0218tiin\u0163e din Paris, cu premiul \u201eMontyon\u201c, \u00een 1886 \u015fi 1924, \u015fi premiul \u201eBreant\u201c \u00een 1913 \u015fi a fost Cavaler al Legiunii de Onoare (Fran\u0163a).<\/p>\n<p>Savantul rom\u00e2n a fost unul dintre creatorii microbiologiei moderne \u015fi a avut contribu\u0163ii esen\u0163iale \u00een studiul turb\u00e3rii, leprei, difteriei, tuberculozei, pelagrei, malariei etc. Profesorul Babe\u015f a descoperit corpusculii virotici din celulele creierului animalelor turbate (\u201ecorpusculii Babe\u015f \u2013 Negri\u201c) \u015fi peste 50 de germeni patogeni. \u00cen memoria sa, au fost denumi\u0163i <em>\u201ebabe\u015fii\u201c<\/em>, agen\u0163ii patogeni care provoac\u00e3 unele boli la animale (<em>babesioze<\/em>).<\/p>\n<p>Profesorul Babe\u015f a inventat o metod\u00e3 original\u00e3, de imunizare antirabic\u00e3 (1888).<\/p>\n<p>Ca director al Institutului, profesorul Babe\u015f a abordat problemele medico-sociale stringente ale acelor vremuri. \u00cen anul 1888 a \u00eenfiin\u0163at, \u00een Bucure\u015fti al doilea centru de vaccinare antirabic\u00e3 din lume, dup\u00e3 cel \u00eenfiin\u0163at de Louis Pasteur la Paris. \u00cen anul 1913 a contribuit la combaterea epidemiei de holer\u00e3 din Bulgaria, prin prepararea \u015fi utilizarea unui vaccin. A contribuit la organizarea sistemului sanitar din Rom\u00e2nia \u015fi a preconizat \u00eenfiin\u0163area unui Minister al S\u00e3n\u00e3t\u00e3\u0163ii.<\/p>\n<p>\u00cempreun\u00e3 cu savantul francez Andr\u00e9-Victor Cornil, profesorul Victor Babe\u015f a elaborat \u00een anul 1885 primul tratat de bacteriologie din lume <em>\u201eLes bacteries et leur r\u00f4le dans l\u2019anatomie et l\u2019histologie pathologiques de maladie infectieuse\u201c<\/em>.<\/p>\n<p>Profesorul Babe\u015f a pus bazele unor publica\u0163ii \u015ftiin\u0163ifice valoroase, cum ar fi \u201eAnalele Institutului de Patologie \u015fi Bacteriologie\u201c (1889), \u201eRom\u00e2nia Medical\u00e3\u201c (1893) \u015fi \u201eArchives des Sciences Medicales\u201c (1895).<\/p>\n<p>Profesorul Babe\u015f a \u00eenfiin\u0163at \u00een anul 1900, la Bucure\u015fti, Societatea Anatomic\u00e3 d\u00e2nd un impuls studiilor anatomo-patologice din \u0163ara noastr\u00e3, a c\u00e3rei tradi\u0163ie este p\u00e3strat\u00e3 vie \u00een Sec\u0163ia de Patologie a institutului.<\/p>\n<p>\u00cen prezent, Institutul Na\u0163ional de Cercetare-Dezvoltare \u00een Domeniul Patologiei \u015fi \u0218tiin\u0163elor Biomedicale \u201eVictor Babe\u015f\u201c \u00eembin\u00e3 armonios istoria cu cele mai noi cuceriri tehnologice. Institutul este organizat \u00een 3 sec\u0163ii &#8211; patologie, imunologie, medicin\u00e3 celular\u00e3 \u015fi molecular\u00e3, \u00een care se desf\u00e3\u015foar\u00e3 o intens\u00e3 activitate de cercetare fundamental\u00e3 \u015fi aplicativ\u00e3 \u00een domeniul patologiei umane \u015fi al terapiei, ale c\u00e3rei rezultate sunt translatate c\u00e3tre centrul de diagnostic \u015fi c\u00e3tre clinicile partenere. Institutul este un pol de excelen\u0163\u00e3 \u00een studiul \u0163esutului conjunctiv \u015fi al unui nou tip de celule, <em>telocitele<\/em>.<\/p>\n<p>\u00cen plus, institutul este implicat \u00een instruirea speciali\u015ftilor \u00een domeniile mai sus men\u0163ionate \u015fi al tehnologiilor de v\u00e2rf utilizate \u00een diagnosticul cancerului, bolilor neurodegenerative,cardiovasculare, al disfunc\u0163iilor imune etc.<\/p>\n<p>Cu ocazia anivers\u00e3rii a 125 de ani de la \u00eenfiin\u0163area Institutului \u201eVictor Babe\u015f\u201c, <strong>Romfilatelia<\/strong> introduce \u00een circula\u0163ie emisiunea de m\u00e3rci po\u015ftale <strong><em>Ziua M\u00e3rcii Po\u015ftale Rom\u00e2ne\u015fti, 125 de ani &#8211; Institutul Na\u0163ional \u201eVictor Babe\u015f\u201c<\/em><\/strong> alc\u00e3tuit\u00e3 din dou\u00e3 m\u00e3rci po\u015ftale pe care sunt ilustrate cl\u00e3direa Institutului \u015fi figura savantului Victor Babe\u015f.<\/p>\n<p>&nbsp;<\/p>\n<p><strong><em>Aducem mul\u0163umiri Institutului Na\u0163ional de Cercetare-Dezvoltare \u00een Domeniul Patologiei \u015fi \u0218tiin\u0163elor Biomedicale \u201eVictor Babe\u015f\u201c \u015fi Muzeului Memorial \u201eProf. Dr. Victor Babe\u015f\u201c (Muzeul Municipiului Bucure\u015fti) pentru consultan\u0163a documentar\u00e3 acordat\u00e3 la realizarea acestei emisiuni de m\u00e3rci po\u015ftale.<\/em><\/strong><\/p>\n<p>Data Aparitie:2012-07-16<\/p>\n<p><a href=\"https:\/\/romfilatelia.ro\/magazin\/wp-content\/uploads\/2012\/07\/zmpr_2012_box.jpg\"><img decoding=\"async\" loading=\"lazy\" class=\"wp-image-2003246 size-full aligncenter\" src=\"https:\/\/romfilatelia.ro\/magazin\/wp-content\/uploads\/2012\/07\/zmpr_2012_box.jpg\" alt=\"zmpr_2012_box\" width=\"750\" height=\"570\" srcset=\"https:\/\/romfilatelia.ro\/magazin\/wp-content\/uploads\/2012\/07\/zmpr_2012_box.jpg 750w, https:\/\/romfilatelia.ro\/magazin\/wp-content\/uploads\/2012\/07\/zmpr_2012_box-500x380.jpg 500w, https:\/\/romfilatelia.ro\/magazin\/wp-content\/uploads\/2012\/07\/zmpr_2012_box-64x49.jpg 64w, https:\/\/romfilatelia.ro\/magazin\/wp-content\/uploads\/2012\/07\/zmpr_2012_box-300x228.jpg 300w\" sizes=\"(max-width: 750px) 100vw, 750px\" \/><\/a><\/p>\n","protected":false},"excerpt":{"rendered":"<p>\u00cen urm\u00e3 cu 125 ani, pe 28 aprilie 1887, a fost \u00eenfiin\u0163at la Bucure\u015fti Institutul de Patologie \u015fi Bacteriologie, care poart\u00e3 ast\u00e3zi numele fondatorului s\u00e3u, profesorul Victor Babe\u015f. Este cel mai vechi institut de cercetare \u015ftiin\u0163ific\u00e3 din Rom\u00e2nia, \u00een avangarda cercet\u00e3rii \u00een domeniul patologiei umane \u015fi al \u015ftiin\u0163elor biomedicale la nivel na\u0163ional \u015fi interna\u0163ional. Institutul&hellip;&nbsp;<a href=\"https:\/\/romfilatelia.ro\/magazin\/produs\/colectii-anuale\/2012\/ziua-marcii-poatale-romaneati-125-de-ani-institutul-nathional-victor-babes\/\" class=\"\" rel=\"bookmark\">Cite\u0219te mai mult &raquo;<span class=\"screen-reader-text\">ZIUA M\u00c3RCII PO\u0218TALE ROM\u00c2NE\u0218TI  \/  125 de ani &#8211; Institutul Na\u021bional \u201eVictor Babe\u015f\u201c<\/span><\/a><\/p>\n","protected":false},"featured_media":2003245,"template":"","meta":{"neve_meta_sidebar":"","neve_meta_container":"","neve_meta_enable_content_width":"","neve_meta_content_width":0,"neve_meta_title_alignment":"","neve_meta_author_avatar":"","neve_post_elements_order":"","neve_meta_disable_header":"","neve_meta_disable_footer":"","neve_meta_disable_title":""},"product_cat":[106,6],"product_tag":[],"_links":{"self":[{"href":"https:\/\/romfilatelia.ro\/magazin\/wp-json\/wp\/v2\/product\/2001328"}],"collection":[{"href":"https:\/\/romfilatelia.ro\/magazin\/wp-json\/wp\/v2\/product"}],"about":[{"href":"https:\/\/romfilatelia.ro\/magazin\/wp-json\/wp\/v2\/types\/product"}],"wp:featuredmedia":[{"embeddable":true,"href":"https:\/\/romfilatelia.ro\/magazin\/wp-json\/wp\/v2\/media\/2003245"}],"wp:attachment":[{"href":"https:\/\/romfilatelia.ro\/magazin\/wp-json\/wp\/v2\/media?parent=2001328"}],"wp:term":[{"taxonomy":"product_cat","embeddable":true,"href":"https:\/\/romfilatelia.ro\/magazin\/wp-json\/wp\/v2\/product_cat?post=2001328"},{"taxonomy":"product_tag","embeddable":true,"href":"https:\/\/romfilatelia.ro\/magazin\/wp-json\/wp\/v2\/product_tag?post=2001328"}],"curies":[{"name":"wp","href":"https:\/\/api.w.org\/{rel}","templated":true}]}}