{"id":2001307,"date":"2011-10-14T08:02:56","date_gmt":"2011-10-14T08:02:56","guid":{"rendered":"http:\/\/romfilatelia.ro\/store\/2011\/10\/14\/zodiac-ii\/"},"modified":"2016-08-05T11:20:51","modified_gmt":"2016-08-05T11:20:51","slug":"zodiac-ii","status":"publish","type":"product","link":"https:\/\/romfilatelia.ro\/magazin\/produs\/colectii-anuale\/2011\/zodiac-ii\/","title":{"rendered":"ZODIAC (II)"},"content":{"rendered":"<p><em>\u00a0<a href=\"https:\/\/romfilatelia.ro\/magazin\/wp-content\/uploads\/2011\/10\/zodiac2_M.jpg\"><img decoding=\"async\" loading=\"lazy\" class=\"alignleft wp-image-2003180 size-medium\" src=\"https:\/\/romfilatelia.ro\/magazin\/wp-content\/uploads\/2011\/10\/zodiac2_M-214x300.jpg\" alt=\"Print\" width=\"214\" height=\"300\" srcset=\"https:\/\/romfilatelia.ro\/magazin\/wp-content\/uploads\/2011\/10\/zodiac2_M-214x300.jpg 214w, https:\/\/romfilatelia.ro\/magazin\/wp-content\/uploads\/2011\/10\/zodiac2_M-500x703.jpg 500w, https:\/\/romfilatelia.ro\/magazin\/wp-content\/uploads\/2011\/10\/zodiac2_M-64x90.jpg 64w, https:\/\/romfilatelia.ro\/magazin\/wp-content\/uploads\/2011\/10\/zodiac2_M.jpg 600w\" sizes=\"(max-width: 214px) 100vw, 214px\" \/><\/a>\u00a0\u00a0\u00a0\u00a0 <\/em>Lumea adev\u00e3rat\u00e3 \u015fi concret\u00e3 este singura care prezint\u00e3 interes pentru un spirit ra\u0163ional. \u00cen acest context, prezen\u0163a astrologiei devine greu de integrat \u00een g\u00e2ndirea noastr\u00e3 \u015ftiin\u0163ific\u00e3.<\/p>\n<p><em>\u00a0\u00a0\u00a0\u00a0 <\/em>Oamenii de \u015ftiin\u0163\u00e3 sunt cople\u015fi\u0163i numai \u00een fa\u0163a instrumentelor \u015fi ma\u015finilor, neglij\u00e2nd capacit\u00e3\u0163ile neb\u00e3nuite ale omului, mul\u0163umindu-se s\u00e3 evalueze limitele intelectului uman \u015fi excluz\u00e2nd limitele intelectului cosmic.<\/p>\n<p><em>\u00a0\u00a0\u00a0\u00a0 <\/em>Trebuie avut \u00een vedere c\u00e3 Astrologia se \u00eenscrie pe linia \u015ftiin\u0163elor cognitive, utiliz\u00e2nd un model opera\u0163ional coerent. Nu trebuie s\u00e3 pretindem \u00eens\u00e3 de la ea mai mult dec\u00e2t poate oferi, c\u00e3ci nimic nu este mai presus de voin\u0163a \u015fi planurile Divinit\u00e3\u0163ii.<\/p>\n<p><em>\u00a0\u00a0\u00a0\u00a0 <\/em>Practic, nu exist\u00e3 domeniu al experien\u0163elor umane la care s\u00e3 nu poat\u00e3 fi aplicat\u00e3 astrologia. \u00cen mod real, \u00eens\u00e3, astrologia nu este un mijloc de a vizualiza viitorul.<\/p>\n<p><em>\u00a0\u00a0\u00a0\u00a0 <\/em>Astrologia Individual\u00e3, constituit\u00e3 din Astrologia Natal\u00e3, Karmic\u00e3 \u015fi Previzional\u00e3, poate \u00eens\u00e3 transmite c\u00e3, la un moment dat, mai mult dec\u00e2t \u00een altul, subiectul este vulnerabil \u00eentr-un anumit aspect al vie\u0163ii sale (s\u00e3n\u00e3tate, comportament, sentimente etc.) sau c\u00e3 suma influen\u0163elor pozitive m\u00e3re\u015fte considerabil probabilitatea unui succes.<\/p>\n<p><em>\u00a0\u00a0\u00a0\u00a0 <\/em>Toate acestea sunt definite pentru fiecare din semnele zodiacale, \u00eentre care se \u00eenscriu \u015fi cele ce constituie tematica emisiunii de m\u00e3rci po\u015ftale pe care <strong>Romfilatelia <\/strong>o introduce \u00een circula\u0163ie intitulat\u00e3 <strong><em>Zodiac (II) <\/em><\/strong>\u015fi care completeaz\u00e3 seria celor 12 zodii, prin prezentarea ultimelor \u015fase.<\/p>\n<p><em>\u00a0\u00a0\u00a0\u00a0 <strong>Zodia Balan\u0163ei, <\/strong><\/em>ilustrat\u00e3 pe timbrul cu valoarea nominal\u00e3 de 0,50 lei, reprezint\u00e3 un Semn Masculin, Cardinal, de Aer \u015fi are drept metal cuprul, culoare subtil\u00e3 galbenul, piatra pre\u0163ioas\u00e3 diamantul sau opalul, iar verbul caracteristic este \u201ea echilibra\u201c. Simbolizeaz\u00e3 justi\u0163ia, armonia, dar \u015fi dualismul \u015fi instabilitatea.<\/p>\n<p><em>\u00a0\u00a0\u00a0\u00a0 <strong>Zodia Scorpionului, <\/strong><\/em>ilustrat\u00e3 pe timbrul cu valoarea nominal\u00e3 de 0,60 lei, reprezint\u00e3 un Semn Feminin, Fix, de Ap\u00e3 \u015fi are drept metal fierul, culoare subtil\u00e3 ro\u015ful, piatra pre\u0163ioas\u00e3 topazul, malahitul sau granatul, iar verbul caracteristic este \u201ea dori\u201c. Este semnul mor\u0163ii \u015fi al distrugerii pentru a se purifica prin foc \u015fi a rena\u015fte din propria cenu\u015f\u00e3.<\/p>\n<p><em>\u00a0\u00a0\u00a0\u00a0 <strong>Zodia S\u00e3get\u00e3torului, <\/strong><\/em>ilustrat\u00e3 pe timbrul cu valoarea nominal\u00e3 de 0,80 lei, reprezint\u00e3 un Semn Masculin, Mutabil, de Foc \u015fi are drept metal cositorul, culoare subtil\u00e3 bleu, piatra pre\u0163ioas\u00e3 turcoazul sau granatul, iar verbul caracteristic este \u201ea \u00een\u0163elege\u201c.<\/p>\n<p><em>\u00a0\u00a0\u00a0\u00a0 <strong>Zodia Capricornului, <\/strong><\/em>ilustrat\u00e3 pe timbrul cu valoarea nominal\u00e3 de 3,00 lei, reprezint\u00e3 un Semn Feminin, Cardinal, de P\u00e3m\u00e2nt \u015fi are drept metal plumbul, culoare subtil\u00e3 indigoul, piatra pre\u0163ioas\u00e3 onixul alb, iar verbul caracteristic este \u201ea folosi\u201c. Reprezint\u00e3 b\u00e3tr\u00e2ne\u0163ea, asceza, \u00een\u0163elepciunea.<\/p>\n<p><em>\u00a0\u00a0\u00a0\u00a0 <strong>Zodia V\u00e3rs\u00e3torului, <\/strong><\/em>ilustrat\u00e3 pe timbrul cu valoarea nominal\u00e3 de 6,00 lei, reprezint\u00e3 un Semn Masculin, Fix, de Aer \u015fi are drept metal plumbul sau uraniul, culoare subtil\u00e3 albastru \u00eenchis, piatra pre\u0163ioas\u00e3 safirul sau opalul, iar verbul caracteristic este \u201ea \u015fti\u201c. Simbolizeaz\u00e3 fraternitatea, umanismul, progresul, libertatea \u015fi originalitatea.<\/p>\n<p><em>\u00a0\u00a0\u00a0\u00a0 <strong>Zodia Pe\u015ftilor, <\/strong><\/em>ilustrat\u00e3 pe timbrul cu valoarea nominal\u00e3 de 8,10 lei, reprezint\u00e3 un Semn Feminin, Mutabil, de Ap\u00e3, av\u00e2nd drept metal cositorul, culoarea subtil\u00e3 albastrul deschis, piatra pre\u0163ioas\u00e3 crisolitul sau safirul, iar verbul characteristic \u201ea crede\u201c. Simbolizeaz\u00e3 mistica, religia, devotamentul \u015fi sacrificiul.<\/p>\n<p><em>\u00a0\u00a0\u00a0\u00a0 Desenele, ale c\u00e3ror imagini sunt reproduse pe timbrele emisiunii \u015fi gravura tematic\u00e3 original\u00e3 &#8211; un adev\u00e3rat testament filatelic &#8211; tip\u00e3rit\u00e3 \u00een tiraj limitat, cu semn\u00e3tura olograf\u00e3 a autorului, apar\u0163in regretatului artist \u015fi gravor <strong>Octavian Ion Penda.<\/strong><\/em><\/p>\n<p><em>\u00a0\u00a0\u00a0\u00a0 Apar\u0163in\u00e2nd elitei gravorilor lumii de la finele veacului XX \u015fi \u00eenceputul veacului XXI, <strong>Octavian Ion Penda <\/strong>r\u00e3m\u00e2ne \u00eenscris \u00een Pantheonul marilor arti\u015fti ca o personalitate cu definit\u00e3 originalitate a simbolisticii \u00eentregii sale opere.<\/em><\/p>\n<p>Data Aparitie:2011-10-14<\/p>\n<p><em><a href=\"https:\/\/romfilatelia.ro\/magazin\/wp-content\/uploads\/2011\/10\/zodiac2_box.jpg\"><img decoding=\"async\" loading=\"lazy\" class=\"wp-image-2003181 size-full aligncenter\" src=\"https:\/\/romfilatelia.ro\/magazin\/wp-content\/uploads\/2011\/10\/zodiac2_box.jpg\" alt=\"zodiac2_box\" width=\"750\" height=\"597\" srcset=\"https:\/\/romfilatelia.ro\/magazin\/wp-content\/uploads\/2011\/10\/zodiac2_box.jpg 750w, https:\/\/romfilatelia.ro\/magazin\/wp-content\/uploads\/2011\/10\/zodiac2_box-500x398.jpg 500w, https:\/\/romfilatelia.ro\/magazin\/wp-content\/uploads\/2011\/10\/zodiac2_box-64x51.jpg 64w, https:\/\/romfilatelia.ro\/magazin\/wp-content\/uploads\/2011\/10\/zodiac2_box-300x239.jpg 300w\" sizes=\"(max-width: 750px) 100vw, 750px\" \/><\/a><\/em><\/p>\n","protected":false},"excerpt":{"rendered":"<p>\u00a0\u00a0\u00a0\u00a0\u00a0 Lumea adev\u00e3rat\u00e3 \u015fi concret\u00e3 este singura care prezint\u00e3 interes pentru un spirit ra\u0163ional. \u00cen acest context, prezen\u0163a astrologiei devine greu de integrat \u00een g\u00e2ndirea noastr\u00e3 \u015ftiin\u0163ific\u00e3. \u00a0\u00a0\u00a0\u00a0 Oamenii de \u015ftiin\u0163\u00e3 sunt cople\u015fi\u0163i numai \u00een fa\u0163a instrumentelor \u015fi ma\u015finilor, neglij\u00e2nd capacit\u00e3\u0163ile neb\u00e3nuite ale omului, mul\u0163umindu-se s\u00e3 evalueze limitele intelectului uman \u015fi excluz\u00e2nd limitele intelectului cosmic.&hellip;&nbsp;<a href=\"https:\/\/romfilatelia.ro\/magazin\/produs\/colectii-anuale\/2011\/zodiac-ii\/\" class=\"\" rel=\"bookmark\">Cite\u0219te mai mult &raquo;<span class=\"screen-reader-text\">ZODIAC (II)<\/span><\/a><\/p>\n","protected":false},"featured_media":2003180,"template":"","meta":{"neve_meta_sidebar":"","neve_meta_container":"","neve_meta_enable_content_width":"","neve_meta_content_width":0,"neve_meta_title_alignment":"","neve_meta_author_avatar":"","neve_post_elements_order":"","neve_meta_disable_header":"","neve_meta_disable_footer":"","neve_meta_disable_title":""},"product_cat":[107,6],"product_tag":[],"_links":{"self":[{"href":"https:\/\/romfilatelia.ro\/magazin\/wp-json\/wp\/v2\/product\/2001307"}],"collection":[{"href":"https:\/\/romfilatelia.ro\/magazin\/wp-json\/wp\/v2\/product"}],"about":[{"href":"https:\/\/romfilatelia.ro\/magazin\/wp-json\/wp\/v2\/types\/product"}],"wp:featuredmedia":[{"embeddable":true,"href":"https:\/\/romfilatelia.ro\/magazin\/wp-json\/wp\/v2\/media\/2003180"}],"wp:attachment":[{"href":"https:\/\/romfilatelia.ro\/magazin\/wp-json\/wp\/v2\/media?parent=2001307"}],"wp:term":[{"taxonomy":"product_cat","embeddable":true,"href":"https:\/\/romfilatelia.ro\/magazin\/wp-json\/wp\/v2\/product_cat?post=2001307"},{"taxonomy":"product_tag","embeddable":true,"href":"https:\/\/romfilatelia.ro\/magazin\/wp-json\/wp\/v2\/product_tag?post=2001307"}],"curies":[{"name":"wp","href":"https:\/\/api.w.org\/{rel}","templated":true}]}}