{"id":2001287,"date":"2011-03-30T16:51:55","date_gmt":"2011-03-30T16:51:55","guid":{"rendered":"http:\/\/romfilatelia.ro\/store\/2011\/03\/30\/bujori\/"},"modified":"2016-08-04T13:18:38","modified_gmt":"2016-08-04T13:18:38","slug":"bujori","status":"publish","type":"product","link":"https:\/\/romfilatelia.ro\/magazin\/produs\/colectii-anuale\/2011\/bujori\/","title":{"rendered":"BUJORI"},"content":{"rendered":"<p><a href=\"https:\/\/romfilatelia.ro\/magazin\/wp-content\/uploads\/2011\/03\/bujori_M.jpg\"><img decoding=\"async\" loading=\"lazy\" class=\"size-medium wp-image-2003320 alignleft\" src=\"https:\/\/romfilatelia.ro\/magazin\/wp-content\/uploads\/2011\/03\/bujori_M-200x300.jpg\" alt=\"bloc\" width=\"200\" height=\"300\" srcset=\"https:\/\/romfilatelia.ro\/magazin\/wp-content\/uploads\/2011\/03\/bujori_M-200x300.jpg 200w, https:\/\/romfilatelia.ro\/magazin\/wp-content\/uploads\/2011\/03\/bujori_M-64x96.jpg 64w, https:\/\/romfilatelia.ro\/magazin\/wp-content\/uploads\/2011\/03\/bujori_M-267x400.jpg 267w, https:\/\/romfilatelia.ro\/magazin\/wp-content\/uploads\/2011\/03\/bujori_M.jpg 400w\" sizes=\"(max-width: 200px) 100vw, 200px\" \/><\/a> R\u00e3spunz\u00e2nd interesului filateli\u015ftilor pentru tematica Flor\u00e3, Romfilatelia introduce \u00een circula\u0163ie emisiunea dem\u00e3rci po\u015ftale \u201eBujori\u201c.<br \/>\nBujorul, r\u00e3sp\u00e2ndit \u00een Eurasia cu clim\u00e3 temperat\u00e3, este floarea care a fost identificat\u00e3 adesea \u00een Europa ca fiind \u201etrandafirul f\u00e3r\u00e3 spini\u201c \u015fi este descris\u00e3 pentru prima oar\u00e3 \u00een jurul anului 77 d.Ch. de c\u00e3tre Pliniu cel B\u00e3tr\u00e2n.<br \/>\n\u00cen medicina popular\u00e3 veche, bujorii de gr\u00e3din\u00e3 (Paeonia officinalis) erau folosi\u0163i pentru tratarea unor afec\u0163iuni. Sugarii purtau \u00een jurul g\u00e2tului un colier cu semin\u0163ele plantei care avea menireade a ac\u0163iona \u00eempotriva durerilor de din\u0163i. Petalele \u015fi r\u00e3d\u00e3cinilese foloseau pentru tratamentul astmului, epilepsiei \u015fi gutei.<br \/>\nCultivarea bujorului \u00een Anglia este men\u0163ionat\u00e3 \u00een anul 1157, iar Shakespeare face referire la bujor \u00een textul piesei \u201e\u00cembl\u00e2nzirea scorpiei\u201c (1603).<br \/>\nPentru marinari, prezen\u0163a bujorilor la bordul navelor era socotit\u00e3 a fi un mijloc de ap\u00e3rare \u00eempotriva furtunilor.<br \/>\n\u00cen estul Asiei, arborele de bujor &#8211; Paeonia suffructicosa \u015fi bujorul chinezesc &#8211; Paeonia lactiflora (cu flori albe \u015fi miros de trandafir) erau modele tradi\u0163ionale pentru motivele decorative reproduse pe \u0163es\u00e3turile scumpe.<br \/>\n\u00cen China, bujorul reprezint\u00e3 un simbol al bog\u00e3\u0163iei \u015fi onoarei, datorit\u00e3 aspectului, frumuse\u0163ii culorii ro\u015fii \u015fi mirosului delicat al florii. Numele chinezesc al florii, meutan, are \u00een compunere cuv\u00e2ntul tan (cinabru), elixir al nemuririi care leag\u00e3 bujorul de phoenix (pas\u00e3re mic\u00e3, de origine etiopian\u00e3, de o neasemuit\u00e3 frumuse\u0163e, \u00eenzestrat\u00e3 cu o longevitate extraordinar\u00e3 \u015fi care poate s\u00e3 renasc\u00e3 din propria ei cenu\u015f\u00e3).<br \/>\nLa alte popoare, ca urmare a unor aprecieri subiective, care pornesc de la expresia \u201ea se \u00eembujora\u201c, floarea a fost transformat\u00e3, pe nedrept, \u00eentr-un simbol al ru\u015finii.<br \/>\nM\u00e3rcile po\u015ftale, pe care Romfilatelia le introduce \u00een circula\u0163ie, ilustreaz\u00e3 Paeonia peregrina (Bujorul rom\u00e2nesc) \u015fi Paeonia tenuifolia (Bujorul de step\u00e3).<br \/>\nPaeonia peregrina (Bujorul rom\u00e2nesc) ilustrat pe marca po\u015ftal\u00e3 cu valoarea nominal\u00e3 de 1,00 lei, face parte din Familia Paeoniaceae.<br \/>\nEste o plant\u00e3 erbacee, cu tijele drepte \u015fi neramificate, \u00eenalte de 50-80 cm. De cele mai multe ori, florile bujorului sunt solitare, mari, compuse din 5-6 sepale \u015fi 7-11 petale lungi de 5-7 cm, de culoare ro\u015fu-aprins.<br \/>\nFlorile bujorului rom\u00e2nesc sunt folosite pentru ceaiuri sau dulcea\u0163\u00e3.<br \/>\n\u00cen \u0163ara noastr\u00e3 este r\u00e3sp\u00e2ndit \u00een p\u00e3durile din Oltenia,Muntenia \u015fi Moldova. \u00cen Muntenia, la Comana (jud. Giurgiu), \u00eencep\u00e2nd cu anul 2004, a fost amenajat\u00e3 o zon\u00e3 de protec\u0163ie a bujorului, cu statut de Parc Na\u0163ional \u015fi Rezerva\u0163ie \u015ftiin\u0163ific\u00e3.<br \/>\nPaeonia tenuifolia (Bujorul de step\u00e3), ilustrat pe timbrul coli\u0163ei cu valoarea nominal\u00e3 de 2,10 lei, face parte, de asemenea, din Familia Paeoniaceae. I se mai spune, popular, Ru\u015fioar\u00e3 sau Ruj\u00e3 de Rusalii.<br \/>\nCu o \u00een\u00e3l\u0163ime de 10-30 cm (mai rar 50 cm), bujorul de step\u00e3 are frunze sub\u0163iri, fin divizate, asemenea frunzelor de m\u00e3rar.<br \/>\nBujorul de step\u00e3 se deosebe\u015fte cu u\u015furin\u0163\u00e3 de ceilal\u0163i bujori prin frumuse\u0163ea florilor care se remarc\u00e3 de la sf\u00e2r\u015fitul lunii aprilie p\u00e2n\u00e3 \u00een primele zile ale lunii mai. Bobocii s\u00e3i se deschid, l\u00e3s\u00e2nd s\u00e3 apar\u00e3 flori mari, cu petale de culoarea s\u00e2ngelui ce \u00eenconjoar\u00e3 pe dou\u00e3 r\u00e2nduri discul din centrul florii cu staminele sale galbene, a\u015fezate \u00een spiral\u00e3.<br \/>\nAceast\u00e3 plant\u00e3 rar\u00e3 \u015fi ocrotit\u00e3 poate fi \u00eent\u00e2lnit\u00e3 \u00een zonele \u00eensorite din sud-vestul \u015fi sud-estul Rom\u00e2niei. \u00cen \u0163ara noastr\u00e3 exist\u00e3 \u00eenc\u00e3 din 1932 (la ini\u0163iativa academicianului Alexandru Borza), unica rezerva\u0163ie din Europa, cu bujori de step\u00e3, la Zau de C\u00e2mpie (jud. Mure\u015f). Primele m\u00e3rturii \u015fi date despre acest loc au fost publicate \u00een anul 1846, la Viena.<br \/>\nAceast\u00e3 specie, care \u00een amintita rezerva\u0163ie se \u00eentinde pe 2,5 ha, a fost declarat\u00e3 din acela\u015fi an, (1932), monument al naturii.<\/p>\n<p>Aducem mul\u0163umiri Parcului Na\u0163ional Comana (Giurgiu), Prim\u00e3riei din Zau de C\u00e2mpie (Mure\u015f), d-lui Director Adrian Oprea (Institutul Botanic din Ia\u015fi), d-lui Director Dumitru Murariu (Muzeul de Istorie Natural\u00e3 \u201eGrigore Antipa\u201c) \u015fi fotografuluiVictor Borta\u015f pentru consultan\u0163a documentar\u00e3 \u015fi imaginile oferite la realizarea acestei emisiuni de m\u00e3rci po\u015ftale.<\/p>\n<p>Data Aparitie:2011-03-30<\/p>\n<p><a href=\"https:\/\/romfilatelia.ro\/magazin\/wp-content\/uploads\/2011\/03\/bujori_box.jpg\"><img decoding=\"async\" loading=\"lazy\" class=\"wp-image-2003321 size-full aligncenter\" src=\"https:\/\/romfilatelia.ro\/magazin\/wp-content\/uploads\/2011\/03\/bujori_box.jpg\" alt=\"bujori_box\" width=\"750\" height=\"557\" srcset=\"https:\/\/romfilatelia.ro\/magazin\/wp-content\/uploads\/2011\/03\/bujori_box.jpg 750w, https:\/\/romfilatelia.ro\/magazin\/wp-content\/uploads\/2011\/03\/bujori_box-500x371.jpg 500w, https:\/\/romfilatelia.ro\/magazin\/wp-content\/uploads\/2011\/03\/bujori_box-64x48.jpg 64w, https:\/\/romfilatelia.ro\/magazin\/wp-content\/uploads\/2011\/03\/bujori_box-300x223.jpg 300w\" sizes=\"(max-width: 750px) 100vw, 750px\" \/><\/a><\/p>\n","protected":false},"excerpt":{"rendered":"<p>R\u00e3spunz\u00e2nd interesului filateli\u015ftilor pentru tematica Flor\u00e3, Romfilatelia introduce \u00een circula\u0163ie emisiunea dem\u00e3rci po\u015ftale \u201eBujori\u201c. Bujorul, r\u00e3sp\u00e2ndit \u00een Eurasia cu clim\u00e3 temperat\u00e3, este floarea care a fost identificat\u00e3 adesea \u00een Europa ca fiind \u201etrandafirul f\u00e3r\u00e3 spini\u201c \u015fi este descris\u00e3 pentru prima oar\u00e3 \u00een jurul anului 77 d.Ch. de c\u00e3tre Pliniu cel B\u00e3tr\u00e2n. \u00cen medicina popular\u00e3 veche,&hellip;&nbsp;<a href=\"https:\/\/romfilatelia.ro\/magazin\/produs\/colectii-anuale\/2011\/bujori\/\" class=\"\" rel=\"bookmark\">Cite\u0219te mai mult &raquo;<span class=\"screen-reader-text\">BUJORI<\/span><\/a><\/p>\n","protected":false},"featured_media":2003320,"template":"","meta":{"neve_meta_sidebar":"","neve_meta_container":"","neve_meta_enable_content_width":"","neve_meta_content_width":0,"neve_meta_title_alignment":"","neve_meta_author_avatar":"","neve_post_elements_order":"","neve_meta_disable_header":"","neve_meta_disable_footer":"","neve_meta_disable_title":""},"product_cat":[107,6],"product_tag":[],"_links":{"self":[{"href":"https:\/\/romfilatelia.ro\/magazin\/wp-json\/wp\/v2\/product\/2001287"}],"collection":[{"href":"https:\/\/romfilatelia.ro\/magazin\/wp-json\/wp\/v2\/product"}],"about":[{"href":"https:\/\/romfilatelia.ro\/magazin\/wp-json\/wp\/v2\/types\/product"}],"wp:featuredmedia":[{"embeddable":true,"href":"https:\/\/romfilatelia.ro\/magazin\/wp-json\/wp\/v2\/media\/2003320"}],"wp:attachment":[{"href":"https:\/\/romfilatelia.ro\/magazin\/wp-json\/wp\/v2\/media?parent=2001287"}],"wp:term":[{"taxonomy":"product_cat","embeddable":true,"href":"https:\/\/romfilatelia.ro\/magazin\/wp-json\/wp\/v2\/product_cat?post=2001287"},{"taxonomy":"product_tag","embeddable":true,"href":"https:\/\/romfilatelia.ro\/magazin\/wp-json\/wp\/v2\/product_tag?post=2001287"}],"curies":[{"name":"wp","href":"https:\/\/api.w.org\/{rel}","templated":true}]}}