{"id":2001282,"date":"2011-01-28T16:48:14","date_gmt":"2011-01-28T16:48:14","guid":{"rendered":"http:\/\/romfilatelia.ro\/store\/2011\/01\/28\/reproduceri-de-arta-picturi-ce-aparthin-tezaurului-bancii-nathionale-a-romaniei\/"},"modified":"2016-08-04T12:36:09","modified_gmt":"2016-08-04T12:36:09","slug":"reproduceri-de-arta-picturi-ce-aparthin-tezaurului-bancii-nathionale-a-romaniei","status":"publish","type":"product","link":"https:\/\/romfilatelia.ro\/magazin\/produs\/colectii-anuale\/2011\/reproduceri-de-arta-picturi-ce-aparthin-tezaurului-bancii-nathionale-a-romaniei\/","title":{"rendered":"REPRODUCERI DE ART\u00c3 &#8211; Picturi ce apar\u021bin tezaurului B\u00e3ncii Na\u021bionale a Rom\u00e2niei"},"content":{"rendered":"<p><a href=\"https:\/\/romfilatelia.ro\/magazin\/wp-content\/uploads\/2011\/01\/rep_arta_BNR_M.jpg\"><img decoding=\"async\" loading=\"lazy\" class=\"size-medium wp-image-2003360 alignleft\" src=\"https:\/\/romfilatelia.ro\/magazin\/wp-content\/uploads\/2011\/01\/rep_arta_BNR_M-266x300.jpg\" alt=\"rep_arta_BNR_M\" width=\"266\" height=\"300\" srcset=\"https:\/\/romfilatelia.ro\/magazin\/wp-content\/uploads\/2011\/01\/rep_arta_BNR_M-266x300.jpg 266w, https:\/\/romfilatelia.ro\/magazin\/wp-content\/uploads\/2011\/01\/rep_arta_BNR_M-500x564.jpg 500w, https:\/\/romfilatelia.ro\/magazin\/wp-content\/uploads\/2011\/01\/rep_arta_BNR_M-64x72.jpg 64w, https:\/\/romfilatelia.ro\/magazin\/wp-content\/uploads\/2011\/01\/rep_arta_BNR_M.jpg 532w\" sizes=\"(max-width: 266px) 100vw, 266px\" \/><\/a> P\u00e3str\u00e3toare a unei importante p\u00e3r\u0163i din tezaurul Rom\u00e2niei &#8211; lingouri, monede, obiecte din aur &#8211; Banca Na\u0163ional\u00e3 a Rom\u00e2niei de\u0163ine \u015fi capodopere ale picturii rom\u00e2ne\u015fti.<br \/>\nEmisiunea filatelic\u00e3 pe care Romfilatelia o introduce \u00een circula\u0163ie, \u201eReproduceri de art\u00e3 &#8211; Picturi ce apar\u0163in tezaurului B\u00e3ncii Na\u0163ionale a Rom\u00e2niei\u201c, ilustreaz\u00e3, pe m\u00e3rcile po\u015ftale, patru picturi apar\u0163in\u00e2nd lui Nicolae Grigorescu, Eugeniu Voinescu \u015fi George Demetrescu Mirea, expuse \u00een Sala de Consiliu a B\u00e3ncii.<br \/>\nNicolae Grigorescu (1838-1907) este socotit a fi marele maestru al penelului rom\u00e2nesc care a ilustrat, \u00een picturile sale, simbioza dintre realismul \u0218colii de la Barbizon, impresionism \u015fi simbolism.<br \/>\n\u00cen perioada de dinaintea plec\u00e3rii la Paris, el a executat picturi religioase la M\u00e3n\u00e3stirile B\u00e3icoi, Zamfira \u015fi Agapia.<br \/>\n\u00cencep\u00e2nd cu 1861, al\u00e3turi de Auguste Renoir, frecventeaz\u00e3 atelierul lui S\u00e9bastien Cornu din Paris. Nu dup\u00e3 mult timp se al\u00e3tur\u00e3 \u0218colii de la Barbizon unde \u00ee\u015fi va des\u00e3v\u00e2r\u015fi educa\u0163ia pictural\u00e3.<br \/>\nAnul 1873 este anul c\u00e2nd \u00eencepe s\u00e3 fac\u00e3 vizite de studii la Roma, Napoli, Pompei, apoi \u00een Grecia \u015fi Austria, la Viena. \u00cen picturile realizate \u00een aceste c\u00e3l\u00e3torii pregnant\u00e3 este influen\u0163a \u0218colii de la Barbizon.<br \/>\nDup\u00e3 1890, pictorul se stabile\u015fte \u00een Rom\u00e2nia unde majoritatea picturilor sale abordeaz\u00e3 subiectele rustice: portrete de \u0163\u00e3rani, care cu boi, peisaje specific rom\u00e2ne\u015fti.<br \/>\nPe timbrul cu valoarea nominal\u00e3 de 3,00 Lei este ilustrat\u00e3 pictura maestrului, Rodica. Realizat\u00e3 \u00een 1894, compozi\u0163ia \u00eenf\u00e3\u0163i\u015feaz\u00e3 o imagine de var\u00e3 fierbinte c\u00e2nd se secera gr\u00e2ul. Principalul personaj feminin, aflat \u00een prim planul compozi\u0163iei, este o femeie purt\u00e2nd un vas cu ap\u00e3.<br \/>\nNicolae Grigorescu a fost primul artist plastic membru al Academiei Rom\u00e2ne.<br \/>\nPe timbrul cu valoarea nominal\u00e3 de 2,10 lei este ilustrat\u00e3 compozi\u0163ia Marin\u00e3, realizat\u00e3 de Eugeniu Voinescu (1842-1909).<br \/>\nPictorul a urmat studii de literatur\u00e3 \u015fi drept la Cairo \u015fi Paris, unde s-a \u00eemprietenit cu pictorul rus I. K. Aivazovski, maestru al peisajului marin.<br \/>\nEugeniu Voinescu a fost, \u00een perioada 1879-1888, consul general al Rom\u00e2niei la Budapesta, Constantinopol \u015fi Odessa.<br \/>\n\u00cen 1889 debuteaz\u00e3 cu o expozi\u0163ie prezentat\u00e3 publicului la Salonul Ateneului Rom\u00e2n din Bucure\u015fti.<br \/>\nCa realizator de tablouri cu subiecte marine, Voinescu a fost, \u00een epoc\u00e3, cel mai cunoscut pictor din Rom\u00e2nia.<br \/>\nTrebuie remarcat c\u00e3 tablourile Rodica de Grigorescu \u015fi Marina lui Voinescu sunt, al\u00e3turi de picturile murale ale Ateneului Rom\u00e2n, cele mai de seam\u00e3 exemple de pictur\u00e3 monumental\u00e3 ale Bucure\u015ftiului.<br \/>\nPe timbrele cu valoarea nominal\u00e3 de 1,40 lei \u015fi 7,60 lei, sunt ilustrate compozi\u0163iile alegorice Mercur \u015fi Prometeu, realizate de George Demetrescu Mirea (1852-1934).<br \/>\nPictorul a studiat la \u0218coala de Belle Arte din Bucure\u015fti cu Theodor Aman.<br \/>\nA participat la R\u00e3zboiul de Independen\u0163\u00e3 (1877-1878), ca pictor ata\u015fat, al\u00e3turi de Nicolae Grigorescu, Carol Popp de Szatmary \u015fi Sava Hen\u0163ia. \u00cen 1879 ob\u0163ine o burs\u00e3 de studii la Paris la clasa lui Carolus Duran de la \u00c9cole des Beaux Arts.<br \/>\n\u00centre 1887 \u015fi 1888 a executat pictura plafonului Casei Vernescu din Bucure\u015fti. \u00cen 1897 este numit director al \u0218colii de Belle Arte din Bucure\u015fti, func\u0163ie pe care o va de\u0163ine p\u00e2n\u00e3 \u00een 1927. Printre lucr\u00e3rile importante ale pictorului G.D. Mirea men\u0163ion\u00e3m \u015fi decora\u0163iunile murale de la Banca Na\u0163ional\u00e3 a Rom\u00e2niei \u015fi Casa Scriitorilor din Bucure\u015fti, precum \u015fi pe cele de la Universitatea din Ia\u015fi.<\/p>\n<p>Aducem mul\u0163umiri B\u00e3ncii Na\u0163ionale a Rom\u00e2niei pentru consultan\u0163a documentar\u00e3 acordat\u00e3 la realizarea acestei emisiuni filatelice.<\/p>\n<p>Data Aparitie:2011-01-28<\/p>\n<p><a href=\"https:\/\/romfilatelia.ro\/magazin\/wp-content\/uploads\/2011\/01\/rep_arta_BNR_box.jpg\"><img decoding=\"async\" loading=\"lazy\" class=\"wp-image-2003361 size-full aligncenter\" src=\"https:\/\/romfilatelia.ro\/magazin\/wp-content\/uploads\/2011\/01\/rep_arta_BNR_box.jpg\" alt=\"rep_arta_BNR_box\" width=\"750\" height=\"722\" srcset=\"https:\/\/romfilatelia.ro\/magazin\/wp-content\/uploads\/2011\/01\/rep_arta_BNR_box.jpg 750w, https:\/\/romfilatelia.ro\/magazin\/wp-content\/uploads\/2011\/01\/rep_arta_BNR_box-500x481.jpg 500w, https:\/\/romfilatelia.ro\/magazin\/wp-content\/uploads\/2011\/01\/rep_arta_BNR_box-64x62.jpg 64w, https:\/\/romfilatelia.ro\/magazin\/wp-content\/uploads\/2011\/01\/rep_arta_BNR_box-300x289.jpg 300w\" sizes=\"(max-width: 750px) 100vw, 750px\" \/><\/a><\/p>\n","protected":false},"excerpt":{"rendered":"<p>P\u00e3str\u00e3toare a unei importante p\u00e3r\u0163i din tezaurul Rom\u00e2niei &#8211; lingouri, monede, obiecte din aur &#8211; Banca Na\u0163ional\u00e3 a Rom\u00e2niei de\u0163ine \u015fi capodopere ale picturii rom\u00e2ne\u015fti. Emisiunea filatelic\u00e3 pe care Romfilatelia o introduce \u00een circula\u0163ie, \u201eReproduceri de art\u00e3 &#8211; Picturi ce apar\u0163in tezaurului B\u00e3ncii Na\u0163ionale a Rom\u00e2niei\u201c, ilustreaz\u00e3, pe m\u00e3rcile po\u015ftale, patru picturi apar\u0163in\u00e2nd lui Nicolae&hellip;&nbsp;<a href=\"https:\/\/romfilatelia.ro\/magazin\/produs\/colectii-anuale\/2011\/reproduceri-de-arta-picturi-ce-aparthin-tezaurului-bancii-nathionale-a-romaniei\/\" class=\"\" rel=\"bookmark\">Cite\u0219te mai mult &raquo;<span class=\"screen-reader-text\">REPRODUCERI DE ART\u00c3 &#8211; Picturi ce apar\u021bin tezaurului B\u00e3ncii Na\u021bionale a Rom\u00e2niei<\/span><\/a><\/p>\n","protected":false},"featured_media":2003360,"template":"","meta":{"neve_meta_sidebar":"","neve_meta_container":"","neve_meta_enable_content_width":"","neve_meta_content_width":0,"neve_meta_title_alignment":"","neve_meta_author_avatar":"","neve_post_elements_order":"","neve_meta_disable_header":"","neve_meta_disable_footer":"","neve_meta_disable_title":""},"product_cat":[107,6],"product_tag":[],"_links":{"self":[{"href":"https:\/\/romfilatelia.ro\/magazin\/wp-json\/wp\/v2\/product\/2001282"}],"collection":[{"href":"https:\/\/romfilatelia.ro\/magazin\/wp-json\/wp\/v2\/product"}],"about":[{"href":"https:\/\/romfilatelia.ro\/magazin\/wp-json\/wp\/v2\/types\/product"}],"wp:featuredmedia":[{"embeddable":true,"href":"https:\/\/romfilatelia.ro\/magazin\/wp-json\/wp\/v2\/media\/2003360"}],"wp:attachment":[{"href":"https:\/\/romfilatelia.ro\/magazin\/wp-json\/wp\/v2\/media?parent=2001282"}],"wp:term":[{"taxonomy":"product_cat","embeddable":true,"href":"https:\/\/romfilatelia.ro\/magazin\/wp-json\/wp\/v2\/product_cat?post=2001282"},{"taxonomy":"product_tag","embeddable":true,"href":"https:\/\/romfilatelia.ro\/magazin\/wp-json\/wp\/v2\/product_tag?post=2001282"}],"curies":[{"name":"wp","href":"https:\/\/api.w.org\/{rel}","templated":true}]}}