{"id":2001279,"date":"2010-11-15T16:34:16","date_gmt":"2010-11-15T16:34:16","guid":{"rendered":"http:\/\/romfilatelia.ro\/store\/2010\/11\/15\/emisiune-comuna-romania-vatican-craciun-2010\/"},"modified":"2016-08-05T13:24:49","modified_gmt":"2016-08-05T13:24:49","slug":"emisiune-comuna-romania-vatican-craciun-2010","status":"publish","type":"product","link":"https:\/\/romfilatelia.ro\/magazin\/produs\/colectii-anuale\/2010\/emisiune-comuna-romania-vatican-craciun-2010\/","title":{"rendered":"Emisiune comun\u00e3 Rom\u00e2nia-Vatican \u2013 \u201cCR\u00c3CIUN 2010\u201d"},"content":{"rendered":"<p><a href=\"https:\/\/romfilatelia.ro\/magazin\/wp-content\/uploads\/2010\/11\/Craciun_2010_M.jpg\"><img decoding=\"async\" loading=\"lazy\" class=\"size-medium wp-image-2003387 alignleft\" src=\"https:\/\/romfilatelia.ro\/magazin\/wp-content\/uploads\/2010\/11\/Craciun_2010_M-300x300.jpg\" alt=\"Craciun_2010_M\" width=\"300\" height=\"300\" srcset=\"https:\/\/romfilatelia.ro\/magazin\/wp-content\/uploads\/2010\/11\/Craciun_2010_M-300x300.jpg 300w, https:\/\/romfilatelia.ro\/magazin\/wp-content\/uploads\/2010\/11\/Craciun_2010_M-250x250.jpg 250w, https:\/\/romfilatelia.ro\/magazin\/wp-content\/uploads\/2010\/11\/Craciun_2010_M-100x100.jpg 100w, https:\/\/romfilatelia.ro\/magazin\/wp-content\/uploads\/2010\/11\/Craciun_2010_M-500x500.jpg 500w, https:\/\/romfilatelia.ro\/magazin\/wp-content\/uploads\/2010\/11\/Craciun_2010_M-64x64.jpg 64w, https:\/\/romfilatelia.ro\/magazin\/wp-content\/uploads\/2010\/11\/Craciun_2010_M-150x150.jpg 150w, https:\/\/romfilatelia.ro\/magazin\/wp-content\/uploads\/2010\/11\/Craciun_2010_M-53x53.jpg 53w, https:\/\/romfilatelia.ro\/magazin\/wp-content\/uploads\/2010\/11\/Craciun_2010_M-85x85.jpg 85w, https:\/\/romfilatelia.ro\/magazin\/wp-content\/uploads\/2010\/11\/Craciun_2010_M-570x570.jpg 570w, https:\/\/romfilatelia.ro\/magazin\/wp-content\/uploads\/2010\/11\/Craciun_2010_M-380x380.jpg 380w, https:\/\/romfilatelia.ro\/magazin\/wp-content\/uploads\/2010\/11\/Craciun_2010_M-285x285.jpg 285w, https:\/\/romfilatelia.ro\/magazin\/wp-content\/uploads\/2010\/11\/Craciun_2010_M.jpg 600w\" sizes=\"(max-width: 300px) 100vw, 300px\" \/><\/a>\u00a0 Cu ocazia S\u00e3rb\u00e3torii Na\u015fterii Domnului, Romfilatelia introduce \u00een circula\u0163ie emisiunea comun\u00e3 de m\u00e3rci po\u015ftale Rom\u00e2nia-Vatican, \u201eCr\u00e3ciun 2010\u201c.<br \/>\nAnul acesta se \u00eemplinesc 90 de ani de c\u00e2nd, \u00een 1920, la solicitarea Vaticanului, au \u00eenceput primele tratative purtate cu statul rom\u00e2n \u00een vederea \u00eencheierii unui Concordat.<br \/>\n\u00cen vara aceluia\u015fi an, Dimitrie C. Penescu devine primul trimis extraordinar \u015fi ministru plenipoten\u0163iar al Rom\u00e2niei care \u00ee\u015fi prezint\u00e3 scrisorile de acreditare pe l\u00e2ng\u00e3 Sf\u00e2ntul Scaun.<br \/>\nConcordatul cu Vaticanul a fost semnat \u00een 1927 \u015fi a intrat \u00een vigoare \u00een 1929, permi\u0163\u00e2nd astfel reorganizarea pe teritoriul Rom\u00e2niei a Bisericii Catolice de rit latin \u015fi totodat\u00e3 garant\u00e2ndu-se credincio\u015filor libertatea exprim\u00e3rii religioase a\u015fa cum fusese recunoscut\u00e3 \u00een Constitu\u0163ia din 1923, pentru ortodoc\u015fi \u015fi greco-catolici.<br \/>\n\u00cencep\u00e2nd cu 1938, timp de doi ani, Lega\u0163ia Rom\u00e2niei a fost ridicat\u00e3 la rangul de ambasad\u00e3. Dup\u00e3 schimb\u00e3rile politice survenite \u00een Rom\u00e2nia, din 1950 au fost \u00eentrerupte rela\u0163iile diplomatice cu Vaticanul.<br \/>\nDup\u00e3 aproape 40 de ani, la \u00eenceputul anului 1989, Patriarhul Bisericii Ortodoxe Rom\u00e2ne, Teoctist, aflat \u00een drum spre India, s-a \u00eent\u00e2lnit \u00eentr-un cadru neoficial cu Papa Ioan Paul al II-lea. Anul urm\u00e3tor, \u00eencep\u00e2nd cu 15 mai, au fost reluate rela\u0163iile diplomatice dintre Rom\u00e2nia \u015fi Vatican.<br \/>\n\u00cen 1999, \u00een perioada 7-9 mai, a avut loc prima vizit\u00e3 (dup\u00e3 Marea Schism\u00e3 de la Niccea -1054) a unui Pap\u00e3 al Romei \u00eentr-o \u0163ar\u00e3 preponderent ortodox\u00e3. Prin aceast\u00e3 vizit\u00e3 s-a \u00eencercat o mai mare apropiere \u015fi cooperare \u00eentre cele dou\u00e3 Biserici cre\u015ftine, chemate s\u00e3 proclame \u00eempreun\u00e3 iubirea lui Dumnezeu pentru lume. Trebuie men\u0163ionat c\u00e3 din ianuarie 1998, \u00een Rom\u00e2nia, s-a revenit la vechea tradi\u0163ie prin care Nun\u0163iul apostolic la Bucure\u015fti devine decanul corpului diplomatic.<br \/>\n\u201eNa\u015fterea Domnului\u201c, pictat\u00e3 de Gh. Tattarescu, imagine propus\u00e3 de Rom\u00e2nia, este reprezentat\u00e3 pe timbrul cu valoarea nominal\u00e3 de 1,00 lei \u015fi apar\u0163ine patrimoniului Catedralei Mitropolitane Ia\u015fi, o cl\u00e3dire monumental\u00e3, al c\u00e3rui stil arhitectonic este inspirat din forme t\u00e2rzii ale Rena\u015fterii italiene.<br \/>\nGheorghe Tattarescu (1820-1894), pionier al neoclasicismului \u00een pictura rom\u00e2neasc\u00e3 a studiat \u00een perioada 1845-1851 la Academia San Luca din Roma. O mare parte din activitatea sa artistic\u00e3 a fost dedicat\u00e3 artei religioase, conceput\u00e3 \u00eentr-un stil personal influen\u0163at de academismul italian \u015fi par\u0163ial de iconografia tradi\u0163ional\u00e3 bizantin\u00e3.<br \/>\nPropunerea Vaticanului \u201eNa\u015fterea Domnului\u201c, o reproducere din 1861 a unei picturi apar\u0163in\u00e2nd \u0218colii Murillo (1618 -1682), este ilustrat\u00e3 pe timbrul cu valoarea nominal\u00e3 de 3,10 lei.<br \/>\nAducem mul\u0163umirile noastre Mitropoliei Moldovei \u015fi Bucovinei, IPS Teofan \u015fi Catedralei Mitropolitane din Ia\u015fi pentru sprijinul documentar oferit la realizarea acestei emisiuni de m\u00e3rci po\u015ftale.<\/p>\n<p>Data Aparitie:2010-11-15<\/p>\n<p><a href=\"https:\/\/romfilatelia.ro\/magazin\/wp-content\/uploads\/2010\/11\/Craciun_2010_box.jpg\"><img decoding=\"async\" loading=\"lazy\" class=\"wp-image-2003388 size-full aligncenter\" src=\"https:\/\/romfilatelia.ro\/magazin\/wp-content\/uploads\/2010\/11\/Craciun_2010_box.jpg\" alt=\"Craciun_2010_box\" width=\"699\" height=\"750\" srcset=\"https:\/\/romfilatelia.ro\/magazin\/wp-content\/uploads\/2010\/11\/Craciun_2010_box.jpg 699w, https:\/\/romfilatelia.ro\/magazin\/wp-content\/uploads\/2010\/11\/Craciun_2010_box-500x536.jpg 500w, https:\/\/romfilatelia.ro\/magazin\/wp-content\/uploads\/2010\/11\/Craciun_2010_box-64x69.jpg 64w, https:\/\/romfilatelia.ro\/magazin\/wp-content\/uploads\/2010\/11\/Craciun_2010_box-280x300.jpg 280w\" sizes=\"(max-width: 699px) 100vw, 699px\" \/><\/a><\/p>\n","protected":false},"excerpt":{"rendered":"<p>\u00a0 Cu ocazia S\u00e3rb\u00e3torii Na\u015fterii Domnului, Romfilatelia introduce \u00een circula\u0163ie emisiunea comun\u00e3 de m\u00e3rci po\u015ftale Rom\u00e2nia-Vatican, \u201eCr\u00e3ciun 2010\u201c. Anul acesta se \u00eemplinesc 90 de ani de c\u00e2nd, \u00een 1920, la solicitarea Vaticanului, au \u00eenceput primele tratative purtate cu statul rom\u00e2n \u00een vederea \u00eencheierii unui Concordat. \u00cen vara aceluia\u015fi an, Dimitrie C. Penescu devine primul trimis&hellip;&nbsp;<a href=\"https:\/\/romfilatelia.ro\/magazin\/produs\/colectii-anuale\/2010\/emisiune-comuna-romania-vatican-craciun-2010\/\" class=\"\" rel=\"bookmark\">Cite\u0219te mai mult &raquo;<span class=\"screen-reader-text\">Emisiune comun\u00e3 Rom\u00e2nia-Vatican \u2013 \u201cCR\u00c3CIUN 2010\u201d<\/span><\/a><\/p>\n","protected":false},"featured_media":2003387,"template":"","meta":{"neve_meta_sidebar":"","neve_meta_container":"","neve_meta_enable_content_width":"","neve_meta_content_width":0,"neve_meta_title_alignment":"","neve_meta_author_avatar":"","neve_post_elements_order":"","neve_meta_disable_header":"","neve_meta_disable_footer":"","neve_meta_disable_title":""},"product_cat":[108,6],"product_tag":[],"_links":{"self":[{"href":"https:\/\/romfilatelia.ro\/magazin\/wp-json\/wp\/v2\/product\/2001279"}],"collection":[{"href":"https:\/\/romfilatelia.ro\/magazin\/wp-json\/wp\/v2\/product"}],"about":[{"href":"https:\/\/romfilatelia.ro\/magazin\/wp-json\/wp\/v2\/types\/product"}],"wp:featuredmedia":[{"embeddable":true,"href":"https:\/\/romfilatelia.ro\/magazin\/wp-json\/wp\/v2\/media\/2003387"}],"wp:attachment":[{"href":"https:\/\/romfilatelia.ro\/magazin\/wp-json\/wp\/v2\/media?parent=2001279"}],"wp:term":[{"taxonomy":"product_cat","embeddable":true,"href":"https:\/\/romfilatelia.ro\/magazin\/wp-json\/wp\/v2\/product_cat?post=2001279"},{"taxonomy":"product_tag","embeddable":true,"href":"https:\/\/romfilatelia.ro\/magazin\/wp-json\/wp\/v2\/product_tag?post=2001279"}],"curies":[{"name":"wp","href":"https:\/\/api.w.org\/{rel}","templated":true}]}}