{"id":2001275,"date":"2010-10-01T16:32:05","date_gmt":"2010-10-01T16:32:05","guid":{"rendered":"http:\/\/romfilatelia.ro\/store\/2010\/10\/01\/stemele-dunarii-ii\/"},"modified":"2016-08-05T12:55:51","modified_gmt":"2016-08-05T12:55:51","slug":"stemele-dunarii-ii","status":"publish","type":"product","link":"https:\/\/romfilatelia.ro\/magazin\/produs\/colectii-anuale\/2010\/stemele-dunarii-ii\/","title":{"rendered":"STEMELE DUN\u00c3RII II"},"content":{"rendered":"<p><a href=\"https:\/\/romfilatelia.ro\/magazin\/wp-content\/uploads\/2010\/10\/Steme_Dun_2_M.jpg\"><img decoding=\"async\" loading=\"lazy\" class=\"size-medium wp-image-2003410 alignleft\" src=\"https:\/\/romfilatelia.ro\/magazin\/wp-content\/uploads\/2010\/10\/Steme_Dun_2_M-300x200.jpg\" alt=\"Print\" width=\"300\" height=\"200\" srcset=\"https:\/\/romfilatelia.ro\/magazin\/wp-content\/uploads\/2010\/10\/Steme_Dun_2_M-300x200.jpg 300w, https:\/\/romfilatelia.ro\/magazin\/wp-content\/uploads\/2010\/10\/Steme_Dun_2_M-500x333.jpg 500w, https:\/\/romfilatelia.ro\/magazin\/wp-content\/uploads\/2010\/10\/Steme_Dun_2_M-64x43.jpg 64w, https:\/\/romfilatelia.ro\/magazin\/wp-content\/uploads\/2010\/10\/Steme_Dun_2_M-570x380.jpg 570w, https:\/\/romfilatelia.ro\/magazin\/wp-content\/uploads\/2010\/10\/Steme_Dun_2_M-380x254.jpg 380w, https:\/\/romfilatelia.ro\/magazin\/wp-content\/uploads\/2010\/10\/Steme_Dun_2_M-285x190.jpg 285w, https:\/\/romfilatelia.ro\/magazin\/wp-content\/uploads\/2010\/10\/Steme_Dun_2_M.jpg 600w\" sizes=\"(max-width: 300px) 100vw, 300px\" \/><\/a> Aceast\u00e3 emisiune de m\u00e3rci po\u015ftale, pe care Romfilatelia o introduce \u00een circula\u0163ie, este a doua serie din tematica \u201eStemele Dun\u00e3rii\u201c.<br \/>\nOricare dintre fluviile lumii, indiferent de continent, reprezint\u00e3 un simbol. Fluviul Galben este str\u00e2ns legat de istoria multimilenar\u00e3 a Chinei, Sena nu poate fi prezentat\u00e3 sau descris\u00e3 f\u00e3r\u00e3 a ad\u00e3uga elegan\u0163a parizian\u00e3, Rinul \u00ee\u015fi \u00eenscrie cursul pe un traseu ce simbolizeaz\u00e3 rigurozitatea german\u00e3, iar Mississippi \u00ee\u0163i aduce aminte de vechii b\u00e3\u015ftina\u015fi descoperi\u0163i de Cristofor Columb.<br \/>\nDun\u00e3rea \u00eens\u00e3, chiar dac\u00e3 este al doilea fluviu al Europei (dup\u00e3 Volga), este Europa \u00eens\u00e3\u015fi, sau cum spunea Napoleon este \u201eRegele fluviilor din Europa\u201c.<br \/>\n\u00cencep\u00e2nd cu secolul al XVIII-lea, fluviul a \u00eenceput s\u00e3 devin\u00e3 o rut\u00e3 de comunica\u0163ii \u00eentre Vestul industrializat \u015fi zona agrar\u00e3 a sud-estului Europei, dinamiz\u00e2nd puternic schimburile comerciale.<br \/>\nDup\u00e3 semnarea Tratatului de Pace de la Paris din 1856, este \u00eenfiin\u0163at\u00e3 Comisia European\u00e3 a Dun\u00e3rii (1856 &#8211; 1938) &#8211; un organism interna\u0163ional care stabilea libera circula\u0163ie pe fluviu.<br \/>\n\u00cen a doua parte a secolului XX, fluviul a fost ad\u00e2ncit \u015fi l\u00e3rgit. Totodat\u00e3, prin construirea Sistemului Hidroenergetic de la Por\u0163ile de Fier \u015fi a Canalului Dun\u00e3re &#8211; Marea Neagr\u00e3 (64 km), pe teritoriul Rom\u00e2niei, a crescut traficul fluvial \u015fi drumul spre mare a fost considerabil scurtat.<br \/>\nMarc\u00e2nd dou\u00e3 treimi din grani\u0163a dintre Croa\u0163ia \u015fi Serbia, Dun\u00e3rea trece prin Belgrad, iar mai apoi, dup\u00e3 o scurt\u00e3 \u00eentoarcere spre sud-est, se \u00eendreapt\u00e3 spre est, devenind grani\u0163\u00e3 \u00eentre Serbia \u015fi Rom\u00e2nia.<br \/>\nDe-a lungul acestei grani\u0163e se afl\u00e3 \u015fi defileul Dun\u00e3rii, cel mai lung din Europa (144 km), unde anticul Danubius a t\u00e3iat lan\u0163ul muntos al Carpa\u0163ilor.<br \/>\nUrmeaz\u00e3 apoi grani\u0163a dun\u00e3rean\u00e3 dintre Bulgaria \u015fi Rom\u00e2nia, pentru ca mai apoi Dun\u00e3rea, \u00een periplul ei rom\u00e2nesc, de peste o mie de km, \u00een drumul ei spre mare, s\u00e3 se despart\u00e3 \u00een trei Bra\u0163e: Sulina, Sf\u00e2ntu Gheorghe \u015fi Chilia, form\u00e2nd cea mai mare Delt\u00e3 a Europei.<br \/>\nPe aproximativ 600 de metri, Dun\u00e3rea scald\u00e3 malul apar\u0163in\u00e2nd Republicii Moldova, iar pe cel al Ucrainei pe aproximativ 80 de km.<br \/>\nAst\u00e3zi Dun\u00e3rea, aceast\u00e3 mo\u015ftenire unic\u00e3 a Europei, este protejat\u00e3 de Comisia Interna\u0163ional\u00e3 pentru Protec\u0163ia Fluviului Dun\u00e3rea, format\u00e3 din reprezentan\u0163ii \u0163\u00e3rilor riverane. Existen\u0163a acestei Comisii este legat\u00e3 de p\u00e3strarea \u015fi protejarea celui mai bogat ecosistem al Europei.<\/p>\n<p>Pe timbrul cu valoarea nominal\u00e3 de 1,40 Lei este ilustrat\u00e3 Fort\u00e3rea\u0163a Ram (Republica Serbia).<br \/>\nPe timbrul cu valoarea nominal\u00e3 de 2,40 Lei este ilustrat Teatrul dramatic &#8211; Ruse (Republica Bulgaria).<br \/>\nPe timbrul cu valoarea nominal\u00e3 de 3,10 Lei este ilustrat\u00e3 Universitatea \u201eBogdan Petriceicu Ha\u015fdeu\u201c &#8211; Cahul (Republica Moldova).<br \/>\nPe timbrul cu valoarea nominal\u00e3 de 4,30 Lei este ilustrat\u00e3 Biserica \u201eAdormirea Maicii Domnului\u201c &#8211; Izmail (Ucraina).<br \/>\nPe coli\u0163a emisiunii cu valoarea nominal\u00e3 de 14,50 Lei este ilustrat Palatul Naviga\u0163iei (arh. Petre Antonescu) &#8211; Gala\u0163i (Rom\u00e2nia).<\/p>\n<p>Romfilatelia aduce mul\u0163umiri, pentru sprijinul acordat la realizarea acestei emisiuni de m\u00e3rci po\u015ftale Ambasadelor Republicii Serbia, Republicii Bulgaria, Republicii Moldova \u015fi Ucrainei de la Bucure\u015fti.<br \/>\nTotodat\u00e3 mul\u0163umim d-nei Mariana \u0218lapac, Pre\u015fedintele Comisiei Na\u0163ionale de Heraldic\u00e3 a Republicii Moldova, Consulatului General al Rom\u00e2niei de la Odesa (d-nei Cerasela Nicola\u015f) \u015fi Direc\u0163iei Jude\u0163ene pentru Cultur\u00e3 \u015fi Patrimoniul Na\u0163ional Gala\u0163i (d-lui Eugen Stamate).<\/p>\n<p>Data Aparitie:2010-10-01<\/p>\n<p><a href=\"https:\/\/romfilatelia.ro\/magazin\/wp-content\/uploads\/2010\/10\/Steme_Dun_2_box.jpg\"><img decoding=\"async\" loading=\"lazy\" class=\"wp-image-2003411 size-full aligncenter\" src=\"https:\/\/romfilatelia.ro\/magazin\/wp-content\/uploads\/2010\/10\/Steme_Dun_2_box.jpg\" alt=\"Steme_Dun_2_box\" width=\"643\" height=\"750\" srcset=\"https:\/\/romfilatelia.ro\/magazin\/wp-content\/uploads\/2010\/10\/Steme_Dun_2_box.jpg 643w, https:\/\/romfilatelia.ro\/magazin\/wp-content\/uploads\/2010\/10\/Steme_Dun_2_box-500x583.jpg 500w, https:\/\/romfilatelia.ro\/magazin\/wp-content\/uploads\/2010\/10\/Steme_Dun_2_box-64x75.jpg 64w, https:\/\/romfilatelia.ro\/magazin\/wp-content\/uploads\/2010\/10\/Steme_Dun_2_box-257x300.jpg 257w\" sizes=\"(max-width: 643px) 100vw, 643px\" \/><\/a><\/p>\n","protected":false},"excerpt":{"rendered":"<p>Aceast\u00e3 emisiune de m\u00e3rci po\u015ftale, pe care Romfilatelia o introduce \u00een circula\u0163ie, este a doua serie din tematica \u201eStemele Dun\u00e3rii\u201c. Oricare dintre fluviile lumii, indiferent de continent, reprezint\u00e3 un simbol. Fluviul Galben este str\u00e2ns legat de istoria multimilenar\u00e3 a Chinei, Sena nu poate fi prezentat\u00e3 sau descris\u00e3 f\u00e3r\u00e3 a ad\u00e3uga elegan\u0163a parizian\u00e3, Rinul \u00ee\u015fi \u00eenscrie&hellip;&nbsp;<a href=\"https:\/\/romfilatelia.ro\/magazin\/produs\/colectii-anuale\/2010\/stemele-dunarii-ii\/\" class=\"\" rel=\"bookmark\">Cite\u0219te mai mult &raquo;<span class=\"screen-reader-text\">STEMELE DUN\u00c3RII II<\/span><\/a><\/p>\n","protected":false},"featured_media":2003410,"template":"","meta":{"neve_meta_sidebar":"","neve_meta_container":"","neve_meta_enable_content_width":"","neve_meta_content_width":0,"neve_meta_title_alignment":"","neve_meta_author_avatar":"","neve_post_elements_order":"","neve_meta_disable_header":"","neve_meta_disable_footer":"","neve_meta_disable_title":""},"product_cat":[108,6],"product_tag":[],"_links":{"self":[{"href":"https:\/\/romfilatelia.ro\/magazin\/wp-json\/wp\/v2\/product\/2001275"}],"collection":[{"href":"https:\/\/romfilatelia.ro\/magazin\/wp-json\/wp\/v2\/product"}],"about":[{"href":"https:\/\/romfilatelia.ro\/magazin\/wp-json\/wp\/v2\/types\/product"}],"wp:featuredmedia":[{"embeddable":true,"href":"https:\/\/romfilatelia.ro\/magazin\/wp-json\/wp\/v2\/media\/2003410"}],"wp:attachment":[{"href":"https:\/\/romfilatelia.ro\/magazin\/wp-json\/wp\/v2\/media?parent=2001275"}],"wp:term":[{"taxonomy":"product_cat","embeddable":true,"href":"https:\/\/romfilatelia.ro\/magazin\/wp-json\/wp\/v2\/product_cat?post=2001275"},{"taxonomy":"product_tag","embeddable":true,"href":"https:\/\/romfilatelia.ro\/magazin\/wp-json\/wp\/v2\/product_tag?post=2001275"}],"curies":[{"name":"wp","href":"https:\/\/api.w.org\/{rel}","templated":true}]}}