{"id":2001269,"date":"2010-07-29T16:07:36","date_gmt":"2010-07-29T16:07:36","guid":{"rendered":"http:\/\/romfilatelia.ro\/store\/2010\/07\/29\/romania-gradina-carpatilor\/"},"modified":"2016-08-05T12:10:12","modified_gmt":"2016-08-05T12:10:12","slug":"romania-gradina-carpatilor","status":"publish","type":"product","link":"https:\/\/romfilatelia.ro\/magazin\/produs\/colectii-anuale\/2010\/romania-gradina-carpatilor\/","title":{"rendered":"ROM\u00c2NIA \u2013GR\u00c3DINA CARPA\u021aILOR"},"content":{"rendered":"<p><a href=\"https:\/\/romfilatelia.ro\/magazin\/wp-content\/uploads\/2010\/07\/romania_brand_M.jpg\"><img decoding=\"async\" loading=\"lazy\" class=\"size-medium wp-image-2003653 alignleft\" src=\"https:\/\/romfilatelia.ro\/magazin\/wp-content\/uploads\/2010\/07\/romania_brand_M-300x262.jpg\" alt=\"romania_brand_M\" width=\"300\" height=\"262\" srcset=\"https:\/\/romfilatelia.ro\/magazin\/wp-content\/uploads\/2010\/07\/romania_brand_M-300x262.jpg 300w, https:\/\/romfilatelia.ro\/magazin\/wp-content\/uploads\/2010\/07\/romania_brand_M-500x436.jpg 500w, https:\/\/romfilatelia.ro\/magazin\/wp-content\/uploads\/2010\/07\/romania_brand_M-64x56.jpg 64w, https:\/\/romfilatelia.ro\/magazin\/wp-content\/uploads\/2010\/07\/romania_brand_M.jpg 600w\" sizes=\"(max-width: 300px) 100vw, 300px\" \/><\/a>\u00a0 Format\u00e3 pe vechea vatr\u00e3 a Daciei \u00een zona sud-estic\u00e3 a Europei Centrale, cu arcul mun\u0163ilor Carpa\u0163i \u00een mijloc, m\u00e3rginit\u00e3 de Dun\u00e3re \u015fi Marea Neagr\u00e3, se afl\u00e3 Rom\u00e2nia \u015fi un popor statornic de peste dou\u00e3 mii de ani.<br \/>\nCu o istorie bogat\u00e3, teritoriul actual al Rom\u00e2niei ofer\u00e3 turistului posibilitatea de a descoperi unele dintre cele mai vechi \u015fi bogate dovezi de spiritualitate, tradi\u0163ii, continuitate \u015fi cultur\u00e3 autentic\u00e3.<br \/>\nEstul Carpa\u0163ilor Meridionali ofer\u00e3 ocazia de a \u00eent\u00e2lni Sfinxul din Bucegi, vechi c\u00e2t timpul, iar vestul acelora\u015fi mun\u0163i p\u00e3streaz\u00e3 una dintre cele mai mari \u015fi frumoase rezerva\u0163ii naturale din Europa, Parcul Na\u0163ional Retezat.<br \/>\nAcolo unde Dun\u00e3rea se apropie de Marea Neagr\u00e3, po\u0163i face o plimbare pe nenum\u00e3ratele canale ale celei mai mari delte a continentului, mirifica Delt\u00e3 a Dun\u00e3rii.<br \/>\nRom\u00e2nia este locul unde afli Legenda Me\u015fterului Manole \u2013 ziditorul unuia dintre cele mai frumoase l\u00e3ca\u015furi ortodoxe, M\u00e3n\u00e3stirea Curtea de Arge\u015f \u015fi unde po\u0163i, de asemenea, \u00eent\u00e2lni Coloana Infinitului, \u00eenchipuit\u00e3 \u015fi construit\u00e3 de marele geniu universal, Constantin Br\u00e2ncu\u015fi.<br \/>\nRom\u00e2nia este \u0163ara vestitelor Biserici din lemn din Maramure\u015f \u015fi a unicului Cimitir vesel din lume, cel de la S\u00e3p\u00e2n\u0163a, dar \u015fi \u0163ara numeroaselor monumente istorice a c\u00e3ror unicitate uime\u015fte orice vizitator.<br \/>\nCrea\u0163ia popular\u00e3 rom\u00e2neasc\u00e3 este cunoscut\u00e3 pe toate continentele lumii, prin varietatea \u015fi singularitatea ei reprezentat\u00e3 \u00een mod special de ceramica popular\u00e3 \u015fi de frumuse\u0163ea scoar\u0163elor rom\u00e2ne\u015fti.<br \/>\nRom\u00e2nia, d\u00e3inuind prin dragoste \u015fi suferin\u0163\u00e3, s-a p\u00e3strat de milenii, ca un miracol, \u00een acest spa\u0163iu mioritic, apar\u0163in\u00e2nd dintotdeauna str\u00e3vechii Europe.<br \/>\nEmisiunea de m\u00e3rci po\u015ftale Rom\u00e2nia \u2013 Gr\u00e3dina Carpa\u0163ilor, pe care Romfilatelia o introduce \u00een circula\u0163ie, este dedicat\u00e3 lans\u00e3rii brandului turistic al Rom\u00e2niei.<\/p>\n<p>Pentru sprijinul acordat la realizarea acestei emisiuni de m\u00e3rci po\u015ftale, aducem mul\u0163umirile noastre Ministerului Dezvolt\u00e3rii Regionale \u015fi Turismului \u015fi fotografilor Victor Borta\u015f, Eugen Petrescu \u015fi Eduard Despinoiu.<\/p>\n<p>Data Aparitie:2010-07-29<\/p>\n<p><a href=\"https:\/\/romfilatelia.ro\/magazin\/wp-content\/uploads\/2010\/07\/romania_brand_box.jpg\"><img decoding=\"async\" loading=\"lazy\" class=\"wp-image-2003654 size-full aligncenter\" src=\"https:\/\/romfilatelia.ro\/magazin\/wp-content\/uploads\/2010\/07\/romania_brand_box.jpg\" alt=\"romania_brand_box\" width=\"715\" height=\"750\" srcset=\"https:\/\/romfilatelia.ro\/magazin\/wp-content\/uploads\/2010\/07\/romania_brand_box.jpg 715w, https:\/\/romfilatelia.ro\/magazin\/wp-content\/uploads\/2010\/07\/romania_brand_box-500x524.jpg 500w, https:\/\/romfilatelia.ro\/magazin\/wp-content\/uploads\/2010\/07\/romania_brand_box-64x67.jpg 64w, https:\/\/romfilatelia.ro\/magazin\/wp-content\/uploads\/2010\/07\/romania_brand_box-286x300.jpg 286w\" sizes=\"(max-width: 715px) 100vw, 715px\" \/><\/a><\/p>\n","protected":false},"excerpt":{"rendered":"<p>\u00a0 Format\u00e3 pe vechea vatr\u00e3 a Daciei \u00een zona sud-estic\u00e3 a Europei Centrale, cu arcul mun\u0163ilor Carpa\u0163i \u00een mijloc, m\u00e3rginit\u00e3 de Dun\u00e3re \u015fi Marea Neagr\u00e3, se afl\u00e3 Rom\u00e2nia \u015fi un popor statornic de peste dou\u00e3 mii de ani. Cu o istorie bogat\u00e3, teritoriul actual al Rom\u00e2niei ofer\u00e3 turistului posibilitatea de a descoperi unele dintre cele&hellip;&nbsp;<a href=\"https:\/\/romfilatelia.ro\/magazin\/produs\/colectii-anuale\/2010\/romania-gradina-carpatilor\/\" class=\"\" rel=\"bookmark\">Cite\u0219te mai mult &raquo;<span class=\"screen-reader-text\">ROM\u00c2NIA \u2013GR\u00c3DINA CARPA\u021aILOR<\/span><\/a><\/p>\n","protected":false},"featured_media":2003653,"template":"","meta":{"neve_meta_sidebar":"","neve_meta_container":"","neve_meta_enable_content_width":"","neve_meta_content_width":0,"neve_meta_title_alignment":"","neve_meta_author_avatar":"","neve_post_elements_order":"","neve_meta_disable_header":"","neve_meta_disable_footer":"","neve_meta_disable_title":""},"product_cat":[108,6],"product_tag":[],"_links":{"self":[{"href":"https:\/\/romfilatelia.ro\/magazin\/wp-json\/wp\/v2\/product\/2001269"}],"collection":[{"href":"https:\/\/romfilatelia.ro\/magazin\/wp-json\/wp\/v2\/product"}],"about":[{"href":"https:\/\/romfilatelia.ro\/magazin\/wp-json\/wp\/v2\/types\/product"}],"wp:featuredmedia":[{"embeddable":true,"href":"https:\/\/romfilatelia.ro\/magazin\/wp-json\/wp\/v2\/media\/2003653"}],"wp:attachment":[{"href":"https:\/\/romfilatelia.ro\/magazin\/wp-json\/wp\/v2\/media?parent=2001269"}],"wp:term":[{"taxonomy":"product_cat","embeddable":true,"href":"https:\/\/romfilatelia.ro\/magazin\/wp-json\/wp\/v2\/product_cat?post=2001269"},{"taxonomy":"product_tag","embeddable":true,"href":"https:\/\/romfilatelia.ro\/magazin\/wp-json\/wp\/v2\/product_tag?post=2001269"}],"curies":[{"name":"wp","href":"https:\/\/api.w.org\/{rel}","templated":true}]}}