{"id":2001267,"date":"2010-07-15T16:03:50","date_gmt":"2010-07-15T16:03:50","guid":{"rendered":"http:\/\/romfilatelia.ro\/store\/2010\/07\/15\/ziua-marcii-poatale-romaneati-125-de-ani-de-la-recunoaaterea-autocefaliei-bisericii-ortodoxe-romane\/"},"modified":"2016-08-05T11:52:57","modified_gmt":"2016-08-05T11:52:57","slug":"ziua-marcii-poatale-romaneati-125-de-ani-de-la-recunoaaterea-autocefaliei-bisericii-ortodoxe-romane","status":"publish","type":"product","link":"https:\/\/romfilatelia.ro\/magazin\/produs\/colectii-anuale\/2010\/ziua-marcii-poatale-romaneati-125-de-ani-de-la-recunoaaterea-autocefaliei-bisericii-ortodoxe-romane\/","title":{"rendered":"ZIUA M\u00c3RCII PO\u0218TALE ROM\u00c2NE\u0218TI &#8211; 125 DE ANI DE LA RECUNOA\u0218TEREA AUTOCEFALIEI BISERICII ORTODOXE ROM\u00c2NE"},"content":{"rendered":"<p><a href=\"https:\/\/romfilatelia.ro\/magazin\/wp-content\/uploads\/2010\/07\/zmp_autocefal_M.jpg\"><img decoding=\"async\" loading=\"lazy\" class=\"size-medium wp-image-2003901 alignleft\" src=\"https:\/\/romfilatelia.ro\/magazin\/wp-content\/uploads\/2010\/07\/zmp_autocefal_M-228x300.jpg\" alt=\"zmp_autocefal_M\" width=\"228\" height=\"300\" srcset=\"https:\/\/romfilatelia.ro\/magazin\/wp-content\/uploads\/2010\/07\/zmp_autocefal_M-228x300.jpg 228w, https:\/\/romfilatelia.ro\/magazin\/wp-content\/uploads\/2010\/07\/zmp_autocefal_M-64x84.jpg 64w, https:\/\/romfilatelia.ro\/magazin\/wp-content\/uploads\/2010\/07\/zmp_autocefal_M-304x400.jpg 304w, https:\/\/romfilatelia.ro\/magazin\/wp-content\/uploads\/2010\/07\/zmp_autocefal_M.jpg 456w\" sizes=\"(max-width: 228px) 100vw, 228px\" \/><\/a> \u201e\u2026Prin urmare, dup\u00e3 ce am deliberat \u00eempreun\u00e3 cu Sf\u00e2ntul Sinod \u015fi cu iubi\u0163ii no\u015ftri fra\u0163i \u00eentru Duhul Sf\u00e2nt \u015fi coliturghisitori, declar\u00e3m c\u00e3 Biserica Ortodox\u00e3 din Rom\u00e2nia s\u00e3 \u00eenceap\u00e3 s\u00e3 fie numit\u00e3 \u015fi s\u00e3 fie recunoscut\u00e3 de c\u00e3tre to\u0163i ca independent\u00e3 \u015fi autocefal\u00e3, fiind administrat\u00e3 de propriul Sf\u00e2nt Sinod, av\u00e2nd ca \u00eent\u00e2ist\u00e3t\u00e3tor pe cel care este de mult\u00e3 vreme Preasfin\u0163itul \u015fi Preacinstitul Mitropolit al Ungrovlahiei \u015fi exarh al \u00eentregii Rom\u00e2nii\u2026\u201c (fragment din Tomosul de recunoa\u015ftere a autocefaliei Bisericii Ortodoxe Rom\u00e2ne, semnat la 25 aprilie 1885 de IOACHIM al IV-lea, Arhiepiscop al Constantinopolului \u015fi Patriarh Ecumenic).<br \/>\nSub genericul Ziua M\u00e3rcii Po\u015ftale Rom\u00e2ne\u015fti, Romfilatelia introduce \u00een circula\u0163ie emisiunea de m\u00e3rci po\u015ftale \u201e125 de ani de la Recunoa\u015fterea Autocefaliei Bisericii Ortodoxe Rom\u00e2ne\u201c.<br \/>\nDatorit\u00e3 faptului c\u00e3 teritoriul locuit de rom\u00e2ni era \u00eemp\u00e3r\u0163it \u00een trei \u021a\u00e3ri \u015fi, cu toate c\u00e3, bisericile din \u021a\u00e3rile Rom\u00e2ne au avut anumite \u015fi chiar pregnante manifest\u00e3ri de expresie autocefal\u00e3, Ortodoxia Rom\u00e2neasc\u00e3 nu a dob\u00e2ndit \u201ede jure\u201c acest statut dec\u00e2t \u00een secolul al XIX-lea.<br \/>\nUnirea \u021a\u00e3rii Rom\u00e2ne\u015fti cu Moldova din 1859 a creat premiza pentru ob\u0163inerea autocefaliei Bisericii Ortodoxe din noul stat rom\u00e2n. Primul pas este f\u00e3cut prin Decretul organic pentru \u00eenfiin\u0163area unei autorit\u00e3\u0163i sinodale centrale, din 3 decembrie 1864, care prevedea \u00een primul articol c\u00e3 \u201eBiserica Ortodox\u00e3 Rom\u00e2n\u00e3 este \u015fi r\u00e3m\u00e2ne independent\u00e3 de orice autoritate bisericeasc\u00e3 str\u00e3in\u00e3, \u00eentru tot ce prive\u015fte organizarea \u015fi disciplina\u201c. A urmat Constitu\u0163ia din 13 iulie 1866 \u015fi Legea organic\u00e3 pentru alegerea mitropoli\u0163ilor \u015fi a episcopilor eparhio\u0163i, precum \u015fi a constituirii Sf\u00e2ntului Sinod al Bisericii autocefale Ortodoxe Rom\u00e2ne din 1872 care prevedeau autocefalia Bisericii.<br \/>\nLa 9 mai 1877, Rom\u00e2nia \u015fi-a proclamat independen\u0163a de stat, care a fost recunoscut\u00e3 de Congresul de Pace de la Berlin din 1878, urmat\u00e3 fiind de proclamarea Regatului \u00een 1881.<br \/>\n\u00cen aceste \u00eemprejur\u00e3ri, c\u00e2nd prestigiul Rom\u00e2niei a crescut, era de la sine \u00een\u0163eles c\u00e3 recunoa\u015fterea autocefaliei Bisericii Ortodoxe Rom\u00e2ne trebuia s\u00e3 devin\u00e3 realitate.<br \/>\nAutocefalia, cerut\u00e3 Patriarhiei Ecumenice \u00een repetate r\u00e2nduri, a fost acordat\u00e3 la 25 aprilie 1885 prin cuprinsul solemn al Tomosului de recunoa\u015ftere a acesteia, emis la Constantinopol de Patriarhul Ecumenic Ioachim al IV-lea.<br \/>\nPrin dob\u00e2ndirea acestui statut, Biserica noastr\u00e3 ob\u0163inea \u00een \u00eentregime conducerea de sine, independen\u0163a administrativ-jurisdic\u0163ional\u00e3 fa\u0163\u00e3 de orice alte Biserici Ortodoxe, cu care este egal\u00e3 \u00een drepturi, \u00eens\u00e3 cu care r\u00e3m\u00e2ne \u00een interdependen\u0163\u00e3 din punct de vedere dogmatic, canonic \u015fi liturgic.<br \/>\nMarea Unire de la 1 Decembrie 1918 a creat toate condi\u0163iile favorabile pentru ca Bisericile Ortodoxe din Ardeal, Banat, Cri\u015fana \u015fi Maramure\u015f s\u00e3 devin\u00e3 p\u00e3r\u0163i integrante ale Bisericii Ortodoxe Rom\u00e2ne unificate.<br \/>\n\u00cen anul 1925, pe 4 februarie, Sf\u00e2ntul Sinod a hot\u00e3r\u00e2t \u00eenfiin\u0163area Patriarhatului Ortodox Rom\u00e2n (maxima demnitate administrativ\u00e3 a unei Bisericii Ortodoxe) fapt confirmat prin Decretul Regal din 25 februarie 1925.<br \/>\nA urmat Legea pentru ridicarea Scaunului Arhiepiscopal \u015fi Mitropolitan al Ungrovlahiei, ca primat al Rom\u00e2niei, la rangul de Scaun Patriarhal.<br \/>\nCa prim Patriarh al Bisericii Ortodoxe Rom\u00e2ne, la 1 noiembrie 1925, a fost \u00eenvestit \u015fi \u00eensc\u00e3unat Miron Cristea.<br \/>\nMarc\u00e2nd cum se cuvine istoria ortodoxismului rom\u00e2nesc, pentru anul 2010, Cancelaria Sf\u00e2ntului Sinod a elaborat programul cadru pentru proiectul religios-duhovnicesc, cultural-editorialistic \u015fi mediatic intitulat \u201e2010 \u2013 Anul omagial al Crezului Ortodox \u015fi al Autocefaliei rom\u00e2ne\u015fti\u201c.<\/p>\n<p>Pentru sprijinul acordat la realizarea acestei emisiuni de m\u00e3rci po\u015ftale, aducem mul\u0163umirile noastre Patriarhiei Rom\u00e2ne \u015fi Arhiepiscopiei Bucure\u015ftilor.<\/p>\n<p>Data Aparitie:2010-07-15<\/p>\n<p><a href=\"https:\/\/romfilatelia.ro\/magazin\/wp-content\/uploads\/2010\/07\/zmp_autocefal_box2.jpg\"><img decoding=\"async\" loading=\"lazy\" class=\"aligncenter wp-image-2003902 size-full\" src=\"https:\/\/romfilatelia.ro\/magazin\/wp-content\/uploads\/2010\/07\/zmp_autocefal_box2.jpg\" alt=\"zmp_autocefal_box2\" width=\"750\" height=\"513\" srcset=\"https:\/\/romfilatelia.ro\/magazin\/wp-content\/uploads\/2010\/07\/zmp_autocefal_box2.jpg 750w, https:\/\/romfilatelia.ro\/magazin\/wp-content\/uploads\/2010\/07\/zmp_autocefal_box2-500x342.jpg 500w, https:\/\/romfilatelia.ro\/magazin\/wp-content\/uploads\/2010\/07\/zmp_autocefal_box2-64x44.jpg 64w, https:\/\/romfilatelia.ro\/magazin\/wp-content\/uploads\/2010\/07\/zmp_autocefal_box2-300x205.jpg 300w\" sizes=\"(max-width: 750px) 100vw, 750px\" \/><\/a><\/p>\n","protected":false},"excerpt":{"rendered":"<p>\u201e\u2026Prin urmare, dup\u00e3 ce am deliberat \u00eempreun\u00e3 cu Sf\u00e2ntul Sinod \u015fi cu iubi\u0163ii no\u015ftri fra\u0163i \u00eentru Duhul Sf\u00e2nt \u015fi coliturghisitori, declar\u00e3m c\u00e3 Biserica Ortodox\u00e3 din Rom\u00e2nia s\u00e3 \u00eenceap\u00e3 s\u00e3 fie numit\u00e3 \u015fi s\u00e3 fie recunoscut\u00e3 de c\u00e3tre to\u0163i ca independent\u00e3 \u015fi autocefal\u00e3, fiind administrat\u00e3 de propriul Sf\u00e2nt Sinod, av\u00e2nd ca \u00eent\u00e2ist\u00e3t\u00e3tor pe cel care este&hellip;&nbsp;<a href=\"https:\/\/romfilatelia.ro\/magazin\/produs\/colectii-anuale\/2010\/ziua-marcii-poatale-romaneati-125-de-ani-de-la-recunoaaterea-autocefaliei-bisericii-ortodoxe-romane\/\" class=\"\" rel=\"bookmark\">Cite\u0219te mai mult &raquo;<span class=\"screen-reader-text\">ZIUA M\u00c3RCII PO\u0218TALE ROM\u00c2NE\u0218TI &#8211; 125 DE ANI DE LA RECUNOA\u0218TEREA AUTOCEFALIEI BISERICII ORTODOXE ROM\u00c2NE<\/span><\/a><\/p>\n","protected":false},"featured_media":2003901,"template":"","meta":{"neve_meta_sidebar":"","neve_meta_container":"","neve_meta_enable_content_width":"","neve_meta_content_width":0,"neve_meta_title_alignment":"","neve_meta_author_avatar":"","neve_post_elements_order":"","neve_meta_disable_header":"","neve_meta_disable_footer":"","neve_meta_disable_title":""},"product_cat":[108,6],"product_tag":[],"_links":{"self":[{"href":"https:\/\/romfilatelia.ro\/magazin\/wp-json\/wp\/v2\/product\/2001267"}],"collection":[{"href":"https:\/\/romfilatelia.ro\/magazin\/wp-json\/wp\/v2\/product"}],"about":[{"href":"https:\/\/romfilatelia.ro\/magazin\/wp-json\/wp\/v2\/types\/product"}],"wp:featuredmedia":[{"embeddable":true,"href":"https:\/\/romfilatelia.ro\/magazin\/wp-json\/wp\/v2\/media\/2003901"}],"wp:attachment":[{"href":"https:\/\/romfilatelia.ro\/magazin\/wp-json\/wp\/v2\/media?parent=2001267"}],"wp:term":[{"taxonomy":"product_cat","embeddable":true,"href":"https:\/\/romfilatelia.ro\/magazin\/wp-json\/wp\/v2\/product_cat?post=2001267"},{"taxonomy":"product_tag","embeddable":true,"href":"https:\/\/romfilatelia.ro\/magazin\/wp-json\/wp\/v2\/product_tag?post=2001267"}],"curies":[{"name":"wp","href":"https:\/\/api.w.org\/{rel}","templated":true}]}}