{"id":2001248,"date":"2009-11-25T17:26:27","date_gmt":"2009-11-25T15:26:27","guid":{"rendered":"http:\/\/romfilatelia.ro\/store\/2009\/11\/25\/facultatea-de-drept-a-universitatii-din-bucureati-150-de-ani\/"},"modified":"2017-08-29T10:56:36","modified_gmt":"2017-08-29T08:56:36","slug":"facultatea-de-drept-a-universitatii-din-bucureati-150-de-ani","status":"publish","type":"product","link":"https:\/\/romfilatelia.ro\/magazin\/produs\/colectii-anuale\/2009\/facultatea-de-drept-a-universitatii-din-bucureati-150-de-ani\/","title":{"rendered":"FACULTATEA DE DREPT A UNIVERSIT\u00c3\u021aII DIN BUCURE\u0218TI \u2013 150 DE ANI"},"content":{"rendered":"<p><a href=\"https:\/\/romfilatelia.ro\/magazin\/wp-content\/uploads\/2009\/11\/Fac_Drept_M-1.jpg\"><img decoding=\"async\" loading=\"lazy\" class=\"wp-image-2018892 size-medium alignleft\" src=\"https:\/\/romfilatelia.ro\/magazin\/wp-content\/uploads\/2009\/11\/Fac_Drept_M-1-300x250.jpg\" alt=\"\" width=\"300\" height=\"250\" \/><\/a> Romfilatelia introduce \u00een circula\u0163ie emisiunea de m\u00e3rci po\u015ftale \u201eFacultatea de Drept a Universit\u00e3\u0163ii din Bucure\u015fti \u2013 150 de ani\u201c.<br \/>\n\u00cen urm\u00e3 cu 150 de ani, la 25 noiembrie 1859, prin decretul nr. 519, semnat de Domnitorul Alexandru Ioan Cuza, Facultatea de Drept din Bucure\u015fti devenea institu\u0163ie independent\u00e3.<br \/>\nDar istoria \u00eenv\u00e3\u0163\u00e3m\u00e2ntului din Bucure\u015fti \u00eencepe \u00eenc\u00e3 din perioada lui Constantin Br\u00e2ncoveanu, Domnitor al \u021a\u00e3rii Rom\u00e2ne\u015fti care, \u00een 1694, fonda la Bucure\u015fti Academia Domneasc\u00e3 de la Sf. Sava, la \u00eendemnul stolnicului Constantin Cantacuzino, ilustru c\u00e3rturar umanist cu studii la Padova.<br \/>\nApoi, sub domnia lui Alexandru Ipsilanti, \u00een perioada 1776-1779, sunt construite noi localuri pentru Academie.<br \/>\n\u00cen 1818, c\u00e3rturarul transilv\u00e3nean Gheorghe Laz\u00e3r creeaz\u00e3 \u0218coala de la Sf\u00e2ntul Sava, cu predare \u00een limba rom\u00e2n\u00e3.<br \/>\n\u00cen 1832 are loc reforma \u015fcolar\u00e3 a lui Petrache Poenaru, la Colegiul Na\u0163ional Sf. Sava fiind create cursuri superioare juridice \u015fi \u015ftiin\u0163ifice.<br \/>\nOdat\u00e3 cu Reforma \u00eenv\u00e3\u0163\u00e3m\u00e2ntului, din 1850, sunt dezvoltate cursurile superioare cu caracter juridic \u015fi \u015ftiin\u0163ific, iar patru ani mai t\u00e2rziu iese prima promo\u0163ie de juri\u015fti.<br \/>\nLa 25 noiembrie 1859, Facultatea de Drept devine institu\u0163ie independent\u00e3, primul s\u00e3u decan fiind Constantin Bosianu.<br \/>\nLa 4\/16 iulie 1864, prin Decretul nr. 765, Domnitorul Alexandru Ioan Cuza aprob\u00e3 \u00eenfiin\u0163area Universit\u00e3\u0163ii din Bucure\u015fti, prin reunirea celor trei facult\u00e3\u0163i existente: Facultatea de Drept, Facultatea de \u0218tiin\u0163e \u015fi Facultatea de Litere \u015fi Filozofie.<br \/>\nDin 1864, anul \u00eenfiin\u0163\u00e3rii, Universitatea din Bucure\u015fti a contribuit \u015fi contribuie \u00een mod decisiv la dezvoltarea \u015fi modernizarea \u00eenv\u00e3\u0163\u00e3m\u00e2ntului, \u015ftiin\u0163ei \u015fi culturii rom\u00e2ne\u015fti.<br \/>\nFacultatea de Drept a avut la \u00eenceputurile ei 9 catedre, 9 profesori \u015fi 30 de studen\u0163i. \u00cen primii ani universitari, disciplinele predate au fost: dreptul roman, dreptul civil rom\u00e2n \u015fi procedura dreptului civil, dreptul penal rom\u00e2n \u015fi procedura dreptului penal, dreptul comercial, dreptul constitu\u0163ional, dreptul administrativ \u015fi economia politic\u00e3. Durata studiilor era de 4 ani.<br \/>\n\u00cen anul 1908 a fost decernat primul titlu de Doctor \u00een Drept.<br \/>\nDatorit\u00e3 num\u00e3rului mare de studen\u0163i \u00eenmatricula\u0163i la Facultatea de Drept, necesitatea unui nou sediu pentru aceasta a devenit stringent\u00e3. Astfel, \u00een deceniul al IV-lea al secolului XX, la ini\u0163iativa decanului de atunci, Nicolae Basilescu \u015fi cu sprijinul Regelui Carol al II-lea \u015fi al ministerului de resort, \u00eentre 1934-1936, a fost construit actualul Palat al Facult\u00e3\u0163ii de Drept, dup\u00e3 un proiect al arhitectului Petre Antonescu, membru al Academiei Rom\u00e2ne, construc\u0163ie care a devenit unul din reperele de pe harta monumentelor istorice ale Bucure\u015ftiului.<br \/>\nStatuile fa\u0163adei palatului, care \u00eei reprezint\u00e3 pe marii juri\u015fti ai antichit\u00e3\u0163ii Lycurg, Solon, Cicero, Papinian, precum \u015fi \u00eemp\u00e3ratul Iustinian, au fost realizate de sculptorii Ion Jalea \u015fi Ion Georgescu.<br \/>\n\u00cen \u00eentreaga sa istorie de 150 de ani, Facultatea de Drept din Bucure\u015fti s-a dovedit a fi una din cele mai valoroase institu\u0163ii de \u00eenv\u00e3\u0163\u00e3m\u00e2nt juridic din Rom\u00e2nia, profesorii \u015fi absolven\u0163ii s\u00e3i contribuind \u00een mod esen\u0163ial la dezvoltarea culturii juridice \u015fi a culturii na\u0163ionale, \u00een general, precum \u015fi la dezvoltarea democratic\u00e3 a societ\u00e3\u0163ii rom\u00e2ne\u015fti.<\/p>\n<p>Aducem mul\u0163umiri pentru sprijinul acordat la realizarea acestei emisiuni de m\u00e3rci po\u015ftale conducerii Facult\u00e3\u0163ii de Drept a Universit\u00e3\u0163ii din Bucure\u015fti.<\/p>\n<p>Data Aparitie:2009-11-25<\/p>\n<p><a href=\"https:\/\/romfilatelia.ro\/magazin\/wp-content\/uploads\/2009\/11\/Fac_Drept_box_rom-1.jpg\"><img decoding=\"async\" loading=\"lazy\" class=\"aligncenter wp-image-2018897 size-full\" src=\"https:\/\/romfilatelia.ro\/magazin\/wp-content\/uploads\/2009\/11\/Fac_Drept_box_rom-1.jpg\" alt=\"\" width=\"900\" height=\"502\" srcset=\"https:\/\/romfilatelia.ro\/magazin\/wp-content\/uploads\/2009\/11\/Fac_Drept_box_rom-1.jpg 900w, https:\/\/romfilatelia.ro\/magazin\/wp-content\/uploads\/2009\/11\/Fac_Drept_box_rom-1-500x279.jpg 500w, https:\/\/romfilatelia.ro\/magazin\/wp-content\/uploads\/2009\/11\/Fac_Drept_box_rom-1-64x36.jpg 64w, https:\/\/romfilatelia.ro\/magazin\/wp-content\/uploads\/2009\/11\/Fac_Drept_box_rom-1-300x167.jpg 300w, https:\/\/romfilatelia.ro\/magazin\/wp-content\/uploads\/2009\/11\/Fac_Drept_box_rom-1-768x428.jpg 768w\" sizes=\"(max-width: 900px) 100vw, 900px\" \/><\/a><\/p>\n","protected":false},"excerpt":{"rendered":"<p>Romfilatelia introduce \u00een circula\u0163ie emisiunea de m\u00e3rci po\u015ftale \u201eFacultatea de Drept a Universit\u00e3\u0163ii din Bucure\u015fti \u2013 150 de ani\u201c. \u00cen urm\u00e3 cu 150 de ani, la 25 noiembrie 1859, prin decretul nr. 519, semnat de Domnitorul Alexandru Ioan Cuza, Facultatea de Drept din Bucure\u015fti devenea institu\u0163ie independent\u00e3. Dar istoria \u00eenv\u00e3\u0163\u00e3m\u00e2ntului din Bucure\u015fti \u00eencepe \u00eenc\u00e3 din&hellip;&nbsp;<a href=\"https:\/\/romfilatelia.ro\/magazin\/produs\/colectii-anuale\/2009\/facultatea-de-drept-a-universitatii-din-bucureati-150-de-ani\/\" class=\"\" rel=\"bookmark\">Cite\u0219te mai mult &raquo;<span class=\"screen-reader-text\">FACULTATEA DE DREPT A UNIVERSIT\u00c3\u021aII DIN BUCURE\u0218TI \u2013 150 DE ANI<\/span><\/a><\/p>\n","protected":false},"featured_media":2018892,"template":"","meta":{"neve_meta_sidebar":"","neve_meta_container":"","neve_meta_enable_content_width":"","neve_meta_content_width":0,"neve_meta_title_alignment":"","neve_meta_author_avatar":"","neve_post_elements_order":"","neve_meta_disable_header":"","neve_meta_disable_footer":"","neve_meta_disable_title":""},"product_cat":[109,6],"product_tag":[],"_links":{"self":[{"href":"https:\/\/romfilatelia.ro\/magazin\/wp-json\/wp\/v2\/product\/2001248"}],"collection":[{"href":"https:\/\/romfilatelia.ro\/magazin\/wp-json\/wp\/v2\/product"}],"about":[{"href":"https:\/\/romfilatelia.ro\/magazin\/wp-json\/wp\/v2\/types\/product"}],"wp:featuredmedia":[{"embeddable":true,"href":"https:\/\/romfilatelia.ro\/magazin\/wp-json\/wp\/v2\/media\/2018892"}],"wp:attachment":[{"href":"https:\/\/romfilatelia.ro\/magazin\/wp-json\/wp\/v2\/media?parent=2001248"}],"wp:term":[{"taxonomy":"product_cat","embeddable":true,"href":"https:\/\/romfilatelia.ro\/magazin\/wp-json\/wp\/v2\/product_cat?post=2001248"},{"taxonomy":"product_tag","embeddable":true,"href":"https:\/\/romfilatelia.ro\/magazin\/wp-json\/wp\/v2\/product_tag?post=2001248"}],"curies":[{"name":"wp","href":"https:\/\/api.w.org\/{rel}","templated":true}]}}