{"id":2001247,"date":"2009-11-20T15:25:26","date_gmt":"2009-11-20T15:25:26","guid":{"rendered":"http:\/\/romfilatelia.ro\/store\/2009\/11\/20\/craciun-2009\/"},"modified":"2016-08-06T09:15:41","modified_gmt":"2016-08-06T09:15:41","slug":"craciun-2009","status":"publish","type":"product","link":"https:\/\/romfilatelia.ro\/magazin\/produs\/colectii-anuale\/2009\/craciun-2009\/","title":{"rendered":"CR\u00c3CIUN 2009"},"content":{"rendered":"<p><a href=\"https:\/\/romfilatelia.ro\/magazin\/wp-content\/uploads\/2009\/11\/Craciun_2009_M.jpg\"><img decoding=\"async\" loading=\"lazy\" class=\"size-medium wp-image-2003422 alignleft\" src=\"https:\/\/romfilatelia.ro\/magazin\/wp-content\/uploads\/2009\/11\/Craciun_2009_M-150x300.jpg\" alt=\"Craciun_2009_M\" width=\"150\" height=\"300\" srcset=\"https:\/\/romfilatelia.ro\/magazin\/wp-content\/uploads\/2009\/11\/Craciun_2009_M-150x300.jpg 150w, https:\/\/romfilatelia.ro\/magazin\/wp-content\/uploads\/2009\/11\/Craciun_2009_M-64x128.jpg 64w, https:\/\/romfilatelia.ro\/magazin\/wp-content\/uploads\/2009\/11\/Craciun_2009_M-200x400.jpg 200w, https:\/\/romfilatelia.ro\/magazin\/wp-content\/uploads\/2009\/11\/Craciun_2009_M.jpg 300w\" sizes=\"(max-width: 150px) 100vw, 150px\" \/><\/a> \u201e\u00cenceputul \u015fi sf\u00e2r\u015fitul m\u00e2ntuirii este dragostea.\u201c<br \/>\n(Sf.Antonie cel Mare)<\/p>\n<p>A\u015fa cum v-a obi\u015fnuit, \u00een fiecare an de Cr\u00e3ciun, Romfilatelia introduce \u00een circula\u0163ie o emisiune de m\u00e3rci po\u015ftale dedicat\u00e3 acestei S\u00e3rb\u00e3tori a Na\u015fterii Domnului.<br \/>\nEmisiunea de m\u00e3rci po\u015ftale Cr\u00e3ciun 2009 are ilustrat\u00e3 imaginea icoanei Na\u015fterea Domnului din Biserica Buna Vestire \u2013 Sf\u00e2ntul Antonie cel Mare &#8211; \u201eCurtea Veche\u201c &#8211; Bucure\u015fti.<br \/>\nAflat\u00e3 \u00een fosta incint\u00e3 a vechii Cur\u0163i Domne\u015fti, Biserica Buna Vestire &#8211; Sf\u00e2ntul Antonie cel Mare &#8211; \u201eCurtea Veche\u201c &#8211; este cel mai vechi edificiu de cult al Bucure\u015ftiului p\u00e3strat p\u00e2n\u00e3 \u00een prezent. A fost construit\u00e3 la sf\u00e2r\u015fitul celei de a doua domnii a lui Mircea Ciobanu \u00een jurul anului 1559, dup\u00e3 cum se spune \u00een pisania, pus\u00e3 \u00een 1715 de \u0218tefan Cantacuzino, deasupra u\u015fii de intrare c\u00e3 \u201edin temelia ei iaste zidit\u00e3 de b\u00e3tr\u00e2nul Mircea vod\u00e3\u201c. Ctitorul l\u00e3ca\u015fului de cult a fost \u00eengropat \u00een aceast\u00e3 biseric\u00e3. Distrus\u00e3 par\u0163ial de un incendiu \u00een 1847, biserica \u00eencepe a fi reparat\u00e3 doi ani mai t\u00e2rziu dup\u00e3 proiectul arhitectului austriac<br \/>\nI. Schlatter, aspectul exterior al monumentului lu\u00e2nd o \u00eenf\u00e3\u0163i\u015fare neogotic\u00e3. Se reface turla, se adaug\u00e3 un mic pridvor, se demoleaz\u00e3 capelele laterale. Pictura a fost ref\u00e3cut\u00e3 \u00een ulei, \u00een 1852, de Constantin Lecca. Prima restaurare are loc \u00een 1914, iar cea de-a doua, \u00eentre anii 1928-1935, coordonat\u00e3 de arhitectul Horia Teodoru care a redat monumentului \u00eentru totul \u00eenf\u00e3\u0163i\u015farea \u015fi str\u00e3lucirea original\u00e3, r\u00e3mas\u00e3 p\u00e2n\u00e3 \u00een prezent.<br \/>\nHramul Bisericii, Buna Vestire, a fost dat de Mircea Ciobanu, iar dup\u00e3 incendiul din 1847, Biserica a primit \u015fi cel de-al doilea hram, Sf\u00e2ntul Antonie cel Mare.<br \/>\nSf\u00e2ntul P\u00e3rinte Antonie s-a n\u00e3scut la Come, \u00een Egipt, \u00een anul 251. P\u00e3rin\u0163ii s\u00e3i, \u0163\u00e3rani cre\u015ftini \u00eenst\u00e3ri\u0163i, au murit pe c\u00e2nd el avea 18 de ani. Auzind \u00een biseric\u00e3 cuv\u00e2ntul Evangheliei, \u015fi-a \u00eemp\u00e3r\u0163it averea la s\u00e3raci \u015fi s-a retras \u00een singur\u00e3tate.<br \/>\nTimp de 20 de ani, \u00eentre 285 \u015fi 306, se a\u015feaz\u00e3 \u00eentr-o fort\u00e3rea\u0163\u00e3 p\u00e3r\u00e3sit\u00e3, pe malul drept al Nilului. Dup\u00e3 aceast\u00e3 perioad\u00e3 de ascez\u00e3 el devine p\u00e3rintele spiritual al multor c\u00e3lug\u00e3ri din diferite zone monastice din de\u015ferturile Egiptului, cele mai vestite fiind Nitria \u015fi Schitia.<br \/>\n\u00cen jurul anului 312 se instaleaz\u00e3 pe muntele Kolzim (Qolzum), aproape de malul M\u00e3rii Ro\u015fii, unde s-a ridicat o m\u00e3n\u00e3stire.<br \/>\nP\u00e2n\u00e3 la moartea sa, \u00een 356, nu p\u00e3r\u00e3se\u015fte acest loc dec\u00e2t pentru a se \u00eent\u00e2lni cu discipolii s\u00e3i \u015fi pentru a face o c\u00e3l\u00e3torie la Alexandria pentru a-l sus\u0163ine \u00een ap\u00e3rarea ortodoxiei pe Sf\u00e2ntul Atanasie cel Mare, ucenicul s\u00e3u. Acesta, dup\u00e3 moartea sf\u00e2ntului Antonie, va scrie cartea \u201eVia\u0163a lui Antonie\u201c, scriere ce va deveni ulterior unul dintre textele fundamentale ale literaturii monastice, at\u00e2t \u00een Orient c\u00e2t \u015fi \u00een Occident.<\/p>\n<p>Pentru consultan\u0163a documentar\u00e3 acordat\u00e3 la realizarea acestei emisiuni de m\u00e3rci po\u015ftale aducem mul\u0163umiri slujitorilor Bisericii Buna Vestire &#8211; Sf\u00e2ntul Antonie cel Mare &#8211; \u201eCurtea Veche\u201c &#8211; din Bucure\u015fti.<\/p>\n<p>Cu o urare,<\/p>\n<p>Noroc s\u00e3 deie Dumnezeu<br \/>\nNoroc \u015fi bucurie<br \/>\nLa toat\u00e3 casa de rom\u00e2ni<br \/>\nBel\u015fug \u015fi veselie!<\/p>\n<p>Echipa Romfilatelia v\u00e3 colind\u00e3 din suflet, pe voi, prietenii timbrelor \u015fi v\u00e3 ureaz\u00e3 S\u00e3rb\u00e3tori fericite!<\/p>\n<p>Data Aparitie:2009-11-20<\/p>\n<p><a href=\"https:\/\/romfilatelia.ro\/magazin\/wp-content\/uploads\/2009\/11\/Craciun_2009_box_rom.jpg\"><img decoding=\"async\" loading=\"lazy\" class=\"wp-image-2003423 size-full aligncenter\" src=\"https:\/\/romfilatelia.ro\/magazin\/wp-content\/uploads\/2009\/11\/Craciun_2009_box_rom.jpg\" alt=\"Craciun_2009_box_rom\" width=\"900\" height=\"400\" srcset=\"https:\/\/romfilatelia.ro\/magazin\/wp-content\/uploads\/2009\/11\/Craciun_2009_box_rom.jpg 900w, https:\/\/romfilatelia.ro\/magazin\/wp-content\/uploads\/2009\/11\/Craciun_2009_box_rom-500x222.jpg 500w, https:\/\/romfilatelia.ro\/magazin\/wp-content\/uploads\/2009\/11\/Craciun_2009_box_rom-64x28.jpg 64w, https:\/\/romfilatelia.ro\/magazin\/wp-content\/uploads\/2009\/11\/Craciun_2009_box_rom-300x133.jpg 300w, https:\/\/romfilatelia.ro\/magazin\/wp-content\/uploads\/2009\/11\/Craciun_2009_box_rom-768x341.jpg 768w\" sizes=\"(max-width: 900px) 100vw, 900px\" \/><\/a><\/p>\n","protected":false},"excerpt":{"rendered":"<p>\u201e\u00cenceputul \u015fi sf\u00e2r\u015fitul m\u00e2ntuirii este dragostea.\u201c (Sf.Antonie cel Mare) A\u015fa cum v-a obi\u015fnuit, \u00een fiecare an de Cr\u00e3ciun, Romfilatelia introduce \u00een circula\u0163ie o emisiune de m\u00e3rci po\u015ftale dedicat\u00e3 acestei S\u00e3rb\u00e3tori a Na\u015fterii Domnului. Emisiunea de m\u00e3rci po\u015ftale Cr\u00e3ciun 2009 are ilustrat\u00e3 imaginea icoanei Na\u015fterea Domnului din Biserica Buna Vestire \u2013 Sf\u00e2ntul Antonie cel Mare &#8211;&hellip;&nbsp;<a href=\"https:\/\/romfilatelia.ro\/magazin\/produs\/colectii-anuale\/2009\/craciun-2009\/\" class=\"\" rel=\"bookmark\">Cite\u0219te mai mult &raquo;<span class=\"screen-reader-text\">CR\u00c3CIUN 2009<\/span><\/a><\/p>\n","protected":false},"featured_media":2003422,"template":"","meta":{"neve_meta_sidebar":"","neve_meta_container":"","neve_meta_enable_content_width":"","neve_meta_content_width":0,"neve_meta_title_alignment":"","neve_meta_author_avatar":"","neve_post_elements_order":"","neve_meta_disable_header":"","neve_meta_disable_footer":"","neve_meta_disable_title":""},"product_cat":[109,6],"product_tag":[],"_links":{"self":[{"href":"https:\/\/romfilatelia.ro\/magazin\/wp-json\/wp\/v2\/product\/2001247"}],"collection":[{"href":"https:\/\/romfilatelia.ro\/magazin\/wp-json\/wp\/v2\/product"}],"about":[{"href":"https:\/\/romfilatelia.ro\/magazin\/wp-json\/wp\/v2\/types\/product"}],"wp:featuredmedia":[{"embeddable":true,"href":"https:\/\/romfilatelia.ro\/magazin\/wp-json\/wp\/v2\/media\/2003422"}],"wp:attachment":[{"href":"https:\/\/romfilatelia.ro\/magazin\/wp-json\/wp\/v2\/media?parent=2001247"}],"wp:term":[{"taxonomy":"product_cat","embeddable":true,"href":"https:\/\/romfilatelia.ro\/magazin\/wp-json\/wp\/v2\/product_cat?post=2001247"},{"taxonomy":"product_tag","embeddable":true,"href":"https:\/\/romfilatelia.ro\/magazin\/wp-json\/wp\/v2\/product_tag?post=2001247"}],"curies":[{"name":"wp","href":"https:\/\/api.w.org\/{rel}","templated":true}]}}